{"id":55,"date":"2015-06-16T17:53:14","date_gmt":"2015-06-16T17:53:14","guid":{"rendered":"https:\/\/www.bazarmerlin.com\/inicio\/?post_type=product&#038;p=55"},"modified":"2023-08-29T00:02:30","modified_gmt":"2023-08-29T00:02:30","slug":"anillo-atlante-plus-unico-con-triangulos-realzados","status":"publish","type":"product","link":"https:\/\/www.bazarmerlin.com\/inicio\/producto\/anillo-atlante-plus-unico-con-triangulos-realzados\/","title":{"rendered":"Anillo Atlante Plus &#8211; \u00danico Con Tri\u00e1ngulos Realzados"},"content":{"rendered":"<h3><strong>ANILLO ATLANTE PLUS EN PLATA PURA EL MEJOR DEL MERCADO<\/strong><\/h3>\n<p>&nbsp;<\/p>\n<p>Es muy importante que conozcas correctamente tu medida ANTES DE COMPRAR<br \/>\npara eso te invitamos a que pases a cualquier joyer\u00eda ah\u00ed te dar\u00e1n tu medida exacta,<br \/>\nNosotros NO manejamos medidas en mil\u00edmetros ni en cent\u00edmetros.<\/p>\n<p>&#8220;Este es un verdadero anillo&#8221; no como otros que te ofrecen muy delgados.<\/p>\n<p>\u00daNICO CON SUS PIR\u00c1MIDES REALZADAS PARA LOGRAR CANALIZAR MAYOR ENERG\u00cdA.<\/p>\n<p>Contiene un poderoso s\u00edmbolo de protecci\u00f3n. Est\u00e1 formado por figuras esot\u00e9ricas que act\u00faan poderosomente sobre las personas que los usan, produciendo tres efectos.<\/p>\n<p>Prot\u00e9gete de las vibraciones negativas:<br \/>\nACCIDENTES, MALEFICIOS Y ENERG\u00cdAS NEGATIVAS.<\/p>\n<p>Desarrolla e incrementa tu percepci\u00f3n extrasensorial:<br \/>\nFACULTADES PS\u00cdQUICAS, PREMONICI\u00d3N, TELEPAT\u00cdA, ETC.<\/p>\n<p>CONSERVA LA SALUD<\/p>\n<p>Hay 6 figuras geom\u00e9tricas que son las que permiten captar, acumular, potenciar y emitir energ\u00eda c\u00f3smica, en forma de vibraciones electromagn\u00e9ticas, por medio de leyes y fen\u00f3menos a\u00fan desconocidos, pero comprobados por m\u00faltiples experiencias.<\/p>\n<p>1. PROTECCI\u00d3N DE LAS VIBRACIONES NEGATIVAS<br \/>\nEl anillo y el dije atlante protegen de las vibraciones negativas de cualquier tipo, tanto de los maleficios, encantamientos, maldiciones y sortilegios, como de las perturbaciones vibratorias peligrosas de la naturaleza.<\/p>\n<p>2. DESARROLLO DE PERCEPCIONES EXTRASENSORIALES<br \/>\nSe agudiza su premonici\u00f3n o sexto sentido, lo que les permite conocer lo que sucede, sin necesidad de tener informaci\u00f3n previa ni de razonar. Se incrementa su facultad de enviar y recibir mensajes mentales, o dicho en otra forma, aumenta su capacidad telep\u00e1tica.<\/p>\n<p>3. CONSERVACI\u00d3N DE LA SALUD<br \/>\nEn los dedos de las manos existen canales por donde circula la energ\u00eda vital. Por lo tanto, al colocar el anillo atlante en el dedo correspondiente, se protegen los canales de las agresiones externas que pudieran desequilibralos, previniendo as\u00ed trastornos funcionales de la salud.<\/p>\n<p>ANILLO ATLANTE PLUS EN PLATA PURA EL MEJOR DEL MERCADO<br \/>\n\u00daNICO CON SUS PIR\u00c1MIDES REALZADAS PARA LOGRAR CANALIZAR MAYOR ENERG\u00cdA.<\/p>\n<p>&nbsp;<\/p>\n<p>&nbsp;<\/p>\n<p><strong>BAZAR MERLIN\u00ae<\/strong><br \/>\n<strong>El Lugar M\u00e1s M\u00edstico de Guadalajara<\/strong><br \/>\n<strong>ENVIAMOS A TODO M\u00c9XICO\u2026<\/strong><\/p>\n<!-- AddThis Advanced Settings generic via filter on the_content --><!-- AddThis Share Buttons generic via filter on the_content -->","protected":false},"excerpt":{"rendered":"<p>ANILLO ATLANTE PLUS EN PLATA PURA EL MEJOR DEL MERCADO &nbsp; Es muy importante que conozcas correctamente tu medida ANTES DE COMPRAR para eso te invitamos a que pases a cualquier joyer\u00eda ah\u00ed te dar\u00e1n tu medida exacta, Nosotros NO manejamos medidas en mil\u00edmetros ni en cent\u00edmetros. &#8220;Este es un verdadero anillo&#8221; no como otros&hellip;<!-- AddThis Advanced Settings generic via filter on get_the_excerpt --><!-- AddThis Share Buttons generic via filter on get_the_excerpt --><\/p>\n","protected":false},"featured_media":10172,"template":"","meta":[],"product_cat":[23],"product_tag":[411,412],"_links":{"self":[{"href":"https:\/\/www.bazarmerlin.com\/inicio\/wp-json\/wp\/v2\/product\/55"}],"collection":[{"href":"https:\/\/www.bazarmerlin.com\/inicio\/wp-json\/wp\/v2\/product"}],"about":[{"href":"https:\/\/www.bazarmerlin.com\/inicio\/wp-json\/wp\/v2\/types\/product"}],"wp:featuredmedia":[{"embeddable":true,"href":"https:\/\/www.bazarmerlin.com\/inicio\/wp-json\/wp\/v2\/media\/10172"}],"wp:attachment":[{"href":"https:\/\/www.bazarmerlin.com\/inicio\/wp-json\/wp\/v2\/media?parent=55"}],"wp:term":[{"taxonomy":"product_cat","embeddable":true,"href":"https:\/\/www.bazarmerlin.com\/inicio\/wp-json\/wp\/v2\/product_cat?post=55"},{"taxonomy":"product_tag","embeddable":true,"href":"https:\/\/www.bazarmerlin.com\/inicio\/wp-json\/wp\/v2\/product_tag?post=55"}],"curies":[{"name":"wp","href":"https:\/\/api.w.org\/{rel}","templated":true}]}}