{"id":5548,"date":"2015-09-04T17:27:54","date_gmt":"2015-09-04T17:27:54","guid":{"rendered":"https:\/\/www.bazarmerlin.com\/inicio\/?post_type=product&#038;p=5548"},"modified":"2022-12-20T22:58:52","modified_gmt":"2022-12-20T22:58:52","slug":"la-torre-de-la-alquimia-446-paginas","status":"publish","type":"product","link":"https:\/\/www.bazarmerlin.com\/inicio\/producto\/la-torre-de-la-alquimia-446-paginas\/","title":{"rendered":"La Torre De La Alquimia &#8211; 446 P\u00e1ginas"},"content":{"rendered":"<p><strong>LA TORRE DE LA ALQUIMIA &#8211; 446 P\u00c1GINAS<\/strong><\/p>\n<p>&nbsp;<\/p>\n<p>Este libro es el resultado de lo que en C\u00e1bala se conoce como un Tzorech G&#8217; voah, una &#8220;Necesidad Superior&#8221;. Como tal, est\u00e1 escrito bajo mandato de los maestros de Servicio. En estas p\u00e1ginas, se dan las ense\u00f1anzas secretas de la Ciencia de los Sabios.<\/p>\n<p>Esta &#8220;Necesidad Superior&#8221; es para los aspirantes espirituales que est\u00e1n calificados, en cuanto al karma, para contar la Gran Obra en este momento de la historia. Y los Sabios (los que ya lo han logrado), les est\u00e1n abriendo el camino en upa forma sin precedente, con el fin de ayudarles a alcanzar el Tesoro de tesoros, pues en cada generaci\u00f3n siempre hay estudiantes que est\u00e1n a punto de llegar a ser &#8220;Los que saben&#8221;.<\/p>\n<p>En \u00e9l presente hay muchas personas en este umbral. Tiene en sus manos, amable lector, un manual sobre la ciencia de Hermes, el Tres veces Grande, y una verdadera gu\u00eda para el Arte Real y Sagrado.<\/p>\n<p>&nbsp;<\/p>\n<p>&nbsp;<\/p>\n<p>&nbsp;<\/p>\n<p><strong>BAZAR MERLIN<\/strong><br \/>\n<strong>El Lugar M\u00e1s M\u00edstico de Guadalajara<\/strong><br \/>\n<strong>ENVIAMOS A TODO M\u00c9XICO<\/strong><\/p>\n<!-- AddThis Advanced Settings generic via filter on the_content --><!-- AddThis Share Buttons generic via filter on the_content -->","protected":false},"excerpt":{"rendered":"<p>LA TORRE DE LA ALQUIMIA &#8211; 446 P\u00c1GINAS &nbsp; Este libro es el resultado de lo que en C\u00e1bala se conoce como un Tzorech G&#8217; voah, una &#8220;Necesidad Superior&#8221;. Como tal, est\u00e1 escrito bajo mandato de los maestros de Servicio. En estas p\u00e1ginas, se dan las ense\u00f1anzas secretas de la Ciencia de los Sabios. Esta&hellip;<!-- AddThis Advanced Settings generic via filter on get_the_excerpt --><!-- AddThis Share Buttons generic via filter on get_the_excerpt --><\/p>\n","protected":false},"featured_media":11180,"template":"","meta":[],"product_cat":[13],"product_tag":[1429],"_links":{"self":[{"href":"https:\/\/www.bazarmerlin.com\/inicio\/wp-json\/wp\/v2\/product\/5548"}],"collection":[{"href":"https:\/\/www.bazarmerlin.com\/inicio\/wp-json\/wp\/v2\/product"}],"about":[{"href":"https:\/\/www.bazarmerlin.com\/inicio\/wp-json\/wp\/v2\/types\/product"}],"wp:featuredmedia":[{"embeddable":true,"href":"https:\/\/www.bazarmerlin.com\/inicio\/wp-json\/wp\/v2\/media\/11180"}],"wp:attachment":[{"href":"https:\/\/www.bazarmerlin.com\/inicio\/wp-json\/wp\/v2\/media?parent=5548"}],"wp:term":[{"taxonomy":"product_cat","embeddable":true,"href":"https:\/\/www.bazarmerlin.com\/inicio\/wp-json\/wp\/v2\/product_cat?post=5548"},{"taxonomy":"product_tag","embeddable":true,"href":"https:\/\/www.bazarmerlin.com\/inicio\/wp-json\/wp\/v2\/product_tag?post=5548"}],"curies":[{"name":"wp","href":"https:\/\/api.w.org\/{rel}","templated":true}]}}