{"id":5599,"date":"2015-09-04T18:22:46","date_gmt":"2015-09-04T18:22:46","guid":{"rendered":"https:\/\/www.bazarmerlin.com\/inicio\/?post_type=product&#038;p=5599"},"modified":"2022-12-16T23:48:10","modified_gmt":"2022-12-16T23:48:10","slug":"glosario-teosofico-h-p-blavatsky","status":"publish","type":"product","link":"https:\/\/www.bazarmerlin.com\/inicio\/producto\/glosario-teosofico-h-p-blavatsky\/","title":{"rendered":"Glosario Teos\u00f3fico &#8211; H. P . Blavatsky"},"content":{"rendered":"<p><strong>LIBRO EL GLOSARIO TEOS\u00d3FICO.<\/strong><br \/>\n<strong>H.P.BLAVATSKY.<\/strong><\/p>\n<p>&nbsp;<\/p>\n<p>P\u00e1ginas 1038.<\/p>\n<p>El Glosario teos\u00f3fico es una obra p\u00f3stuma de H.P. Blavatsky de la cual la autora s\u00f3lo lleg\u00f3 ver las primeras treinta y dos p\u00e1ginas de prueba de imprenta. Esta obra es de gran utilidad para los estudiosos de religiones antiguas y modernas, esoterismo y complemente indispensable para comprender cabalmente las obras de la misma autora como son: La doctrina Secreta, Isis sin Velo, La Clave de la Teosof\u00eda y otros textos teos\u00f3ficos ya que contiene una inmensa cantidad de t\u00e9rminos s\u00e1nscritos, tibetanos, palis, caldeos, persas escandinavos, hebreos, griegos, latinas, kabalistas y gn\u00f3sticos.<\/p>\n<p>En esta obra parte de H.P.B., colabor\u00f3 con la autorizaci\u00f3n de la autora, en los aspectos relacionados con la K\u00e1bala, doctrinas Rosacruces y Herm\u00e9ticas, el ilustre esoterista ingl\u00e9s W.W. Wescott, perteneciente a la Sociedad Rosacruz y a la Orden Herm\u00e9tica de la Golden Down. .<\/p>\n<p>&nbsp;<\/p>\n<p>&nbsp;<\/p>\n<p><strong>BAZAR MERLIN<\/strong><br \/>\n<strong>El Lugar M\u00e1s M\u00edstico de Guadalajara<\/strong><br \/>\n<strong>ENVIAMOS A TODO M\u00c9XICO<\/strong><\/p>\n<!-- AddThis Advanced Settings generic via filter on the_content --><!-- AddThis Share Buttons generic via filter on the_content -->","protected":false},"excerpt":{"rendered":"<p>LIBRO EL GLOSARIO TEOS\u00d3FICO. H.P.BLAVATSKY. &nbsp; P\u00e1ginas 1038. El Glosario teos\u00f3fico es una obra p\u00f3stuma de H.P. Blavatsky de la cual la autora s\u00f3lo lleg\u00f3 ver las primeras treinta y dos p\u00e1ginas de prueba de imprenta. Esta obra es de gran utilidad para los estudiosos de religiones antiguas y modernas, esoterismo y complemente indispensable para&hellip;<!-- AddThis Advanced Settings generic via filter on get_the_excerpt --><!-- AddThis Share Buttons generic via filter on get_the_excerpt --><\/p>\n","protected":false},"featured_media":11142,"template":"","meta":[],"product_cat":[13],"product_tag":[1438,1439],"_links":{"self":[{"href":"https:\/\/www.bazarmerlin.com\/inicio\/wp-json\/wp\/v2\/product\/5599"}],"collection":[{"href":"https:\/\/www.bazarmerlin.com\/inicio\/wp-json\/wp\/v2\/product"}],"about":[{"href":"https:\/\/www.bazarmerlin.com\/inicio\/wp-json\/wp\/v2\/types\/product"}],"wp:featuredmedia":[{"embeddable":true,"href":"https:\/\/www.bazarmerlin.com\/inicio\/wp-json\/wp\/v2\/media\/11142"}],"wp:attachment":[{"href":"https:\/\/www.bazarmerlin.com\/inicio\/wp-json\/wp\/v2\/media?parent=5599"}],"wp:term":[{"taxonomy":"product_cat","embeddable":true,"href":"https:\/\/www.bazarmerlin.com\/inicio\/wp-json\/wp\/v2\/product_cat?post=5599"},{"taxonomy":"product_tag","embeddable":true,"href":"https:\/\/www.bazarmerlin.com\/inicio\/wp-json\/wp\/v2\/product_tag?post=5599"}],"curies":[{"name":"wp","href":"https:\/\/api.w.org\/{rel}","templated":true}]}}