{"id":5998,"date":"2015-10-12T23:44:08","date_gmt":"2015-10-12T23:44:08","guid":{"rendered":"https:\/\/www.bazarmerlin.com\/inicio\/?post_type=product&#038;p=5998"},"modified":"2022-11-12T00:47:23","modified_gmt":"2022-11-12T00:47:23","slug":"sensor-cosmico-en-oro-de-14-kilates-2-7-cm-diametro","status":"publish","type":"product","link":"https:\/\/www.bazarmerlin.com\/inicio\/producto\/sensor-cosmico-en-oro-de-14-kilates-2-7-cm-diametro\/","title":{"rendered":"Sensor Cosmico En Oro De 14 Kilates &#8211; 2.7 Cm Diametro"},"content":{"rendered":"<p><strong>SENSOR C\u00d3SMICO &#8211; PIR\u00c1MIDE PLANA EN\u00a0 ORO 14K<\/strong><br \/>\n<strong>2.7 Cm Diametro<\/strong><\/p>\n<p>&nbsp;<\/p>\n<p>El SENSOR produce sensaci\u00f3n de tranquilidad, RELAJACI\u00d3N Y PAZ en el \u00e1rea y en sus ocupantes; neutraliza la energ\u00eda negativa.<\/p>\n<p>El sensor es una herramienta imprescindible para el ser humano, ya que ayuda a sanar, armonizar, proteger, activar, relajar, todos nuestros espacios, NEUTRALIZANDO LA ENERG\u00cdA NEGATIVA de malas construcciones, problemas geop\u00f3nicos del subsuelo, de aparatos electr\u00f3nicos, de las l\u00edneas Hartmann y Curry, entre otras cosas.<\/p>\n<p>El disco plano emite energ\u00eda de pir\u00e1mide, sus medidas, volumen o restricciones de alineamiento de una pir\u00e1mide convencional, el talism\u00e1n sensor c\u00f3smico es la pieza de joyer\u00eda jamas inventada, ademas produce un efecto positivo en el sistema energ\u00e9tico.<\/p>\n<p>Lleva este poderoso dije esta bellamente hecho a mano en fina chapa de oro, para poderte garantizar verdaderos como M\u00c1GICOS resultados en el instante que lo lleves al cuello, ya que ayudara a equilibrar tu energ\u00edas y chakras con el todo poderoso.<\/p>\n<p>Tener o portar este hermoso como PODEROSO AMULETO ayuda en las inversiones financieras,amorosas, amistades, protecci\u00f3n y comunicaci\u00f3n divina con el todo poderoso.<\/p>\n<p>&#8212; PRODUCTO HECHO A MANO &#8212;<\/p>\n<p>&nbsp;<\/p>\n<p>&nbsp;<\/p>\n<p><strong>BAZAR MERLIN<\/strong><br \/>\n<strong>El Lugar M\u00e1s M\u00edstico de Guadalajara<\/strong><br \/>\n<strong>ENVIAMOS A TODO M\u00c9XICO<\/strong><\/p>\n<!-- AddThis Advanced Settings generic via filter on the_content --><!-- AddThis Share Buttons generic via filter on the_content -->","protected":false},"excerpt":{"rendered":"<p>SENSOR C\u00d3SMICO &#8211; PIR\u00c1MIDE PLANA EN\u00a0 ORO 14K 2.7 Cm Diametro &nbsp; El SENSOR produce sensaci\u00f3n de tranquilidad, RELAJACI\u00d3N Y PAZ en el \u00e1rea y en sus ocupantes; neutraliza la energ\u00eda negativa. El sensor es una herramienta imprescindible para el ser humano, ya que ayuda a sanar, armonizar, proteger, activar, relajar, todos nuestros espacios, NEUTRALIZANDO&hellip;<!-- AddThis Advanced Settings generic via filter on get_the_excerpt --><!-- AddThis Share Buttons generic via filter on get_the_excerpt --><\/p>\n","protected":false},"featured_media":10730,"template":"","meta":[],"product_cat":[12],"product_tag":[1478],"_links":{"self":[{"href":"https:\/\/www.bazarmerlin.com\/inicio\/wp-json\/wp\/v2\/product\/5998"}],"collection":[{"href":"https:\/\/www.bazarmerlin.com\/inicio\/wp-json\/wp\/v2\/product"}],"about":[{"href":"https:\/\/www.bazarmerlin.com\/inicio\/wp-json\/wp\/v2\/types\/product"}],"wp:featuredmedia":[{"embeddable":true,"href":"https:\/\/www.bazarmerlin.com\/inicio\/wp-json\/wp\/v2\/media\/10730"}],"wp:attachment":[{"href":"https:\/\/www.bazarmerlin.com\/inicio\/wp-json\/wp\/v2\/media?parent=5998"}],"wp:term":[{"taxonomy":"product_cat","embeddable":true,"href":"https:\/\/www.bazarmerlin.com\/inicio\/wp-json\/wp\/v2\/product_cat?post=5998"},{"taxonomy":"product_tag","embeddable":true,"href":"https:\/\/www.bazarmerlin.com\/inicio\/wp-json\/wp\/v2\/product_tag?post=5998"}],"curies":[{"name":"wp","href":"https:\/\/api.w.org\/{rel}","templated":true}]}}