{"id":6190,"date":"2015-12-04T20:52:49","date_gmt":"2015-12-04T20:52:49","guid":{"rendered":"https:\/\/www.bazarmerlin.com\/inicio\/?post_type=product&#038;p=6190"},"modified":"2023-01-03T23:13:46","modified_gmt":"2023-01-03T23:13:46","slug":"cuarzo-ojo-de-tigre-por-kilo-importado-de-brasil","status":"publish","type":"product","link":"https:\/\/www.bazarmerlin.com\/inicio\/producto\/cuarzo-ojo-de-tigre-por-kilo-importado-de-brasil\/","title":{"rendered":"Cuarzo Ojo De Tigre Por Kilo &#8211; Importado De Brasil"},"content":{"rendered":"<p><strong>CUARZO OJO DE TIGRE POR KILO.<\/strong><br \/>\n<strong>Considerada la &#8220;Piedra de la Longevidad<\/strong><\/p>\n<p>&nbsp;<\/p>\n<p>En sus dos combinaciones, oscura y clara, la primera nos conecta con la fuerza interior, y la segunda permite acceder a la realidad f\u00edsica; en combinaci\u00f3n, nos permiten reforzar la autoestima.<\/p>\n<p>Est\u00e1 recomendada para personas introvertidas para fortalecer el car\u00e1cter. El ojo de tigre arraiga la energ\u00eda espiritual a la tierra. Amplifica el poder personal&#8230;.<\/p>\n<p>El ojo de tigre desarrolla coraje y valent\u00eda, autoconfianza, seguridad en s\u00ed mismo, claridad y voluntad, seguridad en las metas y objetivos en la vida, tolerancia y amplitud de miras&#8230;<\/p>\n<p>Corrige excesivas dependencias de figuras de autoridad, deseos de soledad, debilidad nerviosa, equilibrando nuestra energia y la de nuestros chakras&#8230;.<\/p>\n<p>&#8211;CALIDAD DE IMPORTACI\u00d3N&#8211;<\/p>\n<p>&nbsp;<\/p>\n<p>&nbsp;<\/p>\n<p><strong>BAZAR MERLIN<\/strong><br \/>\n<strong>El Lugar M\u00e1s M\u00edstico de Guadalajara<\/strong><br \/>\n<strong>ENVIAMOS A TODO M\u00c9XICO<\/strong><\/p>\n<!-- AddThis Advanced Settings generic via filter on the_content --><!-- AddThis Share Buttons generic via filter on the_content -->","protected":false},"excerpt":{"rendered":"<p>CUARZO OJO DE TIGRE POR KILO. Considerada la &#8220;Piedra de la Longevidad &nbsp; En sus dos combinaciones, oscura y clara, la primera nos conecta con la fuerza interior, y la segunda permite acceder a la realidad f\u00edsica; en combinaci\u00f3n, nos permiten reforzar la autoestima. Est\u00e1 recomendada para personas introvertidas para fortalecer el car\u00e1cter. El ojo&hellip;<!-- AddThis Advanced Settings generic via filter on get_the_excerpt --><!-- AddThis Share Buttons generic via filter on get_the_excerpt --><\/p>\n","protected":false},"featured_media":11334,"template":"","meta":[],"product_cat":[11],"product_tag":[1498,705],"_links":{"self":[{"href":"https:\/\/www.bazarmerlin.com\/inicio\/wp-json\/wp\/v2\/product\/6190"}],"collection":[{"href":"https:\/\/www.bazarmerlin.com\/inicio\/wp-json\/wp\/v2\/product"}],"about":[{"href":"https:\/\/www.bazarmerlin.com\/inicio\/wp-json\/wp\/v2\/types\/product"}],"wp:featuredmedia":[{"embeddable":true,"href":"https:\/\/www.bazarmerlin.com\/inicio\/wp-json\/wp\/v2\/media\/11334"}],"wp:attachment":[{"href":"https:\/\/www.bazarmerlin.com\/inicio\/wp-json\/wp\/v2\/media?parent=6190"}],"wp:term":[{"taxonomy":"product_cat","embeddable":true,"href":"https:\/\/www.bazarmerlin.com\/inicio\/wp-json\/wp\/v2\/product_cat?post=6190"},{"taxonomy":"product_tag","embeddable":true,"href":"https:\/\/www.bazarmerlin.com\/inicio\/wp-json\/wp\/v2\/product_tag?post=6190"}],"curies":[{"name":"wp","href":"https:\/\/api.w.org\/{rel}","templated":true}]}}