{"id":6247,"date":"2015-12-12T20:53:58","date_gmt":"2015-12-12T20:53:58","guid":{"rendered":"https:\/\/www.bazarmerlin.com\/inicio\/?post_type=product&#038;p=6247"},"modified":"2022-11-26T00:24:37","modified_gmt":"2022-11-26T00:24:37","slug":"veladora-del-retiro-para-retirar-mala-vibra-de-enemigos","status":"publish","type":"product","link":"https:\/\/www.bazarmerlin.com\/inicio\/producto\/veladora-del-retiro-para-retirar-mala-vibra-de-enemigos\/","title":{"rendered":"Veladora Del Retiro &#8211; Para Retirar Mala Vibra De Enemigos"},"content":{"rendered":"<p><strong>PODEROSA VELADORA DEL RETIRO<\/strong><br \/>\n<strong>ATRAE EL BIEN Y EVITA MALAS INFLUENCIAS<\/strong><\/p>\n<p>&nbsp;<\/p>\n<p>-Esta Veladora se utiliza para purificar el Hogar, Oficina o Negocio-<\/p>\n<p>Es indicado para personas que son objeto continuo de BRUJER\u00cdAS, que les impiden que sus asuntos tengan \u00c9xito.<br \/>\nAl usarla tendr\u00e1 Muchos Beneficios en su Vida, como:<\/p>\n<p>-Triunfo<br \/>\n-Fortuna<br \/>\n-Protecci\u00f3n<br \/>\n-Salud<br \/>\n-Victoria en todo<\/p>\n<p>Y mucho m\u00e1s&#8230;.<\/p>\n<p>Efectivo Contra Hechizos, trabajos de Brujer\u00eda, Bloqueos y<br \/>\nMala Suerte en General, malos vecinos que nos hacen mal, nos envidian y perjudican.<\/p>\n<p>&nbsp;<\/p>\n<p>&nbsp;<\/p>\n<p><b>BAZAR MERL\u00cdN\u00ae<\/b><br \/>\n<strong>El Lugar M\u00e1s M\u00edstico de Guadalajara<\/strong><br \/>\n<strong>ENVIAMOS A TODO M\u00c9XICO<\/strong><\/p>\n<!-- AddThis Advanced Settings generic via filter on the_content --><!-- AddThis Share Buttons generic via filter on the_content -->","protected":false},"excerpt":{"rendered":"<p>PODEROSA VELADORA DEL RETIRO ATRAE EL BIEN Y EVITA MALAS INFLUENCIAS &nbsp; -Esta Veladora se utiliza para purificar el Hogar, Oficina o Negocio- Es indicado para personas que son objeto continuo de BRUJER\u00cdAS, que les impiden que sus asuntos tengan \u00c9xito. Al usarla tendr\u00e1 Muchos Beneficios en su Vida, como: -Triunfo -Fortuna -Protecci\u00f3n -Salud -Victoria&hellip;<!-- AddThis Advanced Settings generic via filter on get_the_excerpt --><!-- AddThis Share Buttons generic via filter on get_the_excerpt --><\/p>\n","protected":false},"featured_media":10839,"template":"","meta":[],"product_cat":[19],"product_tag":[1510,1509],"_links":{"self":[{"href":"https:\/\/www.bazarmerlin.com\/inicio\/wp-json\/wp\/v2\/product\/6247"}],"collection":[{"href":"https:\/\/www.bazarmerlin.com\/inicio\/wp-json\/wp\/v2\/product"}],"about":[{"href":"https:\/\/www.bazarmerlin.com\/inicio\/wp-json\/wp\/v2\/types\/product"}],"wp:featuredmedia":[{"embeddable":true,"href":"https:\/\/www.bazarmerlin.com\/inicio\/wp-json\/wp\/v2\/media\/10839"}],"wp:attachment":[{"href":"https:\/\/www.bazarmerlin.com\/inicio\/wp-json\/wp\/v2\/media?parent=6247"}],"wp:term":[{"taxonomy":"product_cat","embeddable":true,"href":"https:\/\/www.bazarmerlin.com\/inicio\/wp-json\/wp\/v2\/product_cat?post=6247"},{"taxonomy":"product_tag","embeddable":true,"href":"https:\/\/www.bazarmerlin.com\/inicio\/wp-json\/wp\/v2\/product_tag?post=6247"}],"curies":[{"name":"wp","href":"https:\/\/api.w.org\/{rel}","templated":true}]}}