{"id":6296,"date":"2016-01-02T21:27:54","date_gmt":"2016-01-02T21:27:54","guid":{"rendered":"https:\/\/www.bazarmerlin.com\/inicio\/?post_type=product&#038;p=6296"},"modified":"2022-12-20T23:50:10","modified_gmt":"2022-12-20T23:50:10","slug":"libro-de-grafologia-tu-escritura-quien-y-como-eres","status":"publish","type":"product","link":"https:\/\/www.bazarmerlin.com\/inicio\/producto\/libro-de-grafologia-tu-escritura-quien-y-como-eres\/","title":{"rendered":"Libro De Grafolog\u00eda Tu Escritura Qui\u00e9n Y C\u00f3mo Eres"},"content":{"rendered":"<p><strong>LIBRO DE GRAFOLOG\u00cdA TU ESCRITURA QUI\u00c9N Y C\u00d3MO ERES<\/strong><\/p>\n<p>&nbsp;<\/p>\n<p>Sinopsis: La grafolog\u00eda es un medio que permite conocernos mejor a nosotros mismos y a los dem\u00e1s. Actualmente se aplica en campos tan distintos como: selecci\u00f3n de personal, asesoramiento vocacional, compatibilidad de parejas, conocimiento de la personalidad del paciente en medicina y psicolog\u00eda.<\/p>\n<p>&nbsp;<\/p>\n<p>&nbsp;<\/p>\n<p><strong>BAZAR MERL\u00cdN<\/strong><br \/>\n<strong>El Lugar M\u00e1s M\u00edstico de Guadalajara<\/strong><br \/>\n<strong>ENVIAMOS A TODO M\u00c9XICO<\/strong><\/p>\n<!-- AddThis Advanced Settings generic via filter on the_content --><!-- AddThis Share Buttons generic via filter on the_content -->","protected":false},"excerpt":{"rendered":"<p>LIBRO DE GRAFOLOG\u00cdA TU ESCRITURA QUI\u00c9N Y C\u00d3MO ERES &nbsp; Sinopsis: La grafolog\u00eda es un medio que permite conocernos mejor a nosotros mismos y a los dem\u00e1s. Actualmente se aplica en campos tan distintos como: selecci\u00f3n de personal, asesoramiento vocacional, compatibilidad de parejas, conocimiento de la personalidad del paciente en medicina y psicolog\u00eda. &nbsp; &nbsp;&hellip;<!-- AddThis Advanced Settings generic via filter on get_the_excerpt --><!-- AddThis Share Buttons generic via filter on get_the_excerpt --><\/p>\n","protected":false},"featured_media":11188,"template":"","meta":[],"product_cat":[13],"product_tag":[1526],"_links":{"self":[{"href":"https:\/\/www.bazarmerlin.com\/inicio\/wp-json\/wp\/v2\/product\/6296"}],"collection":[{"href":"https:\/\/www.bazarmerlin.com\/inicio\/wp-json\/wp\/v2\/product"}],"about":[{"href":"https:\/\/www.bazarmerlin.com\/inicio\/wp-json\/wp\/v2\/types\/product"}],"wp:featuredmedia":[{"embeddable":true,"href":"https:\/\/www.bazarmerlin.com\/inicio\/wp-json\/wp\/v2\/media\/11188"}],"wp:attachment":[{"href":"https:\/\/www.bazarmerlin.com\/inicio\/wp-json\/wp\/v2\/media?parent=6296"}],"wp:term":[{"taxonomy":"product_cat","embeddable":true,"href":"https:\/\/www.bazarmerlin.com\/inicio\/wp-json\/wp\/v2\/product_cat?post=6296"},{"taxonomy":"product_tag","embeddable":true,"href":"https:\/\/www.bazarmerlin.com\/inicio\/wp-json\/wp\/v2\/product_tag?post=6296"}],"curies":[{"name":"wp","href":"https:\/\/api.w.org\/{rel}","templated":true}]}}