{"id":7252,"date":"2017-09-21T00:41:42","date_gmt":"2017-09-21T00:41:42","guid":{"rendered":"https:\/\/www.bazarmerlin.com\/inicio\/?post_type=product&#038;p=7252"},"modified":"2022-06-08T23:42:19","modified_gmt":"2022-06-08T23:42:19","slug":"spray-del-cristo-astral-liberate-de-brujerias-y-abre-caminos","status":"publish","type":"product","link":"https:\/\/www.bazarmerlin.com\/inicio\/producto\/spray-del-cristo-astral-liberate-de-brujerias-y-abre-caminos\/","title":{"rendered":"Spray Del Cristo Astral Lib\u00e9rate De Brujer\u00edas Y Abre Caminos"},"content":{"rendered":"<p>Spray Del Cristo Astral Lib\u00e9rate De Brujer\u00edas Y Abre Caminos<\/p>\n<p>Este poderoso Spray esta elaborado con esencias m\u00edsticas especialmente preparadas para cortar de tajo cualquier envidia, da\u00f1o o trabajo negro. Adem\u00e1s de ayudarte a abrir caminos en todo lo que emprendas por el magnetismo de su aroma.<\/p>\n<p>Protegerte de malas vibras, envidias y lib\u00e9rate de Brujer\u00edas como hechizos que hubieran sido puestos sobre tu persona.<\/p>\n<p>Aplicalo diariamente en tu persona, casa o negocio, as\u00ed quitaras cualquier da\u00f1o existente.<\/p>\n<p>&#8211;CALIDAD DE IMPORTACI\u00d3N&#8211;<\/p>\n<!-- AddThis Advanced Settings generic via filter on the_content --><!-- AddThis Share Buttons generic via filter on the_content -->","protected":false},"excerpt":{"rendered":"<p>Spray Del Cristo Astral Lib\u00e9rate De Brujer\u00edas Y Abre Caminos Este poderoso Spray esta elaborado con esencias m\u00edsticas especialmente preparadas para cortar de tajo cualquier envidia, da\u00f1o o trabajo negro. Adem\u00e1s de ayudarte a abrir caminos en todo lo que emprendas por el magnetismo de su aroma. Protegerte de malas vibras, envidias y lib\u00e9rate de&hellip;<!-- AddThis Advanced Settings generic via filter on get_the_excerpt --><!-- AddThis Share Buttons generic via filter on get_the_excerpt --><\/p>\n","protected":false},"featured_media":9289,"template":"","meta":[],"product_cat":[14],"product_tag":[1547],"_links":{"self":[{"href":"https:\/\/www.bazarmerlin.com\/inicio\/wp-json\/wp\/v2\/product\/7252"}],"collection":[{"href":"https:\/\/www.bazarmerlin.com\/inicio\/wp-json\/wp\/v2\/product"}],"about":[{"href":"https:\/\/www.bazarmerlin.com\/inicio\/wp-json\/wp\/v2\/types\/product"}],"wp:featuredmedia":[{"embeddable":true,"href":"https:\/\/www.bazarmerlin.com\/inicio\/wp-json\/wp\/v2\/media\/9289"}],"wp:attachment":[{"href":"https:\/\/www.bazarmerlin.com\/inicio\/wp-json\/wp\/v2\/media?parent=7252"}],"wp:term":[{"taxonomy":"product_cat","embeddable":true,"href":"https:\/\/www.bazarmerlin.com\/inicio\/wp-json\/wp\/v2\/product_cat?post=7252"},{"taxonomy":"product_tag","embeddable":true,"href":"https:\/\/www.bazarmerlin.com\/inicio\/wp-json\/wp\/v2\/product_tag?post=7252"}],"curies":[{"name":"wp","href":"https:\/\/api.w.org\/{rel}","templated":true}]}}