{"id":7285,"date":"2017-09-23T22:56:30","date_gmt":"2017-09-23T22:56:30","guid":{"rendered":"https:\/\/www.bazarmerlin.com\/inicio\/?post_type=product&#038;p=7285"},"modified":"2022-06-08T23:42:19","modified_gmt":"2022-06-08T23:42:19","slug":"la-biblia-de-la-numerologia-guia-definitiva-sobre-numeros","status":"publish","type":"product","link":"https:\/\/www.bazarmerlin.com\/inicio\/producto\/la-biblia-de-la-numerologia-guia-definitiva-sobre-numeros\/","title":{"rendered":"La Biblia De La Numerolog\u00eda &#8211; Gu\u00eda Definitiva Sobre N\u00fameros"},"content":{"rendered":"<p style=\"text-align: left;\">LA BIBLIA DE LA NUMEROLOG\u00cdA &#8211; GU\u00cdA DEFINITIVA SOBRE EL PODER DE LOS N\u00daMEROS<br \/>\nP\u00e1ginas: 400<\/p>\n<p>La mayor\u00eda de las personas tiene un n\u00famero de la suerte. Pero tambi\u00e9n hay n\u00fameros personales que puedes usar en tu favor o incluso que te ayudan a predecir tu futuro. Esta gu\u00eda te aporta f\u00f3rmulas sencillas para conocer tus n\u00fameros m\u00e1s favorables y te muestra c\u00f3mo usarlos para desvelar los rasgos y objetivos ocultos de tu personalidad, para lograr un trabajo \u00f3ptimo, para elegir una pareja rom\u00e1ntica y mucho m\u00e1s. Descubrir\u00e1s igualmente c\u00f3mo elegir las fechas m\u00e1s id\u00f3neas para tus compromisos y podr\u00e1s realizar lecturas numerol\u00f3gicas de aqu\u00ed en adelante para optimizar todo tipo de relaciones.<\/p>\n<!-- AddThis Advanced Settings generic via filter on the_content --><!-- AddThis Share Buttons generic via filter on the_content -->","protected":false},"excerpt":{"rendered":"<p>LA BIBLIA DE LA NUMEROLOG\u00cdA &#8211; GU\u00cdA DEFINITIVA SOBRE EL PODER DE LOS N\u00daMEROS P\u00e1ginas: 400 La mayor\u00eda de las personas tiene un n\u00famero de la suerte. Pero tambi\u00e9n hay n\u00fameros personales que puedes usar en tu favor o incluso que te ayudan a predecir tu futuro. Esta gu\u00eda te aporta f\u00f3rmulas sencillas para conocer&hellip;<!-- AddThis Advanced Settings generic via filter on get_the_excerpt --><!-- AddThis Share Buttons generic via filter on get_the_excerpt --><\/p>\n","protected":false},"featured_media":7288,"template":"","meta":[],"product_cat":[13],"product_tag":[1551,1550],"_links":{"self":[{"href":"https:\/\/www.bazarmerlin.com\/inicio\/wp-json\/wp\/v2\/product\/7285"}],"collection":[{"href":"https:\/\/www.bazarmerlin.com\/inicio\/wp-json\/wp\/v2\/product"}],"about":[{"href":"https:\/\/www.bazarmerlin.com\/inicio\/wp-json\/wp\/v2\/types\/product"}],"wp:featuredmedia":[{"embeddable":true,"href":"https:\/\/www.bazarmerlin.com\/inicio\/wp-json\/wp\/v2\/media\/7288"}],"wp:attachment":[{"href":"https:\/\/www.bazarmerlin.com\/inicio\/wp-json\/wp\/v2\/media?parent=7285"}],"wp:term":[{"taxonomy":"product_cat","embeddable":true,"href":"https:\/\/www.bazarmerlin.com\/inicio\/wp-json\/wp\/v2\/product_cat?post=7285"},{"taxonomy":"product_tag","embeddable":true,"href":"https:\/\/www.bazarmerlin.com\/inicio\/wp-json\/wp\/v2\/product_tag?post=7285"}],"curies":[{"name":"wp","href":"https:\/\/api.w.org\/{rel}","templated":true}]}}