{"id":7318,"date":"2017-10-28T22:53:17","date_gmt":"2017-10-28T22:53:17","guid":{"rendered":"https:\/\/www.bazarmerlin.com\/inicio\/?post_type=product&#038;p=7318"},"modified":"2022-12-02T00:36:25","modified_gmt":"2022-12-02T00:36:25","slug":"locion-7-veces-reversible-retira-hechiceria-brujeria","status":"publish","type":"product","link":"https:\/\/www.bazarmerlin.com\/inicio\/producto\/locion-7-veces-reversible-retira-hechiceria-brujeria\/","title":{"rendered":"Loci\u00f3n 7 Veces Reversible &#8211; Retira Hechicer\u00eda Y Brujer\u00eda"},"content":{"rendered":"<p>LOCI\u00d3N 7 VECES REVERSIBLE.<\/p>\n<p>*QUITA TODO LO MALO DE TU CASA O NEGOCIO CON ESTA FORMULA PODEROSA.<\/p>\n<p>Forma de uso:<\/p>\n<p>Trapea o riega con esta loci\u00f3n de adentro hac\u00eda afuera para retirar toda clase de embrujo, hechizos, envidias, mala suerte, mala fortuna y vibras negativas.<\/p>\n<p>Ya que tu la adquieres v\u00eda telef\u00f3nica te daremos indicaciones de como usarla<\/p>\n<!-- AddThis Advanced Settings generic via filter on the_content --><!-- AddThis Share Buttons generic via filter on the_content -->","protected":false},"excerpt":{"rendered":"<p>LOCI\u00d3N 7 VECES REVERSIBLE. *QUITA TODO LO MALO DE TU CASA O NEGOCIO CON ESTA FORMULA PODEROSA. Forma de uso: Trapea o riega con esta loci\u00f3n de adentro hac\u00eda afuera para retirar toda clase de embrujo, hechizos, envidias, mala suerte, mala fortuna y vibras negativas. Ya que tu la adquieres v\u00eda telef\u00f3nica te daremos indicaciones&hellip;<!-- AddThis Advanced Settings generic via filter on get_the_excerpt --><!-- AddThis Share Buttons generic via filter on get_the_excerpt --><\/p>\n","protected":false},"featured_media":10941,"template":"","meta":[],"product_cat":[20],"product_tag":[1552,1553],"_links":{"self":[{"href":"https:\/\/www.bazarmerlin.com\/inicio\/wp-json\/wp\/v2\/product\/7318"}],"collection":[{"href":"https:\/\/www.bazarmerlin.com\/inicio\/wp-json\/wp\/v2\/product"}],"about":[{"href":"https:\/\/www.bazarmerlin.com\/inicio\/wp-json\/wp\/v2\/types\/product"}],"wp:featuredmedia":[{"embeddable":true,"href":"https:\/\/www.bazarmerlin.com\/inicio\/wp-json\/wp\/v2\/media\/10941"}],"wp:attachment":[{"href":"https:\/\/www.bazarmerlin.com\/inicio\/wp-json\/wp\/v2\/media?parent=7318"}],"wp:term":[{"taxonomy":"product_cat","embeddable":true,"href":"https:\/\/www.bazarmerlin.com\/inicio\/wp-json\/wp\/v2\/product_cat?post=7318"},{"taxonomy":"product_tag","embeddable":true,"href":"https:\/\/www.bazarmerlin.com\/inicio\/wp-json\/wp\/v2\/product_tag?post=7318"}],"curies":[{"name":"wp","href":"https:\/\/api.w.org\/{rel}","templated":true}]}}