{"id":7833,"date":"2022-03-03T00:34:24","date_gmt":"2022-03-03T00:34:24","guid":{"rendered":"https:\/\/www.bazarmerlin.com\/inicio\/?post_type=product&#038;p=7833"},"modified":"2022-06-08T23:42:19","modified_gmt":"2022-06-08T23:42:19","slug":"jabon-astral-7-x-7-contra-todo","status":"publish","type":"product","link":"https:\/\/www.bazarmerlin.com\/inicio\/producto\/jabon-astral-7-x-7-contra-todo\/","title":{"rendered":"Jab\u00f3n Astral 7 X 7 Contra Todo 49 Esencias"},"content":{"rendered":"<p>PODEROSO JAB\u00d3N ASTRAL 7 X 7<br \/>\nPresentaci\u00f3n: 100 G.<\/p>\n<p>Abre Caminos En dinero, Amor, Trabajo y Juegos De Azar.<br \/>\n49 Esencias magn\u00e9ticas para obtener lo que deseas sin ning\u00fan obst\u00e1culo.<\/p>\n<p>Desde la m\u00e1s remota antig\u00fcedad las fuerzas naturales han ejercido sus poderes magn\u00e9ticos positivos y negativos sobre la humanidad.<br \/>\nEstudios realizados sobre estas fuerzas Astrales, lograron las mejores 49 esencias 7&#215;7 con los m\u00e1s positivos poderes magn\u00e9ticos y para lograr un infalible proceso de magnetizaci\u00f3n este poderoso ba\u00f1o esta reforzado con el poder magn\u00e9tico de 7 ampollas de atracci\u00f3n.<\/p>\n<p>CONTIENE:<br \/>\nEsencia de Plata, puedelo todo, potencia, pega pega, protecci\u00f3n, ruda, rechaza da\u00f1os, se\u00f1or se\u00f1or, san cipriano, San Marco de Le\u00f3n, suerte r\u00e1pida, sabidur\u00eda, saca lo malo, tab\u00fa, vencedora, ven a mi, vence obst\u00e1culos.<\/p>\n<p>&nbsp;<\/p>\n<p>BAZAR MERL\u00cdN<br \/>\nEl Lugar M\u00e1s M\u00edstico de Guadalajara<br \/>\nENVIAMOS A TODO M\u00c9XICO Y EL MUNDO\u2026<\/p>\n<!-- AddThis Advanced Settings generic via filter on the_content --><!-- AddThis Share Buttons generic via filter on the_content -->","protected":false},"excerpt":{"rendered":"<p>PODEROSO JAB\u00d3N ASTRAL 7 X 7 Presentaci\u00f3n: 100 G. Abre Caminos En dinero, Amor, Trabajo y Juegos De Azar. 49 Esencias magn\u00e9ticas para obtener lo que deseas sin ning\u00fan obst\u00e1culo. Desde la m\u00e1s remota antig\u00fcedad las fuerzas naturales han ejercido sus poderes magn\u00e9ticos positivos y negativos sobre la humanidad. Estudios realizados sobre estas fuerzas Astrales,&hellip;<!-- AddThis Advanced Settings generic via filter on get_the_excerpt --><!-- AddThis Share Buttons generic via filter on get_the_excerpt --><\/p>\n","protected":false},"featured_media":7835,"template":"","meta":[],"product_cat":[14],"product_tag":[1556],"_links":{"self":[{"href":"https:\/\/www.bazarmerlin.com\/inicio\/wp-json\/wp\/v2\/product\/7833"}],"collection":[{"href":"https:\/\/www.bazarmerlin.com\/inicio\/wp-json\/wp\/v2\/product"}],"about":[{"href":"https:\/\/www.bazarmerlin.com\/inicio\/wp-json\/wp\/v2\/types\/product"}],"wp:featuredmedia":[{"embeddable":true,"href":"https:\/\/www.bazarmerlin.com\/inicio\/wp-json\/wp\/v2\/media\/7835"}],"wp:attachment":[{"href":"https:\/\/www.bazarmerlin.com\/inicio\/wp-json\/wp\/v2\/media?parent=7833"}],"wp:term":[{"taxonomy":"product_cat","embeddable":true,"href":"https:\/\/www.bazarmerlin.com\/inicio\/wp-json\/wp\/v2\/product_cat?post=7833"},{"taxonomy":"product_tag","embeddable":true,"href":"https:\/\/www.bazarmerlin.com\/inicio\/wp-json\/wp\/v2\/product_tag?post=7833"}],"curies":[{"name":"wp","href":"https:\/\/api.w.org\/{rel}","templated":true}]}}