{"id":7837,"date":"2022-03-03T17:46:20","date_gmt":"2022-03-03T17:46:20","guid":{"rendered":"https:\/\/www.bazarmerlin.com\/inicio\/?post_type=product&#038;p=7837"},"modified":"2022-06-08T23:42:19","modified_gmt":"2022-06-08T23:42:19","slug":"jabon-combatiente-limpia-energias-negativas","status":"publish","type":"product","link":"https:\/\/www.bazarmerlin.com\/inicio\/producto\/jabon-combatiente-limpia-energias-negativas\/","title":{"rendered":"Jab\u00f3n Combatiente &#8211; Limpia Energ\u00edas Negativas"},"content":{"rendered":"<p>JABON COMBATIENTE.<\/p>\n<p>Lo utilizaremos para relajar y calmar la mente . tiene el efecto de corderito manso,<br \/>\nlos Jabones de descarga se utilizan como catalizadores para descargar el cuerpo de energ\u00edas negativas.<\/p>\n<p>Se usan para deshacerse de las malas energ\u00edas que vamos acumulando, as\u00ed como para atraer las vibraciones de \u00e9xito en alg\u00fan \u00e1rea de nuestra vida.<\/p>\n<p>&nbsp;<\/p>\n<p>BAZAR MERL\u00cdN<br \/>\nEl Lugar M\u00e1s M\u00edstico de Guadalajara<br \/>\nENVIAMOS A TODO M\u00c9XICO&#8230;<\/p>\n<!-- AddThis Advanced Settings generic via filter on the_content --><!-- AddThis Share Buttons generic via filter on the_content -->","protected":false},"excerpt":{"rendered":"<p>JABON COMBATIENTE. Lo utilizaremos para relajar y calmar la mente . tiene el efecto de corderito manso, los Jabones de descarga se utilizan como catalizadores para descargar el cuerpo de energ\u00edas negativas. Se usan para deshacerse de las malas energ\u00edas que vamos acumulando, as\u00ed como para atraer las vibraciones de \u00e9xito en alg\u00fan \u00e1rea de&hellip;<!-- AddThis Advanced Settings generic via filter on get_the_excerpt --><!-- AddThis Share Buttons generic via filter on get_the_excerpt --><\/p>\n","protected":false},"featured_media":7838,"template":"","meta":[],"product_cat":[14],"product_tag":[1557,207],"_links":{"self":[{"href":"https:\/\/www.bazarmerlin.com\/inicio\/wp-json\/wp\/v2\/product\/7837"}],"collection":[{"href":"https:\/\/www.bazarmerlin.com\/inicio\/wp-json\/wp\/v2\/product"}],"about":[{"href":"https:\/\/www.bazarmerlin.com\/inicio\/wp-json\/wp\/v2\/types\/product"}],"wp:featuredmedia":[{"embeddable":true,"href":"https:\/\/www.bazarmerlin.com\/inicio\/wp-json\/wp\/v2\/media\/7838"}],"wp:attachment":[{"href":"https:\/\/www.bazarmerlin.com\/inicio\/wp-json\/wp\/v2\/media?parent=7837"}],"wp:term":[{"taxonomy":"product_cat","embeddable":true,"href":"https:\/\/www.bazarmerlin.com\/inicio\/wp-json\/wp\/v2\/product_cat?post=7837"},{"taxonomy":"product_tag","embeddable":true,"href":"https:\/\/www.bazarmerlin.com\/inicio\/wp-json\/wp\/v2\/product_tag?post=7837"}],"curies":[{"name":"wp","href":"https:\/\/api.w.org\/{rel}","templated":true}]}}