{"id":7867,"date":"2022-03-04T19:08:27","date_gmt":"2022-03-04T19:08:27","guid":{"rendered":"https:\/\/www.bazarmerlin.com\/inicio\/?post_type=product&#038;p=7867"},"modified":"2025-10-21T19:50:08","modified_gmt":"2025-10-21T19:50:08","slug":"spray-esoterico-rtn-retiro-de-trabajo-negro-original","status":"publish","type":"product","link":"https:\/\/www.bazarmerlin.com\/inicio\/producto\/spray-esoterico-rtn-retiro-de-trabajo-negro-original\/","title":{"rendered":"Spray Esot\u00e9rico Rtn &#8211; Retiro De Trabajo Negro Original"},"content":{"rendered":"<p>SPRAY ESOT\u00c9RICO RTN<br \/>\nRETIRO TRABAJO NEGRO<br \/>\nORIGINAL<\/p>\n<p>Spray que limpia y aromatiza el ambiente.<\/p>\n<p>Quita las malas vibras y carga positivamente de energ\u00eda con su f\u00f3rmula preparada.<br \/>\nModo de empleo: Roci\u00e9 la habitaci\u00f3n o negocio con abundancia y mucha fe.<\/p>\n<p>&nbsp;<\/p>\n<p>BAZAR MERLIN<br \/>\nEl Lugar M\u00e1s M\u00edstico de Guadalajara<br \/>\nENVIAMOS A TODO M\u00c9XICO&#8230;<\/p>\n<!-- AddThis Advanced Settings generic via filter on the_content --><!-- AddThis Share Buttons generic via filter on the_content -->","protected":false},"excerpt":{"rendered":"<p>SPRAY ESOT\u00c9RICO RTN RETIRO TRABAJO NEGRO ORIGINAL Spray que limpia y aromatiza el ambiente. Quita las malas vibras y carga positivamente de energ\u00eda con su f\u00f3rmula preparada. Modo de empleo: Roci\u00e9 la habitaci\u00f3n o negocio con abundancia y mucha fe. &nbsp; BAZAR MERLIN El Lugar M\u00e1s M\u00edstico de Guadalajara ENVIAMOS A TODO M\u00c9XICO&#8230;<!-- AddThis Advanced Settings generic via filter on get_the_excerpt --><!-- AddThis Share Buttons generic via filter on get_the_excerpt --><\/p>\n","protected":false},"featured_media":10365,"template":"","meta":[],"product_cat":[14],"product_tag":[1570,1569],"_links":{"self":[{"href":"https:\/\/www.bazarmerlin.com\/inicio\/wp-json\/wp\/v2\/product\/7867"}],"collection":[{"href":"https:\/\/www.bazarmerlin.com\/inicio\/wp-json\/wp\/v2\/product"}],"about":[{"href":"https:\/\/www.bazarmerlin.com\/inicio\/wp-json\/wp\/v2\/types\/product"}],"wp:featuredmedia":[{"embeddable":true,"href":"https:\/\/www.bazarmerlin.com\/inicio\/wp-json\/wp\/v2\/media\/10365"}],"wp:attachment":[{"href":"https:\/\/www.bazarmerlin.com\/inicio\/wp-json\/wp\/v2\/media?parent=7867"}],"wp:term":[{"taxonomy":"product_cat","embeddable":true,"href":"https:\/\/www.bazarmerlin.com\/inicio\/wp-json\/wp\/v2\/product_cat?post=7867"},{"taxonomy":"product_tag","embeddable":true,"href":"https:\/\/www.bazarmerlin.com\/inicio\/wp-json\/wp\/v2\/product_tag?post=7867"}],"curies":[{"name":"wp","href":"https:\/\/api.w.org\/{rel}","templated":true}]}}