{"id":7879,"date":"2022-03-09T19:33:22","date_gmt":"2022-03-09T19:33:22","guid":{"rendered":"https:\/\/www.bazarmerlin.com\/inicio\/?post_type=product&#038;p=7879"},"modified":"2022-06-08T23:42:21","modified_gmt":"2022-06-08T23:42:21","slug":"locion-y-jabon-chuparrosa-kit-original-incluye-amuleto","status":"publish","type":"product","link":"https:\/\/www.bazarmerlin.com\/inicio\/producto\/locion-y-jabon-chuparrosa-kit-original-incluye-amuleto\/","title":{"rendered":"Loci\u00f3n Y Jab\u00f3n Chuparrosa &#8211; Kit Original"},"content":{"rendered":"<p>LOCI\u00d3N 100 ML + JAB\u00d3N 100 GRS + AMULETO DE PROTECCI\u00d3N<\/p>\n<p>La Chupa-Rosa es el atrayente natural del amor por excelencia, ya que nos brinda seguridad en si mismos, confianza, autoestima y mucha alegr\u00eda, adem\u00e1s de SALUD, DINERO Y BENDICI\u00d3N EN EL HOGAR Y NEGOCIO.<\/p>\n<p>&nbsp;<\/p>\n<p>BAZAR MERL\u00cdN<br \/>\nEl Lugar M\u00e1s M\u00edstico de Guadalajara<br \/>\nENVIAMOS A TODO M\u00c9XICO&#8230;<\/p>\n<!-- AddThis Advanced Settings generic via filter on the_content --><!-- AddThis Share Buttons generic via filter on the_content -->","protected":false},"excerpt":{"rendered":"<p>LOCI\u00d3N 100 ML + JAB\u00d3N 100 GRS + AMULETO DE PROTECCI\u00d3N La Chupa-Rosa es el atrayente natural del amor por excelencia, ya que nos brinda seguridad en si mismos, confianza, autoestima y mucha alegr\u00eda, adem\u00e1s de SALUD, DINERO Y BENDICI\u00d3N EN EL HOGAR Y NEGOCIO. &nbsp; BAZAR MERL\u00cdN El Lugar M\u00e1s M\u00edstico de Guadalajara ENVIAMOS&hellip;<!-- AddThis Advanced Settings generic via filter on get_the_excerpt --><!-- AddThis Share Buttons generic via filter on get_the_excerpt --><\/p>\n","protected":false},"featured_media":7880,"template":"","meta":[],"product_cat":[20],"product_tag":[1575,1574],"_links":{"self":[{"href":"https:\/\/www.bazarmerlin.com\/inicio\/wp-json\/wp\/v2\/product\/7879"}],"collection":[{"href":"https:\/\/www.bazarmerlin.com\/inicio\/wp-json\/wp\/v2\/product"}],"about":[{"href":"https:\/\/www.bazarmerlin.com\/inicio\/wp-json\/wp\/v2\/types\/product"}],"wp:featuredmedia":[{"embeddable":true,"href":"https:\/\/www.bazarmerlin.com\/inicio\/wp-json\/wp\/v2\/media\/7880"}],"wp:attachment":[{"href":"https:\/\/www.bazarmerlin.com\/inicio\/wp-json\/wp\/v2\/media?parent=7879"}],"wp:term":[{"taxonomy":"product_cat","embeddable":true,"href":"https:\/\/www.bazarmerlin.com\/inicio\/wp-json\/wp\/v2\/product_cat?post=7879"},{"taxonomy":"product_tag","embeddable":true,"href":"https:\/\/www.bazarmerlin.com\/inicio\/wp-json\/wp\/v2\/product_tag?post=7879"}],"curies":[{"name":"wp","href":"https:\/\/api.w.org\/{rel}","templated":true}]}}