{"id":7885,"date":"2022-03-09T20:05:12","date_gmt":"2022-03-09T20:05:12","guid":{"rendered":"https:\/\/www.bazarmerlin.com\/inicio\/?post_type=product&#038;p=7885"},"modified":"2022-06-08T23:42:21","modified_gmt":"2022-06-08T23:42:21","slug":"perfumes-7-arcangeles-original-con-dije","status":"publish","type":"product","link":"https:\/\/www.bazarmerlin.com\/inicio\/producto\/perfumes-7-arcangeles-original-con-dije\/","title":{"rendered":"Perfumes 7 Arc\u00e1ngeles &#8211; Original Con Dije"},"content":{"rendered":"<p>PERFUME 7 ARC\u00c1NGELES ORIGINAL CON DIJE<\/p>\n<p>Incluye un POTENTE TALISMAN.<\/p>\n<p>Perfume Original 7 Arc\u00e1ngeles Con Talism\u00e1n Activado &#8211; Protecci\u00f3n<\/p>\n<p>Utiliza este perfume para romper todo tipo de maleficios y abrir caminos con ayuda de los \u00e1ngeles. Lleva contigo el talism\u00e1n y por las noches visualiza tus peticiones mientras sostienes el talism\u00e1n con tus manos.<\/p>\n<p>Formula original para llamar a los arc\u00e1ngeles.<\/p>\n<p>&nbsp;<\/p>\n<p>BAZAR MERL\u00cdN<br \/>\nEl Lugar M\u00e1s M\u00edstico de Guadalajara<br \/>\nENVIAMOS A TODO M\u00c9XICO\u2026<\/p>\n<!-- AddThis Advanced Settings generic via filter on the_content --><!-- AddThis Share Buttons generic via filter on the_content -->","protected":false},"excerpt":{"rendered":"<p>PERFUME 7 ARC\u00c1NGELES ORIGINAL CON DIJE Incluye un POTENTE TALISMAN. Perfume Original 7 Arc\u00e1ngeles Con Talism\u00e1n Activado &#8211; Protecci\u00f3n Utiliza este perfume para romper todo tipo de maleficios y abrir caminos con ayuda de los \u00e1ngeles. Lleva contigo el talism\u00e1n y por las noches visualiza tus peticiones mientras sostienes el talism\u00e1n con tus manos. Formula&hellip;<!-- AddThis Advanced Settings generic via filter on get_the_excerpt --><!-- AddThis Share Buttons generic via filter on get_the_excerpt --><\/p>\n","protected":false},"featured_media":7886,"template":"","meta":[],"product_cat":[20],"product_tag":[1581,1580],"_links":{"self":[{"href":"https:\/\/www.bazarmerlin.com\/inicio\/wp-json\/wp\/v2\/product\/7885"}],"collection":[{"href":"https:\/\/www.bazarmerlin.com\/inicio\/wp-json\/wp\/v2\/product"}],"about":[{"href":"https:\/\/www.bazarmerlin.com\/inicio\/wp-json\/wp\/v2\/types\/product"}],"wp:featuredmedia":[{"embeddable":true,"href":"https:\/\/www.bazarmerlin.com\/inicio\/wp-json\/wp\/v2\/media\/7886"}],"wp:attachment":[{"href":"https:\/\/www.bazarmerlin.com\/inicio\/wp-json\/wp\/v2\/media?parent=7885"}],"wp:term":[{"taxonomy":"product_cat","embeddable":true,"href":"https:\/\/www.bazarmerlin.com\/inicio\/wp-json\/wp\/v2\/product_cat?post=7885"},{"taxonomy":"product_tag","embeddable":true,"href":"https:\/\/www.bazarmerlin.com\/inicio\/wp-json\/wp\/v2\/product_tag?post=7885"}],"curies":[{"name":"wp","href":"https:\/\/api.w.org\/{rel}","templated":true}]}}