{"id":7968,"date":"2022-03-17T00:17:09","date_gmt":"2022-03-17T00:17:09","guid":{"rendered":"https:\/\/www.bazarmerlin.com\/inicio\/?post_type=product&#038;p=7968"},"modified":"2022-06-08T23:42:21","modified_gmt":"2022-06-08T23:42:21","slug":"oraculo-del-arcangel-gabriel-doreen-virtue-44-cartas","status":"publish","type":"product","link":"https:\/\/www.bazarmerlin.com\/inicio\/producto\/oraculo-del-arcangel-gabriel-doreen-virtue-44-cartas\/","title":{"rendered":"Or\u00e1culo Del Arc\u00e1ngel Gabriel &#8211; Doreen Virtue &#8211; 44 Cartas"},"content":{"rendered":"\n<p>\n\nOR\u00c1CULO DEL ARCANGEL GABRIEL,<br>44 CARTAS Y FOLLETO<br>&#8211; Doreen Virtue &#8211; 44 Cartas<\/p>\n\n\n\n<p>El Arc\u00e1ngel Gabriel es el \u00e1ngel amado que anunci\u00f3: &#8220;\u00a1He aqu\u00ed, os traigo buenas nuevas de gran gozo!&#8221; Gabriel contin\u00faa tray\u00e9ndonos todos los mensajes alegres, adem\u00e1s de apoyar mensajeros humanos como escritores, artistas, artesanos, m\u00fasicos, maestros, periodistas y m\u00e1s. Gabriel tambi\u00e9n trae felices anuncios y apoyo a los padres y a aquellos que cuidan a los ni\u00f1os.<\/p>\n\n\n\n<p>En este hermoso mazo de or\u00e1culo de 44 tarjetas de Doreen Virtue, recibir\u00e1 mensajes de apoyo, alentadores y de apoyo relacionados con su trabajo creativo y de ense\u00f1anza, as\u00ed como con su trabajo con ni\u00f1os.<\/p>\n\n\n\n<p>Cada tarjeta presenta una hermosa imagen del Arc\u00e1ngel Gabriel, junto con un mensaje positivo. La gu\u00eda que lo acompa\u00f1a le ense\u00f1a a entregarse a usted mismo y a los dem\u00e1s una lectura precisa de la tarjeta Angel, y explica el significado ampliado de cada tarjeta.<\/p>\n\n\n\n<div style=\"height:63px\" aria-hidden=\"true\" class=\"wp-block-spacer\"><\/div>\n\n\n\n<p>BAZAR MERLIN\u00ae<br>El Lugar M\u00e1s M\u00edstico de Guadalajara<br>ENVIAMOS A TODO M\u00c9XICO\u2026\n\n<\/p>\n<!-- AddThis Advanced Settings generic via filter on the_content --><!-- AddThis Share Buttons generic via filter on the_content -->","protected":false},"excerpt":{"rendered":"<p>OR\u00c1CULO DEL ARCANGEL GABRIEL,44 CARTAS Y FOLLETO&#8211; Doreen Virtue &#8211; 44 Cartas El Arc\u00e1ngel Gabriel es el \u00e1ngel amado que anunci\u00f3: &#8220;\u00a1He aqu\u00ed, os traigo buenas nuevas de gran gozo!&#8221; Gabriel contin\u00faa tray\u00e9ndonos todos los mensajes alegres, adem\u00e1s de apoyar mensajeros humanos como escritores, artistas, artesanos, m\u00fasicos, maestros, periodistas y m\u00e1s. Gabriel tambi\u00e9n trae felices&hellip;<!-- AddThis Advanced Settings generic via filter on get_the_excerpt --><!-- AddThis Share Buttons generic via filter on get_the_excerpt --><\/p>\n","protected":false},"featured_media":7971,"template":"","meta":[],"product_cat":[15],"product_tag":[129,1599],"_links":{"self":[{"href":"https:\/\/www.bazarmerlin.com\/inicio\/wp-json\/wp\/v2\/product\/7968"}],"collection":[{"href":"https:\/\/www.bazarmerlin.com\/inicio\/wp-json\/wp\/v2\/product"}],"about":[{"href":"https:\/\/www.bazarmerlin.com\/inicio\/wp-json\/wp\/v2\/types\/product"}],"wp:featuredmedia":[{"embeddable":true,"href":"https:\/\/www.bazarmerlin.com\/inicio\/wp-json\/wp\/v2\/media\/7971"}],"wp:attachment":[{"href":"https:\/\/www.bazarmerlin.com\/inicio\/wp-json\/wp\/v2\/media?parent=7968"}],"wp:term":[{"taxonomy":"product_cat","embeddable":true,"href":"https:\/\/www.bazarmerlin.com\/inicio\/wp-json\/wp\/v2\/product_cat?post=7968"},{"taxonomy":"product_tag","embeddable":true,"href":"https:\/\/www.bazarmerlin.com\/inicio\/wp-json\/wp\/v2\/product_tag?post=7968"}],"curies":[{"name":"wp","href":"https:\/\/api.w.org\/{rel}","templated":true}]}}