{"id":7985,"date":"2022-03-28T19:16:35","date_gmt":"2022-03-28T19:16:35","guid":{"rendered":"https:\/\/www.bazarmerlin.com\/inicio\/?post_type=product&#038;p=7985"},"modified":"2022-06-08T23:42:21","modified_gmt":"2022-06-08T23:42:21","slug":"cartas-del-oraculo-cristales-de-sanacion-jade-sky","status":"publish","type":"product","link":"https:\/\/www.bazarmerlin.com\/inicio\/producto\/cartas-del-oraculo-cristales-de-sanacion-jade-sky\/","title":{"rendered":"Cartas Del Or\u00e1culo Cristales De Sanaci\u00f3n &#8211; Jade Sky"},"content":{"rendered":"\n<p>\n\nCARTAS DEL OR\u00c1CULO CRISTALES DE SANACI\u00d3N<br>Jade Sky<\/p>\n\n\n\n<p>44 CARTAS Y LIBRO GUIA.<\/p>\n\n\n\n<p>Las cartas del or\u00e1culo, Cristales de sanaci\u00f3n, contienen la sabidur\u00eda y la vibraci\u00f3n energ\u00e9tica de 44 cristales poderosos; cada uno fue escogido por sus cualidades \u00fanicas de sanaci\u00f3n. Cada cristal se relaciona con un chakra (centro de energ\u00eda) espec\u00edfico del cuerpo y pone de relieve aspectos de tu vida que podr\u00edan necesitar atenci\u00f3n y sanaci\u00f3n especial.<\/p>\n\n\n\n<p>Las cartas ofrecen una gu\u00eda e instrucciones claras y pueden usarlas los lectores que son principiantes en la lectura de cartas y tambi\u00e9n profesionales que deseen a\u00f1adir una nueva dimensi\u00f3n a sus lecturas.<\/p>\n\n\n\n<div style=\"height:64px\" aria-hidden=\"true\" class=\"wp-block-spacer\"><\/div>\n\n\n\n<p>BAZAR MERL\u00cdN<br>El Lugar M\u00e1s M\u00edstico de Guadalajara<br>ENVIAMOS A TODO M\u00c9XICO&#8230;\n\n<\/p>\n<!-- AddThis Advanced Settings generic via filter on the_content --><!-- AddThis Share Buttons generic via filter on the_content -->","protected":false},"excerpt":{"rendered":"<p>CARTAS DEL OR\u00c1CULO CRISTALES DE SANACI\u00d3NJade Sky 44 CARTAS Y LIBRO GUIA. Las cartas del or\u00e1culo, Cristales de sanaci\u00f3n, contienen la sabidur\u00eda y la vibraci\u00f3n energ\u00e9tica de 44 cristales poderosos; cada uno fue escogido por sus cualidades \u00fanicas de sanaci\u00f3n. Cada cristal se relaciona con un chakra (centro de energ\u00eda) espec\u00edfico del cuerpo y pone&hellip;<!-- AddThis Advanced Settings generic via filter on get_the_excerpt --><!-- AddThis Share Buttons generic via filter on get_the_excerpt --><\/p>\n","protected":false},"featured_media":7986,"template":"","meta":[],"product_cat":[15],"product_tag":[1601,1602],"_links":{"self":[{"href":"https:\/\/www.bazarmerlin.com\/inicio\/wp-json\/wp\/v2\/product\/7985"}],"collection":[{"href":"https:\/\/www.bazarmerlin.com\/inicio\/wp-json\/wp\/v2\/product"}],"about":[{"href":"https:\/\/www.bazarmerlin.com\/inicio\/wp-json\/wp\/v2\/types\/product"}],"wp:featuredmedia":[{"embeddable":true,"href":"https:\/\/www.bazarmerlin.com\/inicio\/wp-json\/wp\/v2\/media\/7986"}],"wp:attachment":[{"href":"https:\/\/www.bazarmerlin.com\/inicio\/wp-json\/wp\/v2\/media?parent=7985"}],"wp:term":[{"taxonomy":"product_cat","embeddable":true,"href":"https:\/\/www.bazarmerlin.com\/inicio\/wp-json\/wp\/v2\/product_cat?post=7985"},{"taxonomy":"product_tag","embeddable":true,"href":"https:\/\/www.bazarmerlin.com\/inicio\/wp-json\/wp\/v2\/product_tag?post=7985"}],"curies":[{"name":"wp","href":"https:\/\/api.w.org\/{rel}","templated":true}]}}