{"id":8038,"date":"2022-04-01T00:34:29","date_gmt":"2022-04-01T00:34:29","guid":{"rendered":"https:\/\/www.bazarmerlin.com\/inicio\/?post_type=product&#038;p=8038"},"modified":"2022-06-08T23:42:23","modified_gmt":"2022-06-08T23:42:23","slug":"spray-estrella-de-7-puntas-abre-puertas-y-caminos","status":"publish","type":"product","link":"https:\/\/www.bazarmerlin.com\/inicio\/producto\/spray-estrella-de-7-puntas-abre-puertas-y-caminos\/","title":{"rendered":"Spray Estrella De 7 Puntas &#8211; Abre Puertas Y Caminos"},"content":{"rendered":"\n<p>\n\nPODEROSO SPRAY ESTRELLA 7 PUNTAS<br>Abre Puertas Y Caminos<\/p>\n\n\n\n<p>Que abre puertas y caminos por mas cerrados que este<br>y mas mala suerte que tengas.<\/p>\n\n\n\n<p>Este Poderoso Spray est\u00e1 elaborado junto varios s\u00edmbolos cabal\u00edsticos y rituales capaces de atraer la suerte y protecci\u00f3n de manera inmediata.<\/p>\n\n\n\n<p>As\u00ed mismo el Spray Estrella de 7 puntas esta elaborado con los mas finos aceites, plantas y omieros cubanos que dan ese toque fresco pero atrayente al \u00e9xito en todo lo que emprendas.<\/p>\n\n\n\n<p>Ideal para:<\/p>\n\n\n\n<p>* Los que no ganan en juegos de azar.<br>* Los que no consiguen trabajo.<br>* Los que no tienen suerte en el amor.<br>* Para comprar o obtener ese cr\u00e9dito tan anhelado.<br>* Recuperar la salud.<br>* Evitar enfermedades.<br>* Romper y alejar cualquier da\u00f1o o mala suerte de tu camino.<br>* Atraer personas que cambien tu vida y energ\u00eda.<br>* Los que quieren vender m\u00e1s en su negocio. (col\u00f3calo dentro de donde guardes tu dinero y veras como atrae m\u00e1s dinero y clientes)<\/p>\n\n\n\n<p><\/p>\n\n\n\n<div style=\"height:64px\" aria-hidden=\"true\" class=\"wp-block-spacer\"><\/div>\n\n\n\n<p>BAZAR MERLIN<br>El Lugar M\u00e1s M\u00edstico de Guadalajara<br>ENVIAMOS A TODO M\u00c9XICO&#8230;\n\n<\/p>\n<!-- AddThis Advanced Settings generic via filter on the_content --><!-- AddThis Share Buttons generic via filter on the_content -->","protected":false},"excerpt":{"rendered":"<p>PODEROSO SPRAY ESTRELLA 7 PUNTASAbre Puertas Y Caminos Que abre puertas y caminos por mas cerrados que estey mas mala suerte que tengas. Este Poderoso Spray est\u00e1 elaborado junto varios s\u00edmbolos cabal\u00edsticos y rituales capaces de atraer la suerte y protecci\u00f3n de manera inmediata. As\u00ed mismo el Spray Estrella de 7 puntas esta elaborado con&hellip;<!-- AddThis Advanced Settings generic via filter on get_the_excerpt --><!-- AddThis Share Buttons generic via filter on get_the_excerpt --><\/p>\n","protected":false},"featured_media":8039,"template":"","meta":[],"product_cat":[14],"product_tag":[288,1617],"_links":{"self":[{"href":"https:\/\/www.bazarmerlin.com\/inicio\/wp-json\/wp\/v2\/product\/8038"}],"collection":[{"href":"https:\/\/www.bazarmerlin.com\/inicio\/wp-json\/wp\/v2\/product"}],"about":[{"href":"https:\/\/www.bazarmerlin.com\/inicio\/wp-json\/wp\/v2\/types\/product"}],"wp:featuredmedia":[{"embeddable":true,"href":"https:\/\/www.bazarmerlin.com\/inicio\/wp-json\/wp\/v2\/media\/8039"}],"wp:attachment":[{"href":"https:\/\/www.bazarmerlin.com\/inicio\/wp-json\/wp\/v2\/media?parent=8038"}],"wp:term":[{"taxonomy":"product_cat","embeddable":true,"href":"https:\/\/www.bazarmerlin.com\/inicio\/wp-json\/wp\/v2\/product_cat?post=8038"},{"taxonomy":"product_tag","embeddable":true,"href":"https:\/\/www.bazarmerlin.com\/inicio\/wp-json\/wp\/v2\/product_tag?post=8038"}],"curies":[{"name":"wp","href":"https:\/\/api.w.org\/{rel}","templated":true}]}}