{"id":8055,"date":"2022-04-01T19:02:36","date_gmt":"2022-04-01T19:02:36","guid":{"rendered":"https:\/\/www.bazarmerlin.com\/inicio\/?post_type=product&#038;p=8055"},"modified":"2022-06-08T23:42:23","modified_gmt":"2022-06-08T23:42:23","slug":"spray-lluvia-de-suerte-oportunidades-y-suerte","status":"publish","type":"product","link":"https:\/\/www.bazarmerlin.com\/inicio\/producto\/spray-lluvia-de-suerte-oportunidades-y-suerte\/","title":{"rendered":"Spray Lluvia De Suerte &#8211; Oportunidades Y Suerte"},"content":{"rendered":"\n<p>\n\nSPRAY LLUVIA DE SUERTE<br>Oportunidades Y Suerte en Todo.<\/p>\n\n\n\n<p>Spray Lluvia de Suerte te ayuda a alcanzar todas tus metas de manera m\u00e1s f\u00e1cil para vez que emprendes cualquier acci\u00f3n para obtener \u00e9xito este spray y la fortuna le ser\u00e1 propicia en todas las actividades de su vida.<\/p>\n\n\n\n<p>ESPECIAL PARA ATRAER PROSPERIDAD, AMOR, SALUD Y<br>SUERTE EN TODO&#8230;<\/p>\n\n\n\n<p>Spray lluvia de suerte te ayuda a alcanzar todas tus metas de manera m\u00e1s f\u00e1cil para vez que emprendes cualquier acci\u00f3n para obtener \u00e9xito este Spray y la fortuna le ser\u00e1 propicia en todas las actividades de su vida s\u00f3lo tiene que aplicar con este poderoso Spray y decir la oraci\u00f3n de su preferencia para atraer salud, dinero, amor, suerte, felicidad, poder y \u00e9xito<\/p>\n\n\n\n<p><\/p>\n\n\n\n<div style=\"height:66px\" aria-hidden=\"true\" class=\"wp-block-spacer\"><\/div>\n\n\n\n<p>BAZAR MERLIN<br>El Lugar M\u00e1s M\u00edstico de Guadalajara<br>ENVIAMOS A TODO M\u00c9XICO&#8230;\n\n<\/p>\n<!-- AddThis Advanced Settings generic via filter on the_content --><!-- AddThis Share Buttons generic via filter on the_content -->","protected":false},"excerpt":{"rendered":"<p>SPRAY LLUVIA DE SUERTEOportunidades Y Suerte en Todo. Spray Lluvia de Suerte te ayuda a alcanzar todas tus metas de manera m\u00e1s f\u00e1cil para vez que emprendes cualquier acci\u00f3n para obtener \u00e9xito este spray y la fortuna le ser\u00e1 propicia en todas las actividades de su vida. ESPECIAL PARA ATRAER PROSPERIDAD, AMOR, SALUD YSUERTE EN&hellip;<!-- AddThis Advanced Settings generic via filter on get_the_excerpt --><!-- AddThis Share Buttons generic via filter on get_the_excerpt --><\/p>\n","protected":false},"featured_media":8056,"template":"","meta":[],"product_cat":[14],"product_tag":[1630,1629],"_links":{"self":[{"href":"https:\/\/www.bazarmerlin.com\/inicio\/wp-json\/wp\/v2\/product\/8055"}],"collection":[{"href":"https:\/\/www.bazarmerlin.com\/inicio\/wp-json\/wp\/v2\/product"}],"about":[{"href":"https:\/\/www.bazarmerlin.com\/inicio\/wp-json\/wp\/v2\/types\/product"}],"wp:featuredmedia":[{"embeddable":true,"href":"https:\/\/www.bazarmerlin.com\/inicio\/wp-json\/wp\/v2\/media\/8056"}],"wp:attachment":[{"href":"https:\/\/www.bazarmerlin.com\/inicio\/wp-json\/wp\/v2\/media?parent=8055"}],"wp:term":[{"taxonomy":"product_cat","embeddable":true,"href":"https:\/\/www.bazarmerlin.com\/inicio\/wp-json\/wp\/v2\/product_cat?post=8055"},{"taxonomy":"product_tag","embeddable":true,"href":"https:\/\/www.bazarmerlin.com\/inicio\/wp-json\/wp\/v2\/product_tag?post=8055"}],"curies":[{"name":"wp","href":"https:\/\/api.w.org\/{rel}","templated":true}]}}