{"id":8158,"date":"2022-04-19T18:32:07","date_gmt":"2022-04-19T18:32:07","guid":{"rendered":"https:\/\/www.bazarmerlin.com\/inicio\/?post_type=product&#038;p=8158"},"modified":"2022-11-29T23:55:12","modified_gmt":"2022-11-29T23:55:12","slug":"velon-de-21-mechas-blanco-arrasa-con-todo","status":"publish","type":"product","link":"https:\/\/www.bazarmerlin.com\/inicio\/producto\/velon-de-21-mechas-blanco-arrasa-con-todo\/","title":{"rendered":"Vel\u00f3n De 21 Mechas Blanco &#8211; Arrasa Con Todo"},"content":{"rendered":"<p><strong>** VEL\u00d3N 21 MECHAS &#8211; BLANCO **<\/strong><\/p>\n<p><strong>CORTA TODO TIPO DE TRABAJO DE MAGIA<\/strong><\/p>\n<p>&nbsp;<\/p>\n<p><em>UTILIZACI\u00d3N DEL VELON DE 21 MECHAS CONTRA TRABAJOS DE MAGIA.<\/em> El vel\u00f3n de 21 mechas, tiene dentro una peque\u00f1a porci\u00f3n de p\u00f3lvora que es ideal para cortar todo tipo de trabajos m\u00e1gicos. Cuando la vela se est\u00e1 consumiendo da un peque\u00f1o fogonazo, que hace que, los trabajos de magia desaparezcan.<\/p>\n<p>Dependiendo del trabajo a realizar, lo compraremos de un color o otro para resolver cualquier trabajo de magia.<\/p>\n<p><em>El VEL\u00d3N DE 21 MECHAS BLANCO ARRASA CON TODO.<\/em> Si se desea aumentar la eficacia se puede ungir con aceite esencial de miel. Tambi\u00e9n llamado rompetrabajos o rompedor y suele utilizarse, entre otras peticiones, para ROMPER TRABAJOS DE MAGIA u otras malas influencias que a uno le puedan estar aplicando.<\/p>\n<p>Una vez escogido el color de la vela seg\u00fan el prop\u00f3sito que necesites necesitar\u00e1s :<br \/>\n\u2013 Aceite de Ruda<\/p>\n<p>\u2013 1 Pergamino<\/p>\n<p>Realizar con luna menguante.<br \/>\nLa petici\u00f3n ha de ser positiva, sin ning\u00fan deseo de enviar da\u00f1o a nadie, solo quitar el que uno tiene. Una vez escrito, col\u00f3calo debajo del Vel\u00f3n, si tienes foto o algo personal tambi\u00e9n puedes situarlo bajo el vel\u00f3n. Ungir el vel\u00f3n de 21 mechas con aceite de ruda de abajo arriba visualizando lo que queremos pedir o realizar con \u00e9l. Se encender\u00e1 con cerillas de madera empezando por la mecha de abajo hacia arriba. Este vel\u00f3n es \u201d rompedor\u201d y tarda entre 15- 40 minutos en consumirse de forma rapid\u00edsima. El pergamino quedar\u00e1 sellado entre la cera, reforzando as\u00ed tu petici\u00f3n. El ritual finaliza cuando la \u00faltima mecha se apaga, esperaremos a que la cera est\u00e9 fr\u00eda y se arrojar\u00e1 a una corriente de agua o se podr\u00e1 enterrar en una maceta que est\u00e9 al aire libre. Dicho ritual puede realizarse hasta 3 veces si fuese necesario<\/p>\n<p>&nbsp;<\/p>\n<p>&nbsp;<\/p>\n<p><strong>BAZAR MERLIN<\/strong><br \/>\n<strong>El Lugar M\u00e1s M\u00edstico de Guadalajara<\/strong><br \/>\n<strong>ENVIAMOS A TODO M\u00c9XICO<\/strong><\/p>\n<!-- AddThis Advanced Settings generic via filter on the_content --><!-- AddThis Share Buttons generic via filter on the_content -->","protected":false},"excerpt":{"rendered":"<p>** VEL\u00d3N 21 MECHAS &#8211; BLANCO ** CORTA TODO TIPO DE TRABAJO DE MAGIA &nbsp; UTILIZACI\u00d3N DEL VELON DE 21 MECHAS CONTRA TRABAJOS DE MAGIA. El vel\u00f3n de 21 mechas, tiene dentro una peque\u00f1a porci\u00f3n de p\u00f3lvora que es ideal para cortar todo tipo de trabajos m\u00e1gicos. Cuando la vela se est\u00e1 consumiendo da un&hellip;<!-- AddThis Advanced Settings generic via filter on get_the_excerpt --><!-- AddThis Share Buttons generic via filter on get_the_excerpt --><\/p>\n","protected":false},"featured_media":10894,"template":"","meta":[],"product_cat":[19],"product_tag":[1644,1643],"_links":{"self":[{"href":"https:\/\/www.bazarmerlin.com\/inicio\/wp-json\/wp\/v2\/product\/8158"}],"collection":[{"href":"https:\/\/www.bazarmerlin.com\/inicio\/wp-json\/wp\/v2\/product"}],"about":[{"href":"https:\/\/www.bazarmerlin.com\/inicio\/wp-json\/wp\/v2\/types\/product"}],"wp:featuredmedia":[{"embeddable":true,"href":"https:\/\/www.bazarmerlin.com\/inicio\/wp-json\/wp\/v2\/media\/10894"}],"wp:attachment":[{"href":"https:\/\/www.bazarmerlin.com\/inicio\/wp-json\/wp\/v2\/media?parent=8158"}],"wp:term":[{"taxonomy":"product_cat","embeddable":true,"href":"https:\/\/www.bazarmerlin.com\/inicio\/wp-json\/wp\/v2\/product_cat?post=8158"},{"taxonomy":"product_tag","embeddable":true,"href":"https:\/\/www.bazarmerlin.com\/inicio\/wp-json\/wp\/v2\/product_tag?post=8158"}],"curies":[{"name":"wp","href":"https:\/\/api.w.org\/{rel}","templated":true}]}}