{"id":8172,"date":"2022-04-19T19:17:50","date_gmt":"2022-04-19T19:17:50","guid":{"rendered":"https:\/\/www.bazarmerlin.com\/inicio\/?post_type=product&#038;p=8172"},"modified":"2022-11-30T23:24:49","modified_gmt":"2022-11-30T23:24:49","slug":"velon-potente-contra-envidias-enemigos-y-brujeria","status":"publish","type":"product","link":"https:\/\/www.bazarmerlin.com\/inicio\/producto\/velon-potente-contra-envidias-enemigos-y-brujeria\/","title":{"rendered":"Vel\u00f3n Potente Contra Envidias Enemigos Y Brujer\u00eda"},"content":{"rendered":"<p><strong>POTENTE VEL\u00d3N CONTRA ENVIDIAS<\/strong><br \/>\nEnemigos Y Brujer\u00eda<\/p>\n<p>OJO: EL COLOR DE ESTE POTENTE VELON PUEDE SER ROJO O NEGRO,<br \/>\nya que es para lo mismo ambos colores.<\/p>\n<p>Instrucciones:<br \/>\nEscribe tres veces los nombres de tus enemigos y col\u00f3calos debajo del vel\u00f3n, puedes prenderlo sobre un plato de vidrio resistente al calor.<\/p>\n<p>Poderoso Vel\u00f3n Contra Envidias, Habladur\u00edas, Malos Pensamientos y Malas Acciones de vecinos o personas cercanas o lejanas que quieran da\u00f1arte de alguna forma; este producto te protege y te ayuda a alejarlos.<\/p>\n<p>Contra esas lenguas y palabras que perjudican tu vida y tu persona, nada mejor que este Vel\u00f3n para callar todo esto y m\u00e1s.<\/p>\n<p>Retira la atenci\u00f3n de los envidiosos de ti y de tu camino; vu\u00e9lvete &#8220;invisible&#8221; ante sus malos comentarios, malos pensamientos y malas acciones, todo lo que sea en contra tuya, se vuelve contra ellos.<\/p>\n<p>OJO: EL COLOR DE ESTE POTENTE VELON PUEDE SER ROJO O NEGRO,<br \/>\nya que es para lo mismo ambos colores.<\/p>\n<p>&nbsp;<\/p>\n<p><strong>BAZAR MERLIN<\/strong><br \/>\n<strong>El Lugar M\u00e1s M\u00edstico de Guadalajara<\/strong><br \/>\n<strong>ENVIAMOS A TODO M\u00c9XICO Y EL MUNDO\u2026<\/strong><\/p>\n<!-- AddThis Advanced Settings generic via filter on the_content --><!-- AddThis Share Buttons generic via filter on the_content -->","protected":false},"excerpt":{"rendered":"<p>POTENTE VEL\u00d3N CONTRA ENVIDIAS Enemigos Y Brujer\u00eda OJO: EL COLOR DE ESTE POTENTE VELON PUEDE SER ROJO O NEGRO, ya que es para lo mismo ambos colores. Instrucciones: Escribe tres veces los nombres de tus enemigos y col\u00f3calos debajo del vel\u00f3n, puedes prenderlo sobre un plato de vidrio resistente al calor. Poderoso Vel\u00f3n Contra Envidias,&hellip;<!-- AddThis Advanced Settings generic via filter on get_the_excerpt --><!-- AddThis Share Buttons generic via filter on get_the_excerpt --><\/p>\n","protected":false},"featured_media":10906,"template":"","meta":[],"product_cat":[19],"product_tag":[1650],"_links":{"self":[{"href":"https:\/\/www.bazarmerlin.com\/inicio\/wp-json\/wp\/v2\/product\/8172"}],"collection":[{"href":"https:\/\/www.bazarmerlin.com\/inicio\/wp-json\/wp\/v2\/product"}],"about":[{"href":"https:\/\/www.bazarmerlin.com\/inicio\/wp-json\/wp\/v2\/types\/product"}],"wp:featuredmedia":[{"embeddable":true,"href":"https:\/\/www.bazarmerlin.com\/inicio\/wp-json\/wp\/v2\/media\/10906"}],"wp:attachment":[{"href":"https:\/\/www.bazarmerlin.com\/inicio\/wp-json\/wp\/v2\/media?parent=8172"}],"wp:term":[{"taxonomy":"product_cat","embeddable":true,"href":"https:\/\/www.bazarmerlin.com\/inicio\/wp-json\/wp\/v2\/product_cat?post=8172"},{"taxonomy":"product_tag","embeddable":true,"href":"https:\/\/www.bazarmerlin.com\/inicio\/wp-json\/wp\/v2\/product_tag?post=8172"}],"curies":[{"name":"wp","href":"https:\/\/api.w.org\/{rel}","templated":true}]}}