{"id":8233,"date":"2022-04-22T22:47:05","date_gmt":"2022-04-22T22:47:05","guid":{"rendered":"https:\/\/www.bazarmerlin.com\/inicio\/?post_type=product&#038;p=8233"},"modified":"2022-10-25T23:56:03","modified_gmt":"2022-10-25T23:56:03","slug":"oraculo-de-la-sabiduria-52-cartas","status":"publish","type":"product","link":"https:\/\/www.bazarmerlin.com\/inicio\/producto\/oraculo-de-la-sabiduria-52-cartas\/","title":{"rendered":"Or\u00e1culo De La Sabidur\u00eda &#8211; 52 Cartas"},"content":{"rendered":"<p><strong>OR\u00c1CULO DE LA SABIDUR\u00cdA<\/strong><br \/>\n<strong>LIBRO Y 52 BELLAS CARTAS A TODO COLOR<\/strong><\/p>\n<p>Or\u00e1culo de la sabidur\u00eda. Para tomar decisiones en la vida. (Libro y cartas)<\/p>\n<p>El Or\u00e1culo de la Sabidur\u00eda est\u00e1 compuesto por 52 cartas que conforman un lenguaje simb\u00f3lico basado en ancestrales herramientas de adivinaci\u00f3n. El Or\u00e1culo, cuyo rostro te contempla desde cada carta, act\u00faa de intermediario entre t\u00fa y el Esp\u00edritu y te habla de tu destino.<\/p>\n<p>A su vez, esta gu\u00eda ofrece m\u00e1s de 250 significados independientes aplicables a un n\u00famero ilimitado de circunstancias, gracias a los cuales podr\u00e1s interpretar sus mensajes sobre cada aspecto de tu viaje.<\/p>\n<p>Las cartas del Or\u00e1culo de la Sabidur\u00eda est\u00e1n esperando a que las consultes para ofrecerte respuestas y darte a conocer el camino hacia la paz, la prosperidad y el amor.<\/p>\n<p>&nbsp;<\/p>\n<p>&nbsp;<\/p>\n<p><strong>BAZAR MERLIN\u00ae<\/strong><br \/>\n<strong>El Lugar M\u00e1s M\u00edstico de Guadalajara<\/strong><br \/>\n<strong>ENVIAMOS A TODO M\u00c9XICO\u2026<\/strong><\/p>\n<!-- AddThis Advanced Settings generic via filter on the_content --><!-- AddThis Share Buttons generic via filter on the_content -->","protected":false},"excerpt":{"rendered":"<p>OR\u00c1CULO DE LA SABIDUR\u00cdA LIBRO Y 52 BELLAS CARTAS A TODO COLOR Or\u00e1culo de la sabidur\u00eda. Para tomar decisiones en la vida. (Libro y cartas) El Or\u00e1culo de la Sabidur\u00eda est\u00e1 compuesto por 52 cartas que conforman un lenguaje simb\u00f3lico basado en ancestrales herramientas de adivinaci\u00f3n. El Or\u00e1culo, cuyo rostro te contempla desde cada carta,&hellip;<!-- AddThis Advanced Settings generic via filter on get_the_excerpt --><!-- AddThis Share Buttons generic via filter on get_the_excerpt --><\/p>\n","protected":false},"featured_media":10445,"template":"","meta":[],"product_cat":[15],"product_tag":[1662],"_links":{"self":[{"href":"https:\/\/www.bazarmerlin.com\/inicio\/wp-json\/wp\/v2\/product\/8233"}],"collection":[{"href":"https:\/\/www.bazarmerlin.com\/inicio\/wp-json\/wp\/v2\/product"}],"about":[{"href":"https:\/\/www.bazarmerlin.com\/inicio\/wp-json\/wp\/v2\/types\/product"}],"wp:featuredmedia":[{"embeddable":true,"href":"https:\/\/www.bazarmerlin.com\/inicio\/wp-json\/wp\/v2\/media\/10445"}],"wp:attachment":[{"href":"https:\/\/www.bazarmerlin.com\/inicio\/wp-json\/wp\/v2\/media?parent=8233"}],"wp:term":[{"taxonomy":"product_cat","embeddable":true,"href":"https:\/\/www.bazarmerlin.com\/inicio\/wp-json\/wp\/v2\/product_cat?post=8233"},{"taxonomy":"product_tag","embeddable":true,"href":"https:\/\/www.bazarmerlin.com\/inicio\/wp-json\/wp\/v2\/product_tag?post=8233"}],"curies":[{"name":"wp","href":"https:\/\/api.w.org\/{rel}","templated":true}]}}