{"id":8263,"date":"2022-04-28T21:20:07","date_gmt":"2022-04-28T21:20:07","guid":{"rendered":"https:\/\/www.bazarmerlin.com\/inicio\/?post_type=product&#038;p=8263"},"modified":"2022-06-08T23:42:25","modified_gmt":"2022-06-08T23:42:25","slug":"incienso-sandalo-copal-hari-darshan-120-varitas","status":"publish","type":"product","link":"https:\/\/www.bazarmerlin.com\/inicio\/producto\/incienso-sandalo-copal-hari-darshan-120-varitas\/","title":{"rendered":"Incienso Sandalo Copal &#8211; Hari Darshan &#8211; 120 Varitas"},"content":{"rendered":"<p><strong>INCIENSO HD SANDALO COPAL PARA LA MEDITACI\u00d3N Y LA PAZ<\/strong><br \/>\n<strong>120 VARITAS EN 6 PAQUETES CON 20 VARITAS CADA UNO.<\/strong><\/p>\n<p>Este Incienso con su fragancia , siendo una mezcla de dos olores te traer\u00e1 varios beneficios, aqu\u00ed te decimos para que sirve cada uno:<\/p>\n<p>S\u00c1NDALO:<br \/>\nRelaja el cuerpo y tranquiliza la mente, otorgando suerte y fortuna. Paz interior. Brinda \u00e9xito en todo por medio de la perseverancia. Excelente para la meditaci\u00f3n y relajaci\u00f3n.<\/p>\n<p>COPAL<br \/>\nEs uno de los inciensos m\u00e1s importantes usado por las milenarias culturas de Am\u00e9rica pues su uso tiene connotaciones espirituales arraigadas en la creencia popular. Se dice que el copal purifica, protege, atrae el amor y la abundancia, nos conecta al amor y a la introspecci\u00f3n.<\/p>\n<p>-D\u00e9jalo actuar en tus espacios recurrentes, casa, trabajo, jard\u00edn, etc.<\/p>\n<p>&nbsp;<\/p>\n<p>&nbsp;<\/p>\n<p><strong>BAZAR MERLIN\u00ae<\/strong><br \/>\n<strong>El Lugar M\u00e1s M\u00edstico de Guadalajara<\/strong><br \/>\n<strong>ENVIAMOS A TODO M\u00c9XICO\u2026<\/strong><\/p>\n<!-- AddThis Advanced Settings generic via filter on the_content --><!-- AddThis Share Buttons generic via filter on the_content -->","protected":false},"excerpt":{"rendered":"<p>INCIENSO HD SANDALO COPAL PARA LA MEDITACI\u00d3N Y LA PAZ 120 VARITAS EN 6 PAQUETES CON 20 VARITAS CADA UNO. Este Incienso con su fragancia , siendo una mezcla de dos olores te traer\u00e1 varios beneficios, aqu\u00ed te decimos para que sirve cada uno: S\u00c1NDALO: Relaja el cuerpo y tranquiliza la mente, otorgando suerte y&hellip;<!-- AddThis Advanced Settings generic via filter on get_the_excerpt --><!-- AddThis Share Buttons generic via filter on get_the_excerpt --><\/p>\n","protected":false},"featured_media":8264,"template":"","meta":[],"product_cat":[274],"product_tag":[1666,1665],"_links":{"self":[{"href":"https:\/\/www.bazarmerlin.com\/inicio\/wp-json\/wp\/v2\/product\/8263"}],"collection":[{"href":"https:\/\/www.bazarmerlin.com\/inicio\/wp-json\/wp\/v2\/product"}],"about":[{"href":"https:\/\/www.bazarmerlin.com\/inicio\/wp-json\/wp\/v2\/types\/product"}],"wp:featuredmedia":[{"embeddable":true,"href":"https:\/\/www.bazarmerlin.com\/inicio\/wp-json\/wp\/v2\/media\/8264"}],"wp:attachment":[{"href":"https:\/\/www.bazarmerlin.com\/inicio\/wp-json\/wp\/v2\/media?parent=8263"}],"wp:term":[{"taxonomy":"product_cat","embeddable":true,"href":"https:\/\/www.bazarmerlin.com\/inicio\/wp-json\/wp\/v2\/product_cat?post=8263"},{"taxonomy":"product_tag","embeddable":true,"href":"https:\/\/www.bazarmerlin.com\/inicio\/wp-json\/wp\/v2\/product_tag?post=8263"}],"curies":[{"name":"wp","href":"https:\/\/api.w.org\/{rel}","templated":true}]}}