{"id":8279,"date":"2022-06-04T22:10:38","date_gmt":"2022-06-04T22:10:38","guid":{"rendered":"https:\/\/www.bazarmerlin.com\/inicio\/?post_type=product&#038;p=8279"},"modified":"2024-02-09T21:30:26","modified_gmt":"2024-02-09T21:30:26","slug":"kit-pendulo-bimetal-y-varillas-de-radiestesia-busca-tesoros","status":"publish","type":"product","link":"https:\/\/www.bazarmerlin.com\/inicio\/producto\/kit-pendulo-bimetal-y-varillas-de-radiestesia-busca-tesoros\/","title":{"rendered":"Kit P\u00e9ndulo Bimetal Y Varillas De Radiestesia Busca Tesoros"},"content":{"rendered":"<p><strong>P\u00c9NDULO Y VARILLAS PROFESIONALES<\/strong><br \/>\n<strong>PARA BUSCAR TESOROS<\/strong><\/p>\n<p>&nbsp;<\/p>\n<p>P\u00c9NDULO PROFESIONAL PARA BUSCAR TESOROS<br \/>\nORO &#8211; PLATA &#8211; O CUALQUIER METAL.<\/p>\n<p>PENDULO De 4 Cm DE Aproximado de Altura<\/p>\n<p>TIENE UN COMPARTIMIENTO APROXIMADO DE 2 CM<br \/>\nESTO LO HACE UNICO para poner un poco del METAL que buscas.<\/p>\n<p>Te mandamos: INFORMACION DE COMO USAR<br \/>\nEL PENDULO Y LAS VARILLAS PARA BUSCAR ORO Y UN MANUAL O GUIA DE USO.<\/p>\n<p>P\u00c9NDULO Con COMPARTIMIENTO para BUSCAR TESOROS.<\/p>\n<p>El P\u00e9ndulo es un instrumento de radiestesia que te ayuda a detectar energ\u00eda positivas o negativas de alguna \u00e1rea, as\u00ed como tambi\u00e9n poder BUSCAR METALES, localizar corrientes de agua, hacerle preguntas como m\u00e9todo de adivinaci\u00f3n.<br \/>\nEste P\u00e9ndulo es el mejor de todo el mercado libre, fabricado en el peso indicado para que sus movimientos sean los correctos a la hora de su uso.<\/p>\n<p>\u00bfC\u00f3mo usar un p\u00e9ndulo para buscar ORO?<\/p>\n<p>Con este p\u00e9ndulo es posible detectar y encontrar una gran cantidad de objetos diversos. Sin embargo si lo que deseamos es utilizar el p\u00e9ndulo para buscar metales, como ORO, la mejor opci\u00f3n es usar un tipo de p\u00e9ndulo diferente.<br \/>\nSe trata de un p\u00e9ndulo que nos permitir\u00e1 sintonizarlo con las radiaciones emitidas por el cuerpo que buscamos (en este caso el oro, tambi\u00e9n podr\u00eda usarse con plata u otros metales siguiendo el mismo procedimiento).<\/p>\n<p>&nbsp;<\/p>\n<p>LAS VARILLAS DE RADIESTESIA<\/p>\n<p>Sirven para medir energ\u00eda.<\/p>\n<p>Se usan para detecci\u00f3n en terrenos, casas y edificios.<br \/>\nPueden determinar LA LOCALIZACI\u00d3N DE TESOROS OCULTOS, AGUA, OBJETOS PERDIDOS. Tambi\u00e9n se han usado exitosamente para detectar PETR\u00d3LEO y MINERALES.<\/p>\n<p>La radiestesia se basa en la idea de que cada cuerpo emite est\u00edmulos el\u00e9ctricos, electromagn\u00e9ticos y radiaciones que pueden ser captadas con la ayuda de instrumentos como LAS VARILLAS, que actuar\u00edan a modo de amplificador de las capacidades de recepci\u00f3n de la persona que los maneja.<\/p>\n<p>El radiestesista, tambi\u00e9n llamado rabdomante y m\u00e1s com\u00fanmente zahor\u00ed, afirma que gracias a la ayuda de estos instrumentos simples, sostenidos en sus manos, puede detectar cambios electromagn\u00e9ticos a cualquier profundidad, como corrientes de agua, l\u00edneas de energ\u00eda, minerales, etc.<\/p>\n<p>Por supuesto BUSCAR ORO usando esta t\u00e9cnica parece una alternativa bastante interesante. De hecho la radiestesia surgi\u00f3 probablemente durante el siglo XV en Alemania con el objetivo de buscar y localizar metales. A lo largo de su historia ha sido considerada brujer\u00eda, superstici\u00f3n e incluso una pr\u00e1ctica sat\u00e1nica.<\/p>\n<p>Hoy en d\u00eda uno de los principales usos de esta t\u00e9cnica, quiz\u00e1 el de m\u00e1s larga tradici\u00f3n, es encontrar manantiales de agua subterr\u00e1neos. Esta actividad es realizada por los zahor\u00edes, quienes aseguran ser capaces de encontrar los sitios m\u00e1s favorables para la excavaci\u00f3n de pozos.<\/p>\n<p>El zahor\u00ed emplea, por lo general, unas varillas met\u00e1licas o bien un p\u00e9ndulo. la sostienen en una determinada postura con sus manos mientras recorren el terreno hasta detectar los movimientos de la misma que les indicar\u00edan la presencia del elemento buscado, normalmente agua o ORO<\/p>\n<p>Para buscar ORO se suelen usar varillas sobre el propio terreno e incluso se puede usar un p\u00e9ndulo sobre un mapa de la zona para determinar el lugar adecuado para empezar a buscar.<\/p>\n<p>&nbsp;<\/p>\n<p>&nbsp;<\/p>\n<p><strong>BAZAR MERLIN\u00ae<\/strong><br \/>\n<strong>El Lugar M\u00e1s M\u00edstico de Guadalajara<\/strong><br \/>\n<strong>ENVIAMOS A TODO M\u00c9XICO&#8230;<\/strong><\/p>\n<!-- AddThis Advanced Settings generic via filter on the_content --><!-- AddThis Share Buttons generic via filter on the_content -->","protected":false},"excerpt":{"rendered":"<p>P\u00c9NDULO Y VARILLAS PROFESIONALES PARA BUSCAR TESOROS &nbsp; P\u00c9NDULO PROFESIONAL PARA BUSCAR TESOROS ORO &#8211; PLATA &#8211; O CUALQUIER METAL. PENDULO De 4 Cm DE Aproximado de Altura TIENE UN COMPARTIMIENTO APROXIMADO DE 2 CM ESTO LO HACE UNICO para poner un poco del METAL que buscas. Te mandamos: INFORMACION DE COMO USAR EL PENDULO&hellip;<!-- AddThis Advanced Settings generic via filter on get_the_excerpt --><!-- AddThis Share Buttons generic via filter on get_the_excerpt --><\/p>\n","protected":false},"featured_media":9453,"template":"","meta":[],"product_cat":[21],"product_tag":[1673],"_links":{"self":[{"href":"https:\/\/www.bazarmerlin.com\/inicio\/wp-json\/wp\/v2\/product\/8279"}],"collection":[{"href":"https:\/\/www.bazarmerlin.com\/inicio\/wp-json\/wp\/v2\/product"}],"about":[{"href":"https:\/\/www.bazarmerlin.com\/inicio\/wp-json\/wp\/v2\/types\/product"}],"wp:featuredmedia":[{"embeddable":true,"href":"https:\/\/www.bazarmerlin.com\/inicio\/wp-json\/wp\/v2\/media\/9453"}],"wp:attachment":[{"href":"https:\/\/www.bazarmerlin.com\/inicio\/wp-json\/wp\/v2\/media?parent=8279"}],"wp:term":[{"taxonomy":"product_cat","embeddable":true,"href":"https:\/\/www.bazarmerlin.com\/inicio\/wp-json\/wp\/v2\/product_cat?post=8279"},{"taxonomy":"product_tag","embeddable":true,"href":"https:\/\/www.bazarmerlin.com\/inicio\/wp-json\/wp\/v2\/product_tag?post=8279"}],"curies":[{"name":"wp","href":"https:\/\/api.w.org\/{rel}","templated":true}]}}