{"id":8312,"date":"2022-05-04T22:22:54","date_gmt":"2022-05-04T22:22:54","guid":{"rendered":"https:\/\/www.bazarmerlin.com\/inicio\/?post_type=product&#038;p=8312"},"modified":"2022-12-31T00:10:43","modified_gmt":"2022-12-31T00:10:43","slug":"perfume-miel-de-amor-con-feromonas-para-hombre","status":"publish","type":"product","link":"https:\/\/www.bazarmerlin.com\/inicio\/producto\/perfume-miel-de-amor-con-feromonas-para-hombre\/","title":{"rendered":"Perfume Miel De Amor Con Feromonas Para Hombre"},"content":{"rendered":"<p><strong>PERFUME MIEL DE AMOR CON FEROMONAS<\/strong><br \/>\n<strong>LAS M\u00c1S VENDIDAS,\u00daNICAS TOTALMENTE INFALIBLES<\/strong><\/p>\n<p>&nbsp;<\/p>\n<p>perfume er\u00f3tico miel de amor ellos te ayuda para atraer f\u00edsica y sexualmente a la persona deseada, como contiene feromonas esa persona se sentir\u00e1 totalmente atra\u00edda hacia ti&#8230;<\/p>\n<p>Finalmente &#8211; Una forma F\u00e1cil, R\u00e1pida y Discreta que ayuda a provocar atracci\u00f3n f\u00edsica y sexual en el sexo opuesto.<\/p>\n<p>OBT\u00c9N M\u00c1S CITAS, M\u00c1S AMOR Y MAS SEXO !!!!<\/p>\n<p>* INCREMENTA TU ATRACTIVO F\u00cdSICO Y SEXUAL.<br \/>\n* FORTALECE LA RELACI\u00d3N DE PAREJA DISMINUIDA POR LA RUTINA Y EL ESTR\u00c9S.<br \/>\n* ESTIMULA EL DESEO SEXUAL DEL SEXO OPUESTO.<br \/>\n* TE PRESTARAN MAS ATENCI\u00d3N DISPUESTAS A CUALQUIER PROPUESTA DE SEDUCCI\u00d3N.<\/p>\n<p>Las Feromonas PERFUME MIEL DE AMOR vienen concentradas y<br \/>\nson 100% puras para hacerte mas atractivo,<\/p>\n<p>provocando ser mas atractivo al sexo opuesto.<\/p>\n<p>&nbsp;<\/p>\n<p>&nbsp;<\/p>\n<p><strong>BAZAR MERL\u00cdN<\/strong><br \/>\n<strong>El Lugar M\u00e1s M\u00edstico de Guadalajara<\/strong><br \/>\n<strong>ENVIAMOS A TODO M\u00c9XICO&#8230;<\/strong><\/p>\n<!-- AddThis Advanced Settings generic via filter on the_content --><!-- AddThis Share Buttons generic via filter on the_content -->","protected":false},"excerpt":{"rendered":"<p>PERFUME MIEL DE AMOR CON FEROMONAS LAS M\u00c1S VENDIDAS,\u00daNICAS TOTALMENTE INFALIBLES &nbsp; perfume er\u00f3tico miel de amor ellos te ayuda para atraer f\u00edsica y sexualmente a la persona deseada, como contiene feromonas esa persona se sentir\u00e1 totalmente atra\u00edda hacia ti&#8230; Finalmente &#8211; Una forma F\u00e1cil, R\u00e1pida y Discreta que ayuda a provocar atracci\u00f3n f\u00edsica y&hellip;<!-- AddThis Advanced Settings generic via filter on get_the_excerpt --><!-- AddThis Share Buttons generic via filter on get_the_excerpt --><\/p>\n","protected":false},"featured_media":11309,"template":"","meta":[],"product_cat":[17],"product_tag":[1680],"_links":{"self":[{"href":"https:\/\/www.bazarmerlin.com\/inicio\/wp-json\/wp\/v2\/product\/8312"}],"collection":[{"href":"https:\/\/www.bazarmerlin.com\/inicio\/wp-json\/wp\/v2\/product"}],"about":[{"href":"https:\/\/www.bazarmerlin.com\/inicio\/wp-json\/wp\/v2\/types\/product"}],"wp:featuredmedia":[{"embeddable":true,"href":"https:\/\/www.bazarmerlin.com\/inicio\/wp-json\/wp\/v2\/media\/11309"}],"wp:attachment":[{"href":"https:\/\/www.bazarmerlin.com\/inicio\/wp-json\/wp\/v2\/media?parent=8312"}],"wp:term":[{"taxonomy":"product_cat","embeddable":true,"href":"https:\/\/www.bazarmerlin.com\/inicio\/wp-json\/wp\/v2\/product_cat?post=8312"},{"taxonomy":"product_tag","embeddable":true,"href":"https:\/\/www.bazarmerlin.com\/inicio\/wp-json\/wp\/v2\/product_tag?post=8312"}],"curies":[{"name":"wp","href":"https:\/\/api.w.org\/{rel}","templated":true}]}}