{"id":8322,"date":"2022-05-05T23:54:37","date_gmt":"2022-05-05T23:54:37","guid":{"rendered":"https:\/\/www.bazarmerlin.com\/inicio\/?post_type=product&#038;p=8322"},"modified":"2022-10-11T23:25:48","modified_gmt":"2022-10-11T23:25:48","slug":"poderoso-jabon-de-ruda-purifica-y-limpia","status":"publish","type":"product","link":"https:\/\/www.bazarmerlin.com\/inicio\/producto\/poderoso-jabon-de-ruda-purifica-y-limpia\/","title":{"rendered":"Poderoso Jab\u00f3n De Ruda &#8211; Purifica Y Limpia"},"content":{"rendered":"<p><strong>JABON DE RUDA (PURIFICAR Y LIMPIAR)<\/strong><br \/>\n<strong>UTILIZALO EN TU BA\u00d1O DIARIO PARA ALEJAR Y PREVENIR EL MAL DE OJO.<\/strong><\/p>\n<p>Jab\u00f3n Ruda. Para purificar y limpiar. Jab\u00f3n fabricado mediante proceso artesanal y elaborado con ingredientes vegetales de primera calidad, suave y natural, y respetuoso con el medio ambiente.<\/p>\n<p>Este jab\u00f3n utiliza antiguas f\u00f3rmulas a base de Ruda, hierbas y aceites esenciales.<\/p>\n<p>As\u00ed es como la verdadera magia es llevada al cuarto de ba\u00f1o, promoviendo el bienestar y produciendo un estado mental positivo que nos ayudar\u00e1 a atraer la prosperidad, el amor y la abundancia.<\/p>\n<p>&nbsp;<\/p>\n<p>&nbsp;<\/p>\n<p><strong>BAZAR MERLIN<\/strong><br \/>\n<strong>El Lugar M\u00e1s M\u00edstico de Guadalajara<\/strong><br \/>\n<strong>ENVIAMOS A TODO M\u00c9XICO&#8230;<\/strong><\/p>\n<!-- AddThis Advanced Settings generic via filter on the_content --><!-- AddThis Share Buttons generic via filter on the_content -->","protected":false},"excerpt":{"rendered":"<p>JABON DE RUDA (PURIFICAR Y LIMPIAR) UTILIZALO EN TU BA\u00d1O DIARIO PARA ALEJAR Y PREVENIR EL MAL DE OJO. Jab\u00f3n Ruda. Para purificar y limpiar. Jab\u00f3n fabricado mediante proceso artesanal y elaborado con ingredientes vegetales de primera calidad, suave y natural, y respetuoso con el medio ambiente. Este jab\u00f3n utiliza antiguas f\u00f3rmulas a base de&hellip;<!-- AddThis Advanced Settings generic via filter on get_the_excerpt --><!-- AddThis Share Buttons generic via filter on get_the_excerpt --><\/p>\n","protected":false},"featured_media":10310,"template":"","meta":[],"product_cat":[14],"product_tag":[1683,1684],"_links":{"self":[{"href":"https:\/\/www.bazarmerlin.com\/inicio\/wp-json\/wp\/v2\/product\/8322"}],"collection":[{"href":"https:\/\/www.bazarmerlin.com\/inicio\/wp-json\/wp\/v2\/product"}],"about":[{"href":"https:\/\/www.bazarmerlin.com\/inicio\/wp-json\/wp\/v2\/types\/product"}],"wp:featuredmedia":[{"embeddable":true,"href":"https:\/\/www.bazarmerlin.com\/inicio\/wp-json\/wp\/v2\/media\/10310"}],"wp:attachment":[{"href":"https:\/\/www.bazarmerlin.com\/inicio\/wp-json\/wp\/v2\/media?parent=8322"}],"wp:term":[{"taxonomy":"product_cat","embeddable":true,"href":"https:\/\/www.bazarmerlin.com\/inicio\/wp-json\/wp\/v2\/product_cat?post=8322"},{"taxonomy":"product_tag","embeddable":true,"href":"https:\/\/www.bazarmerlin.com\/inicio\/wp-json\/wp\/v2\/product_tag?post=8322"}],"curies":[{"name":"wp","href":"https:\/\/api.w.org\/{rel}","templated":true}]}}