{"id":8359,"date":"2022-05-06T21:31:05","date_gmt":"2022-05-06T21:31:05","guid":{"rendered":"https:\/\/www.bazarmerlin.com\/inicio\/?post_type=product&#038;p=8359"},"modified":"2023-08-19T00:52:07","modified_gmt":"2023-08-19T00:52:07","slug":"jabon-arrasa-brujeria-contrarresta-danos-y-malas-energias","status":"publish","type":"product","link":"https:\/\/www.bazarmerlin.com\/inicio\/producto\/jabon-arrasa-brujeria-contrarresta-danos-y-malas-energias\/","title":{"rendered":"Jab\u00f3n Arrasa Brujer\u00eda Contrarresta Da\u00f1os Y Malas Energ\u00edas"},"content":{"rendered":"<p><strong>JAB\u00d3N\u00a0 ARRASA BRUJER\u00cdA<\/strong><br \/>\nQuita Da\u00f1os y Malas Enegias<\/p>\n<p>Es un poderoso jab\u00f3n elaborado de manera ancestral que rompe con todo el mal que se tenga ya sea natural o provocado. Ayuda a corregir y aumentar nuestra energ\u00eda ya que estabiliza los 7 chakras ayud\u00e1ndonos a atraer dinero, amor, salud, protecci\u00f3n, abrir caminos y \u00e9xito en todo lo que emprendamos.<\/p>\n<p>Las limpiezas o rituales con jabones sirven para uso diario tanto del cuerpo como de las manos y toda tu energ\u00eda c\u00f3smica y \u00e1urica equilibrando tus chakras para as\u00ed cambiar de forma inmediata tu suerte. Su fabricaci\u00f3n y su composici\u00f3n son de forma 100% artesanal por lo que llevan la esencia y extracto natural para equilibrar tu energ\u00eda, en algunos jabones hierbas en su interior.<\/p>\n<p>Elaborado por SANTEROS con hierbas tratadas y aceites esenciales importados desde CUBA Y HAIT\u00cd.<\/p>\n<p>Los Jabones Esot\u00e9ricos son preparados con productos, esencias y extractos especiales. Cuando tienes un problema que crees de dif\u00edcil soluci\u00f3n es bueno recurrir a los rituales de magia, estos siempre nos ayudan a lograr exitosamente los objetivos que queremos conseguir.<\/p>\n<p>&nbsp;<\/p>\n<p>&nbsp;<\/p>\n<p><strong>BAZAR MERLIN<\/strong><br \/>\n<strong>El Lugar M\u00e1s M\u00edstico de Guadalajara<\/strong><br \/>\n<strong>ENVIAMOS A TODO M\u00c9XICO.<\/strong>..<\/p>\n<!-- AddThis Advanced Settings generic via filter on the_content --><!-- AddThis Share Buttons generic via filter on the_content -->","protected":false},"excerpt":{"rendered":"<p>JAB\u00d3N\u00a0 ARRASA BRUJER\u00cdA Quita Da\u00f1os y Malas Enegias Es un poderoso jab\u00f3n elaborado de manera ancestral que rompe con todo el mal que se tenga ya sea natural o provocado. Ayuda a corregir y aumentar nuestra energ\u00eda ya que estabiliza los 7 chakras ayud\u00e1ndonos a atraer dinero, amor, salud, protecci\u00f3n, abrir caminos y \u00e9xito en&hellip;<!-- AddThis Advanced Settings generic via filter on get_the_excerpt --><!-- AddThis Share Buttons generic via filter on get_the_excerpt --><\/p>\n","protected":false},"featured_media":8360,"template":"","meta":[],"product_cat":[14],"product_tag":[1705],"_links":{"self":[{"href":"https:\/\/www.bazarmerlin.com\/inicio\/wp-json\/wp\/v2\/product\/8359"}],"collection":[{"href":"https:\/\/www.bazarmerlin.com\/inicio\/wp-json\/wp\/v2\/product"}],"about":[{"href":"https:\/\/www.bazarmerlin.com\/inicio\/wp-json\/wp\/v2\/types\/product"}],"wp:featuredmedia":[{"embeddable":true,"href":"https:\/\/www.bazarmerlin.com\/inicio\/wp-json\/wp\/v2\/media\/8360"}],"wp:attachment":[{"href":"https:\/\/www.bazarmerlin.com\/inicio\/wp-json\/wp\/v2\/media?parent=8359"}],"wp:term":[{"taxonomy":"product_cat","embeddable":true,"href":"https:\/\/www.bazarmerlin.com\/inicio\/wp-json\/wp\/v2\/product_cat?post=8359"},{"taxonomy":"product_tag","embeddable":true,"href":"https:\/\/www.bazarmerlin.com\/inicio\/wp-json\/wp\/v2\/product_tag?post=8359"}],"curies":[{"name":"wp","href":"https:\/\/api.w.org\/{rel}","templated":true}]}}