{"id":8371,"date":"2022-05-06T22:25:56","date_gmt":"2022-05-06T22:25:56","guid":{"rendered":"https:\/\/www.bazarmerlin.com\/inicio\/?post_type=product&#038;p=8371"},"modified":"2023-01-12T22:00:43","modified_gmt":"2023-01-12T22:00:43","slug":"incienso-santa-muerte-arrasa-brujeria-10-paquete","status":"publish","type":"product","link":"https:\/\/www.bazarmerlin.com\/inicio\/producto\/incienso-santa-muerte-arrasa-brujeria-10-paquete\/","title":{"rendered":"Incienso Santa Muerte &#8211; Arrasa Brujer\u00eda &#8211; 10 Paquete"},"content":{"rendered":"<p><strong>INCIENSO MUERTE TRASCENDENTAL<\/strong><br \/>\n<strong>ARRASA BRUJER\u00cdA<\/strong><\/p>\n<p>El incienso Muerte Trascendental ha sido elaborado minuciosa y artesanalmente, para ello se han usado materiales de la m\u00e1s alta calidad como:<br \/>\nCopal, Mirra, S\u00e1ndalo, Canela, Almizcle, etc.<\/p>\n<p>El prop\u00f3sito de este incienso artesanal es ayudar a purificar la casa, el negocio, el cuerpo, y sobre todo la mente, pues se recomienda prenderlo con devoci\u00f3n antes de meditar la oraci\u00f3n.<\/p>\n<p>10 paquetes<br \/>\n20 Varitas c\/u<\/p>\n<p>&nbsp;<\/p>\n<p>&nbsp;<\/p>\n<p><strong>BAZAR MERLIN\u00ae<\/strong><br \/>\n<strong>El Lugar M\u00e1s M\u00edstico de Guadalajara<\/strong><br \/>\n<strong>ENVIAMOS A TODO M\u00c9XICO &#8230;<\/strong><\/p>\n<!-- AddThis Advanced Settings generic via filter on the_content --><!-- AddThis Share Buttons generic via filter on the_content -->","protected":false},"excerpt":{"rendered":"<p>INCIENSO MUERTE TRASCENDENTAL ARRASA BRUJER\u00cdA El incienso Muerte Trascendental ha sido elaborado minuciosa y artesanalmente, para ello se han usado materiales de la m\u00e1s alta calidad como: Copal, Mirra, S\u00e1ndalo, Canela, Almizcle, etc. El prop\u00f3sito de este incienso artesanal es ayudar a purificar la casa, el negocio, el cuerpo, y sobre todo la mente, pues&hellip;<!-- AddThis Advanced Settings generic via filter on get_the_excerpt --><!-- AddThis Share Buttons generic via filter on get_the_excerpt --><\/p>\n","protected":false},"featured_media":11511,"template":"","meta":[],"product_cat":[274],"product_tag":[550,1714],"_links":{"self":[{"href":"https:\/\/www.bazarmerlin.com\/inicio\/wp-json\/wp\/v2\/product\/8371"}],"collection":[{"href":"https:\/\/www.bazarmerlin.com\/inicio\/wp-json\/wp\/v2\/product"}],"about":[{"href":"https:\/\/www.bazarmerlin.com\/inicio\/wp-json\/wp\/v2\/types\/product"}],"wp:featuredmedia":[{"embeddable":true,"href":"https:\/\/www.bazarmerlin.com\/inicio\/wp-json\/wp\/v2\/media\/11511"}],"wp:attachment":[{"href":"https:\/\/www.bazarmerlin.com\/inicio\/wp-json\/wp\/v2\/media?parent=8371"}],"wp:term":[{"taxonomy":"product_cat","embeddable":true,"href":"https:\/\/www.bazarmerlin.com\/inicio\/wp-json\/wp\/v2\/product_cat?post=8371"},{"taxonomy":"product_tag","embeddable":true,"href":"https:\/\/www.bazarmerlin.com\/inicio\/wp-json\/wp\/v2\/product_tag?post=8371"}],"curies":[{"name":"wp","href":"https:\/\/api.w.org\/{rel}","templated":true}]}}