{"id":8378,"date":"2022-05-10T18:47:29","date_gmt":"2022-05-10T18:47:29","guid":{"rendered":"https:\/\/www.bazarmerlin.com\/inicio\/?post_type=product&#038;p=8378"},"modified":"2024-10-08T03:24:14","modified_gmt":"2024-10-08T03:24:14","slug":"exterminador-es-un-potente-talisman-en-7-metales","status":"publish","type":"product","link":"https:\/\/www.bazarmerlin.com\/inicio\/producto\/exterminador-es-un-potente-talisman-en-7-metales\/","title":{"rendered":"Exterminador Es Un Potente Talisman En 7 Metales"},"content":{"rendered":"<p><strong>El EXTERMINADOR ES UN POTENTE TALISMAN<\/strong><br \/>\npara acabar con todos los males.<\/p>\n<p><strong><em>NOTA<\/em><\/strong>: Despu\u00e9s de tu Compra nos contactas<br \/>\npara ver los <em>COLORES QUE TENEMOS EN EXISTENCIA<\/em><\/p>\n<p>Hecho en 7 metales y encapsulado en resina.<br \/>\nTama\u00f1o Aproximado: 3.5 cm. de Di\u00e1metro.<\/p>\n<p>Este talism\u00e1n tiene el poder de destruir cualquier cosa que se interponga en nuestro bienestar, est\u00e1 dise\u00f1ado para hacer que el due\u00f1o alcance inmediatamente los objetivos que se ha trazado y para detener a la persona que se pueda oponer a ellos.<\/p>\n<p>Obligar\u00e1 a los enemigos a arrodillarse ante tus pies.<br \/>\nSe acabar\u00e1n todos tus males y tendr\u00e1s la vida que te mereces.<\/p>\n<p>Potenciado con el Tetragr\u00e1maton talism\u00e1n protector por excelencia, por proteger de trabajos de magia negra, hechizos, embrujos y rebotes de tipo m\u00edstico ser\u00e1s invencible.<\/p>\n<p>Tetragr\u00e1maton, poderoso talism\u00e1n contra la magia negra, energ\u00edas negativas y malos esp\u00edritus, es un poderoso protector, s\u00edmbolo del equilibrio espiritual, f\u00edsico y mental.<\/p>\n<p>&nbsp;<\/p>\n<p>&nbsp;<\/p>\n<p><strong>BAZAR MERLIN\u00ae<\/strong><br \/>\n<strong>El Lugar M\u00e1s M\u00edstico de Guadalajara<\/strong><br \/>\n<strong>ENVIAMOS A TODO M\u00c9XICO&#8230;<\/strong><\/p>\n<!-- AddThis Advanced Settings generic via filter on the_content --><!-- AddThis Share Buttons generic via filter on the_content -->","protected":false},"excerpt":{"rendered":"<p>El EXTERMINADOR ES UN POTENTE TALISMAN para acabar con todos los males. NOTA: Despu\u00e9s de tu Compra nos contactas para ver los COLORES QUE TENEMOS EN EXISTENCIA Hecho en 7 metales y encapsulado en resina. Tama\u00f1o Aproximado: 3.5 cm. de Di\u00e1metro. Este talism\u00e1n tiene el poder de destruir cualquier cosa que se interponga en nuestro&hellip;<!-- AddThis Advanced Settings generic via filter on get_the_excerpt --><!-- AddThis Share Buttons generic via filter on get_the_excerpt --><\/p>\n","protected":false},"featured_media":8379,"template":"","meta":[],"product_cat":[12],"product_tag":[1716],"_links":{"self":[{"href":"https:\/\/www.bazarmerlin.com\/inicio\/wp-json\/wp\/v2\/product\/8378"}],"collection":[{"href":"https:\/\/www.bazarmerlin.com\/inicio\/wp-json\/wp\/v2\/product"}],"about":[{"href":"https:\/\/www.bazarmerlin.com\/inicio\/wp-json\/wp\/v2\/types\/product"}],"wp:featuredmedia":[{"embeddable":true,"href":"https:\/\/www.bazarmerlin.com\/inicio\/wp-json\/wp\/v2\/media\/8379"}],"wp:attachment":[{"href":"https:\/\/www.bazarmerlin.com\/inicio\/wp-json\/wp\/v2\/media?parent=8378"}],"wp:term":[{"taxonomy":"product_cat","embeddable":true,"href":"https:\/\/www.bazarmerlin.com\/inicio\/wp-json\/wp\/v2\/product_cat?post=8378"},{"taxonomy":"product_tag","embeddable":true,"href":"https:\/\/www.bazarmerlin.com\/inicio\/wp-json\/wp\/v2\/product_tag?post=8378"}],"curies":[{"name":"wp","href":"https:\/\/api.w.org\/{rel}","templated":true}]}}