{"id":8430,"date":"2022-05-11T18:37:18","date_gmt":"2022-05-11T18:37:18","guid":{"rendered":"https:\/\/www.bazarmerlin.com\/inicio\/?post_type=product&#038;p=8430"},"modified":"2023-01-12T00:37:10","modified_gmt":"2023-01-12T00:37:10","slug":"incienso-nag-champa-caja-con-12-paquetes","status":"publish","type":"product","link":"https:\/\/www.bazarmerlin.com\/inicio\/producto\/incienso-nag-champa-caja-con-12-paquetes\/","title":{"rendered":"Incienso Nag Champa &#8211; Caja Con 12 Paquetes"},"content":{"rendered":"<p><strong>INCIENSO NAG CHAMPA<\/strong><br \/>\n<em><strong>CAJA CON 12 PAQUETES, 15gr C\/U<\/strong><\/em><\/p>\n<p>&nbsp;<\/p>\n<p><em><strong>INCRE\u00cdBLE INCIENSO PARA MEDITACI\u00d3N Y RELAJACI\u00d3N<\/strong><\/em><\/p>\n<p>Entre sus propiedades y beneficios del incienso nag champa podemos destacar que es ideal para la meditaci\u00f3n, relajaci\u00f3n, paz, mejora el estado de \u00e1nimo, el humor y la energ\u00eda ambiental.<\/p>\n<p>Su composici\u00f3n cuenta como base esencial el s\u00e1ndalo al cual se le a\u00f1aden varios aceites de flores, especias y resinas m\u00e1s la famosa flor de la champaca, de ah\u00ed su nombre.<\/p>\n<p>La flor de la champaca conserva largo tiempo su fragancia despu\u00e9s de ser cortada y es utilizada como ofrenda es muchas ceremonias hind\u00faes.<\/p>\n<p>&nbsp;<\/p>\n<p>&nbsp;<\/p>\n<p><strong>BAZAR MERLIN<\/strong><br \/>\n<strong>El Lugar M\u00e1s M\u00edstico de Guadalajara<\/strong><br \/>\n<strong>ENVIAMOS A TODO M\u00c9XICO Y EL MUNDO\u2026<\/strong><\/p>\n<!-- AddThis Advanced Settings generic via filter on the_content --><!-- AddThis Share Buttons generic via filter on the_content -->","protected":false},"excerpt":{"rendered":"<p>INCIENSO NAG CHAMPA CAJA CON 12 PAQUETES, 15gr C\/U &nbsp; INCRE\u00cdBLE INCIENSO PARA MEDITACI\u00d3N Y RELAJACI\u00d3N Entre sus propiedades y beneficios del incienso nag champa podemos destacar que es ideal para la meditaci\u00f3n, relajaci\u00f3n, paz, mejora el estado de \u00e1nimo, el humor y la energ\u00eda ambiental. Su composici\u00f3n cuenta como base esencial el s\u00e1ndalo al&hellip;<!-- AddThis Advanced Settings generic via filter on get_the_excerpt --><!-- AddThis Share Buttons generic via filter on get_the_excerpt --><\/p>\n","protected":false},"featured_media":11506,"template":"","meta":[],"product_cat":[274],"product_tag":[1049,1019],"_links":{"self":[{"href":"https:\/\/www.bazarmerlin.com\/inicio\/wp-json\/wp\/v2\/product\/8430"}],"collection":[{"href":"https:\/\/www.bazarmerlin.com\/inicio\/wp-json\/wp\/v2\/product"}],"about":[{"href":"https:\/\/www.bazarmerlin.com\/inicio\/wp-json\/wp\/v2\/types\/product"}],"wp:featuredmedia":[{"embeddable":true,"href":"https:\/\/www.bazarmerlin.com\/inicio\/wp-json\/wp\/v2\/media\/11506"}],"wp:attachment":[{"href":"https:\/\/www.bazarmerlin.com\/inicio\/wp-json\/wp\/v2\/media?parent=8430"}],"wp:term":[{"taxonomy":"product_cat","embeddable":true,"href":"https:\/\/www.bazarmerlin.com\/inicio\/wp-json\/wp\/v2\/product_cat?post=8430"},{"taxonomy":"product_tag","embeddable":true,"href":"https:\/\/www.bazarmerlin.com\/inicio\/wp-json\/wp\/v2\/product_tag?post=8430"}],"curies":[{"name":"wp","href":"https:\/\/api.w.org\/{rel}","templated":true}]}}