{"id":8435,"date":"2022-05-11T19:33:41","date_gmt":"2022-05-11T19:33:41","guid":{"rendered":"https:\/\/www.bazarmerlin.com\/inicio\/?post_type=product&#038;p=8435"},"modified":"2023-01-11T22:58:18","modified_gmt":"2023-01-11T22:58:18","slug":"incienso-de-los-7-arcangeles-1-caja-con-6-paquetes","status":"publish","type":"product","link":"https:\/\/www.bazarmerlin.com\/inicio\/producto\/incienso-de-los-7-arcangeles-1-caja-con-6-paquetes\/","title":{"rendered":"Incienso De Los 7 Arcangeles &#8211; 1 Caja Con 6 Paquetes"},"content":{"rendered":"<p><strong>INCIENSO DE LOS 7 ARCANGELES<\/strong><\/p>\n<p>1 CAJA CON 6 PAQUETES C\/U<\/p>\n<p>El incienso ha sido siempre una parte de los rituales y tradiciones de antig\u00fcedad desde la India. Significa m\u00e1s que un solo color una fragancia o una Flama, ya que ayuda a conectarnos con el se\u00f1or divino, equilibra nuestra energ\u00eda, a nuestra vida d\u00eda a d\u00eda, ayuda abrir caminos en todo lo que emprendas y atraer el \u00e9xito a tu vida y a la de tus seres queridos debido a que equilibra sus chakras y retira cualquier energ\u00eda negativa del lugar que se coloca y prende con mucha fe.<\/p>\n<p>Este Incienso es de invocaci\u00f3n a los 7 Arc\u00e1ngeles:<br \/>\n-Miguel<br \/>\n-Jofiel<br \/>\n-Gabriel<br \/>\n-Rafael<br \/>\n-Uriel<br \/>\n-Zadkiel<br \/>\n-Samuel<\/p>\n<p>Varitas de incienso de alta calidad importadas de la India, que atraen alegr\u00eda al coraz\u00f3n y lo agradable de manantiales ex\u00f3ticos para un consejo sincero, ayudar a CALMAR LA MENTE, EQUILIBRAR TU ENERG\u00cdA Y VISUALIZAR COSAS FANT\u00c1STICAS.<\/p>\n<p>&nbsp;<\/p>\n<p>&nbsp;<\/p>\n<p><strong>BAZAR MERLIN\u00ae<\/strong><br \/>\n<strong>El Lugar M\u00e1s M\u00edstico de Guadalajara<\/strong><br \/>\n<strong>ENVIAMOS A TODO M\u00c9XICO&#8230;<\/strong><\/p>\n<!-- AddThis Advanced Settings generic via filter on the_content --><!-- AddThis Share Buttons generic via filter on the_content -->","protected":false},"excerpt":{"rendered":"<p>INCIENSO DE LOS 7 ARCANGELES 1 CAJA CON 6 PAQUETES C\/U El incienso ha sido siempre una parte de los rituales y tradiciones de antig\u00fcedad desde la India. Significa m\u00e1s que un solo color una fragancia o una Flama, ya que ayuda a conectarnos con el se\u00f1or divino, equilibra nuestra energ\u00eda, a nuestra vida d\u00eda&hellip;<!-- AddThis Advanced Settings generic via filter on get_the_excerpt --><!-- AddThis Share Buttons generic via filter on get_the_excerpt --><\/p>\n","protected":false},"featured_media":11483,"template":"","meta":[],"product_cat":[274],"product_tag":[491],"_links":{"self":[{"href":"https:\/\/www.bazarmerlin.com\/inicio\/wp-json\/wp\/v2\/product\/8435"}],"collection":[{"href":"https:\/\/www.bazarmerlin.com\/inicio\/wp-json\/wp\/v2\/product"}],"about":[{"href":"https:\/\/www.bazarmerlin.com\/inicio\/wp-json\/wp\/v2\/types\/product"}],"wp:featuredmedia":[{"embeddable":true,"href":"https:\/\/www.bazarmerlin.com\/inicio\/wp-json\/wp\/v2\/media\/11483"}],"wp:attachment":[{"href":"https:\/\/www.bazarmerlin.com\/inicio\/wp-json\/wp\/v2\/media?parent=8435"}],"wp:term":[{"taxonomy":"product_cat","embeddable":true,"href":"https:\/\/www.bazarmerlin.com\/inicio\/wp-json\/wp\/v2\/product_cat?post=8435"},{"taxonomy":"product_tag","embeddable":true,"href":"https:\/\/www.bazarmerlin.com\/inicio\/wp-json\/wp\/v2\/product_tag?post=8435"}],"curies":[{"name":"wp","href":"https:\/\/api.w.org\/{rel}","templated":true}]}}