{"id":8477,"date":"2022-05-12T18:23:49","date_gmt":"2022-05-12T18:23:49","guid":{"rendered":"https:\/\/www.bazarmerlin.com\/inicio\/?post_type=product&#038;p=8477"},"modified":"2022-12-09T21:42:48","modified_gmt":"2022-12-09T21:42:48","slug":"perfume-mistico-amansa-guapos-atrae-y-domina-al-ser-amado","status":"publish","type":"product","link":"https:\/\/www.bazarmerlin.com\/inicio\/producto\/perfume-mistico-amansa-guapos-atrae-y-domina-al-ser-amado\/","title":{"rendered":"Perfume Mistico Amansa Guapos &#8211; Atrae Y Domina Al Ser Amado"},"content":{"rendered":"<p><strong>ATRAE AL SEXO APUESTO, PARA RITUALES RELACIONADOS<\/strong><br \/>\n<strong>CON EL AMOR Y LA SEXUALIDAD<\/strong><\/p>\n<p>Hecha con la formula a base de hierbas especiales para provocar que se enamoren de ti. Aplicalo como perfume en cualquier momento del d\u00eda.<\/p>\n<p>Este poderoso perfume ayuda atraer el amor de nuestras vidas de una manera r\u00e1pida y muy efectiva, ya que equilibrando nuestro energ\u00eda y equilibrando tu campo \u00e1urico como tus chakras esto ayudar\u00e1 a que te limpies de una manera muy sencilla sana y como Poderosa.<\/p>\n<p>Garantizando para que cambies esa mala suerte en el \u00e9xito Ya que no habr\u00e1 persona que se te resiste a ti por el poder de este perfume elaborado con extractos 100% naturales.<\/p>\n<p>Aplicarla en tu cuerpo despu\u00e9s del ba\u00f1o o en cualquier momento.<\/p>\n<p>CAMBIA DE MANERA R\u00c1PIDA Y EFECTIVA TU CAMPO \u00c1URICO.<\/p>\n<p>&nbsp;<\/p>\n<p>&nbsp;<\/p>\n<p><strong>BAZAR MERLIN<\/strong><br \/>\n<strong>El Lugar M\u00e1s M\u00edstico de Guadalajara<\/strong><br \/>\n<strong>ENVIAMOS A TODO M\u00c9XICO&#8230;<\/strong><\/p>\n<!-- AddThis Advanced Settings generic via filter on the_content --><!-- AddThis Share Buttons generic via filter on the_content -->","protected":false},"excerpt":{"rendered":"<p>ATRAE AL SEXO APUESTO, PARA RITUALES RELACIONADOS CON EL AMOR Y LA SEXUALIDAD Hecha con la formula a base de hierbas especiales para provocar que se enamoren de ti. Aplicalo como perfume en cualquier momento del d\u00eda. Este poderoso perfume ayuda atraer el amor de nuestras vidas de una manera r\u00e1pida y muy efectiva, ya&hellip;<!-- AddThis Advanced Settings generic via filter on get_the_excerpt --><!-- AddThis Share Buttons generic via filter on get_the_excerpt --><\/p>\n","protected":false},"featured_media":11032,"template":"","meta":[],"product_cat":[20],"product_tag":[1785,1784],"_links":{"self":[{"href":"https:\/\/www.bazarmerlin.com\/inicio\/wp-json\/wp\/v2\/product\/8477"}],"collection":[{"href":"https:\/\/www.bazarmerlin.com\/inicio\/wp-json\/wp\/v2\/product"}],"about":[{"href":"https:\/\/www.bazarmerlin.com\/inicio\/wp-json\/wp\/v2\/types\/product"}],"wp:featuredmedia":[{"embeddable":true,"href":"https:\/\/www.bazarmerlin.com\/inicio\/wp-json\/wp\/v2\/media\/11032"}],"wp:attachment":[{"href":"https:\/\/www.bazarmerlin.com\/inicio\/wp-json\/wp\/v2\/media?parent=8477"}],"wp:term":[{"taxonomy":"product_cat","embeddable":true,"href":"https:\/\/www.bazarmerlin.com\/inicio\/wp-json\/wp\/v2\/product_cat?post=8477"},{"taxonomy":"product_tag","embeddable":true,"href":"https:\/\/www.bazarmerlin.com\/inicio\/wp-json\/wp\/v2\/product_tag?post=8477"}],"curies":[{"name":"wp","href":"https:\/\/api.w.org\/{rel}","templated":true}]}}