{"id":8482,"date":"2022-05-12T18:47:25","date_gmt":"2022-05-12T18:47:25","guid":{"rendered":"https:\/\/www.bazarmerlin.com\/inicio\/?post_type=product&#038;p=8482"},"modified":"2022-12-08T23:01:58","modified_gmt":"2022-12-08T23:01:58","slug":"perfume-esoterico-de-violetas-atrae-la-suerte","status":"publish","type":"product","link":"https:\/\/www.bazarmerlin.com\/inicio\/producto\/perfume-esoterico-de-violetas-atrae-la-suerte\/","title":{"rendered":"Perfume Esot\u00e9rico De Violetas Atrae La Suerte"},"content":{"rendered":"<h3><strong>PERFUME DE VIOLETAS<\/strong><br \/>\n<strong>UTILIZA EL PODER DE LAS FRAGANCIAS DE VIOLETAS<\/strong><\/h3>\n<p>para armonizar un lugar y purificar las malas vibras.<\/p>\n<p>Atrae hacia ti la suerte,salud, el amor, armon\u00eda, \u00e9xito y prosperidad.<br \/>\nHecho con aceite esencial fino de violetas.<\/p>\n<p>Apl\u00edcala en tu cuerpo, en tu casa o donde tu prefieras.<\/p>\n<p>&nbsp;<\/p>\n<p>&nbsp;<\/p>\n<p><strong>BAZAR MERLIN<\/strong><br \/>\n<strong>El Lugar M\u00e1s M\u00edstico de Guadalajara<\/strong><br \/>\n<strong>ENVIAMOS A TODO M\u00c9XICO&#8230;<\/strong><\/p>\n<!-- AddThis Advanced Settings generic via filter on the_content --><!-- AddThis Share Buttons generic via filter on the_content -->","protected":false},"excerpt":{"rendered":"<p>PERFUME DE VIOLETAS UTILIZA EL PODER DE LAS FRAGANCIAS DE VIOLETAS para armonizar un lugar y purificar las malas vibras. Atrae hacia ti la suerte,salud, el amor, armon\u00eda, \u00e9xito y prosperidad. Hecho con aceite esencial fino de violetas. Apl\u00edcala en tu cuerpo, en tu casa o donde tu prefieras. &nbsp; &nbsp; BAZAR MERLIN El Lugar&hellip;<!-- AddThis Advanced Settings generic via filter on get_the_excerpt --><!-- AddThis Share Buttons generic via filter on get_the_excerpt --><\/p>\n","protected":false},"featured_media":11026,"template":"","meta":[],"product_cat":[20],"product_tag":[1787],"_links":{"self":[{"href":"https:\/\/www.bazarmerlin.com\/inicio\/wp-json\/wp\/v2\/product\/8482"}],"collection":[{"href":"https:\/\/www.bazarmerlin.com\/inicio\/wp-json\/wp\/v2\/product"}],"about":[{"href":"https:\/\/www.bazarmerlin.com\/inicio\/wp-json\/wp\/v2\/types\/product"}],"wp:featuredmedia":[{"embeddable":true,"href":"https:\/\/www.bazarmerlin.com\/inicio\/wp-json\/wp\/v2\/media\/11026"}],"wp:attachment":[{"href":"https:\/\/www.bazarmerlin.com\/inicio\/wp-json\/wp\/v2\/media?parent=8482"}],"wp:term":[{"taxonomy":"product_cat","embeddable":true,"href":"https:\/\/www.bazarmerlin.com\/inicio\/wp-json\/wp\/v2\/product_cat?post=8482"},{"taxonomy":"product_tag","embeddable":true,"href":"https:\/\/www.bazarmerlin.com\/inicio\/wp-json\/wp\/v2\/product_tag?post=8482"}],"curies":[{"name":"wp","href":"https:\/\/api.w.org\/{rel}","templated":true}]}}