{"id":8486,"date":"2022-05-12T19:09:27","date_gmt":"2022-05-12T19:09:27","guid":{"rendered":"https:\/\/www.bazarmerlin.com\/inicio\/?post_type=product&#038;p=8486"},"modified":"2022-06-08T23:42:31","modified_gmt":"2022-06-08T23:42:31","slug":"perfume-y-talisman-marabaki-directo-desde-cuba","status":"publish","type":"product","link":"https:\/\/www.bazarmerlin.com\/inicio\/producto\/perfume-y-talisman-marabaki-directo-desde-cuba\/","title":{"rendered":"Perfume Y Talism\u00e1n Marabaki &#8211; Directo Desde Cuba"},"content":{"rendered":"<p><strong>PODEROSO PERFUME MARABAKI<\/strong><br \/>\n<strong>INCLUYE PODEROSO TALISM\u00c1N<\/strong><\/p>\n<p>Este poderoso perfume esta elaborado a mano junto varios s\u00edmbolos cabal\u00edsticos y rituales capaces de atraer la suerte y protecci\u00f3n de manera inmediata al usar el perfume y el dije juntos los cuales fueron reunidos un talism\u00e1n bellamente confeccionado por un babalawo llamado marabaki, es el nombre de un guerrero muy poderoso dentro de la paler\u00eda y el candomble.<\/p>\n<p>As\u00ed mismo un perfume elaborado con los mas finos aceites, plantas y omieros cubanos que dan ese toque fresco pero atrayente al \u00e9xito en todo lo que emprendas.<\/p>\n<p>Este poderoso perfume y dije se encuentra preparado,<\/p>\n<p>el talism\u00e1n ya viene preparado en el cual se hace un ritual invocado y orando a las deidades africanas. Es tan poderoso que atrae a tu vida en salud, suerte, dinero y amor.<\/p>\n<p>Usa el perfume antes de salir de tu casa u oficina as\u00ed mismo \u00fantale a tu talism\u00e1n el cual llevaras siempre contigo y deja que la buena suerte te siga a todas partes a ti y a toda tu familia.<\/p>\n<p>IDEAL PARA:<\/p>\n<p>*PARA LOS QUE NO CONSIGUEN TRABAJO.<br \/>\n*PARA LOS QUE NO TIENEN SUERTE EN EL AMOR.<br \/>\n*PARA COMPRAR O OBTENER ESE CR\u00c9DITO TAN ANELADO.<br \/>\n*ATRAER PERSONAS QUE CAMBIEN TU VIDA Y ENERG\u00cdA.<br \/>\n*PARA LOS QUE QUIEREN VENDER MAS EN SU NEGOCIO. (COL\u00d3CALO DENTRO DE DONDE GUARDES TU DINERO Y VERAS COMO ATRAE MAS DINERO Y CLIENTES)<\/p>\n<p>SU PODEROSO TALISM\u00c1N QUE ABRE PUERTAS Y CAMINOS POR MAS CERRADOS QUE ESTE.<\/p>\n<p>&nbsp;<\/p>\n<p>&nbsp;<\/p>\n<p><strong>BAZAR MERLIN<\/strong><br \/>\n<strong>El Lugar M\u00e1s M\u00edstico de Guadalajara<\/strong><br \/>\n<strong>ENVIAMOS A TODO M\u00c9XICO\u2026<\/strong><\/p>\n<!-- AddThis Advanced Settings generic via filter on the_content --><!-- AddThis Share Buttons generic via filter on the_content -->","protected":false},"excerpt":{"rendered":"<p>PODEROSO PERFUME MARABAKI INCLUYE PODEROSO TALISM\u00c1N Este poderoso perfume esta elaborado a mano junto varios s\u00edmbolos cabal\u00edsticos y rituales capaces de atraer la suerte y protecci\u00f3n de manera inmediata al usar el perfume y el dije juntos los cuales fueron reunidos un talism\u00e1n bellamente confeccionado por un babalawo llamado marabaki, es el nombre de un&hellip;<!-- AddThis Advanced Settings generic via filter on get_the_excerpt --><!-- AddThis Share Buttons generic via filter on get_the_excerpt --><\/p>\n","protected":false},"featured_media":8487,"template":"","meta":[],"product_cat":[20],"product_tag":[1791,1790],"_links":{"self":[{"href":"https:\/\/www.bazarmerlin.com\/inicio\/wp-json\/wp\/v2\/product\/8486"}],"collection":[{"href":"https:\/\/www.bazarmerlin.com\/inicio\/wp-json\/wp\/v2\/product"}],"about":[{"href":"https:\/\/www.bazarmerlin.com\/inicio\/wp-json\/wp\/v2\/types\/product"}],"wp:featuredmedia":[{"embeddable":true,"href":"https:\/\/www.bazarmerlin.com\/inicio\/wp-json\/wp\/v2\/media\/8487"}],"wp:attachment":[{"href":"https:\/\/www.bazarmerlin.com\/inicio\/wp-json\/wp\/v2\/media?parent=8486"}],"wp:term":[{"taxonomy":"product_cat","embeddable":true,"href":"https:\/\/www.bazarmerlin.com\/inicio\/wp-json\/wp\/v2\/product_cat?post=8486"},{"taxonomy":"product_tag","embeddable":true,"href":"https:\/\/www.bazarmerlin.com\/inicio\/wp-json\/wp\/v2\/product_tag?post=8486"}],"curies":[{"name":"wp","href":"https:\/\/api.w.org\/{rel}","templated":true}]}}