{"id":8503,"date":"2022-05-12T22:18:46","date_gmt":"2022-05-12T22:18:46","guid":{"rendered":"https:\/\/www.bazarmerlin.com\/inicio\/?post_type=product&#038;p=8503"},"modified":"2022-11-14T23:50:46","modified_gmt":"2022-11-14T23:50:46","slug":"talisman-de-la-chuparosa-consigue-el-amor-de-tu-vida-2","status":"publish","type":"product","link":"https:\/\/www.bazarmerlin.com\/inicio\/producto\/talisman-de-la-chuparosa-consigue-el-amor-de-tu-vida-2\/","title":{"rendered":"Talisman De La Chuparosa &#8211; Consigue El Amor De Tu Vida"},"content":{"rendered":"<p><strong>TALISM\u00c1N DE LA CHUPAROSA &#8211; ATRAE EL AMOR DE TU VIDA.<\/strong><br \/>\n<strong>REFORZADO CON PENTAGRAMA Y PREPARADO ESPECIALMENTE PATA TI.<\/strong><\/p>\n<p>&nbsp;<\/p>\n<p>3.5 cm. de Di\u00e1metro Aproximado.<br \/>\n*Tenemos varios colores: pregunta por existencias*<\/p>\n<p>Este poderoso talism\u00e1n te sirve para conseguir pareja con solo llevarlo contigo, porque te lo mandaremos debidamente ritualizado y consagrado especialmente para ti.<\/p>\n<p>Por tradici\u00f3n ha sido uno de los talismanes que nos ayudan a CONSEGUIR Y RETENER EL AMOR.<\/p>\n<p>Este poderoso talism\u00e1n por su composici\u00f3n o aleaci\u00f3n en 7 metales hace una perfecta combinaci\u00f3n de sus elementos por lo que surgen efectos s\u00f3lidos y muy positivos PARA ENCONTRAR EL AMOR.<\/p>\n<p>As\u00ed como tambi\u00e9n los b\u00e1lsamos secretos que se le aplican en su preparaci\u00f3n, le dan un toque y fuerza de alta magia para atraer el amor de una vez por todas.<\/p>\n<p>3.5 cm. de Di\u00e1metro Aproximado.<br \/>\n*Tenemos varios colores: pregunta por existencias*<\/p>\n<p>&nbsp;<\/p>\n<p>&nbsp;<\/p>\n<p><strong>BAZAR MERLIN<\/strong><br \/>\n<strong>El Lugar M\u00e1s M\u00edstico de Guadalajara<\/strong><br \/>\n<strong>ENVIAMOS A TODO M\u00c9XICO\u2026<\/strong><\/p>\n<!-- AddThis Advanced Settings generic via filter on the_content --><!-- AddThis Share Buttons generic via filter on the_content -->","protected":false},"excerpt":{"rendered":"<p>TALISM\u00c1N DE LA CHUPAROSA &#8211; ATRAE EL AMOR DE TU VIDA. REFORZADO CON PENTAGRAMA Y PREPARADO ESPECIALMENTE PATA TI. &nbsp; 3.5 cm. de Di\u00e1metro Aproximado. *Tenemos varios colores: pregunta por existencias* Este poderoso talism\u00e1n te sirve para conseguir pareja con solo llevarlo contigo, porque te lo mandaremos debidamente ritualizado y consagrado especialmente para ti. Por&hellip;<!-- AddThis Advanced Settings generic via filter on get_the_excerpt --><!-- AddThis Share Buttons generic via filter on get_the_excerpt --><\/p>\n","protected":false},"featured_media":8506,"template":"","meta":[],"product_cat":[12],"product_tag":[664,663],"_links":{"self":[{"href":"https:\/\/www.bazarmerlin.com\/inicio\/wp-json\/wp\/v2\/product\/8503"}],"collection":[{"href":"https:\/\/www.bazarmerlin.com\/inicio\/wp-json\/wp\/v2\/product"}],"about":[{"href":"https:\/\/www.bazarmerlin.com\/inicio\/wp-json\/wp\/v2\/types\/product"}],"wp:featuredmedia":[{"embeddable":true,"href":"https:\/\/www.bazarmerlin.com\/inicio\/wp-json\/wp\/v2\/media\/8506"}],"wp:attachment":[{"href":"https:\/\/www.bazarmerlin.com\/inicio\/wp-json\/wp\/v2\/media?parent=8503"}],"wp:term":[{"taxonomy":"product_cat","embeddable":true,"href":"https:\/\/www.bazarmerlin.com\/inicio\/wp-json\/wp\/v2\/product_cat?post=8503"},{"taxonomy":"product_tag","embeddable":true,"href":"https:\/\/www.bazarmerlin.com\/inicio\/wp-json\/wp\/v2\/product_tag?post=8503"}],"curies":[{"name":"wp","href":"https:\/\/api.w.org\/{rel}","templated":true}]}}