{"id":8522,"date":"2022-05-12T23:34:19","date_gmt":"2022-05-12T23:34:19","guid":{"rendered":"https:\/\/www.bazarmerlin.com\/inicio\/?post_type=product&#038;p=8522"},"modified":"2024-02-20T19:40:56","modified_gmt":"2024-02-20T19:40:56","slug":"locion-cuarzo-negro-rompe-embrujos-proteccion-contra-todo","status":"publish","type":"product","link":"https:\/\/www.bazarmerlin.com\/inicio\/producto\/locion-cuarzo-negro-rompe-embrujos-proteccion-contra-todo\/","title":{"rendered":"Loci\u00f3n Cuarzo Negro &#8211; Rompe Embrujos Proteccion Contra Todo"},"content":{"rendered":"<p><strong>LOCION CUARZO NEGRO<\/strong><br \/>\nProtecci\u00f3n Contra Todo<\/p>\n<p>100 ml.<\/p>\n<p>Loci\u00f3n esot\u00e9rica de cuarzo negro (cuarzo de absorci\u00f3n ) excelente para romper hechizos y malas vibras plasmadas, adem\u00e1s que atrae la armon\u00eda y buena suerte a nuestra vida.<\/p>\n<p>Las Colonias Esot\u00e9ricas tienen el poder de cambiar las vibraciones energ\u00e9ticas del Aura. Se utilizan para limpiar y equilibrar nuestro campo energ\u00e9tico a trav\u00e9s de sus virtudes. Preparadas con esencias de alto nivel y conjuradas para la pr\u00e1ctica m\u00e1gica, con ellas invocamos los poderes naturales que armonizan nuestra vida. A trav\u00e9s del Elemento Agua (esencias) y del Aire (aroma) las colonias act\u00faan influyendo en nuestro estado de \u00e1nimo y magnetizan nuestro Ser. Su aroma exquisito favorece la buena suerte. Elaborada con aceites esenciales de gran poder.<\/p>\n<p>&nbsp;<\/p>\n<p>\u00dasala todos los d\u00edas en tu persona, en tus almohadas, en tu ropa, en tu bolso, en tu cartera, siente c\u00f3mo de inmediato te cambia la energ\u00eda para lograr tus objetivos<\/p>\n<p>&nbsp;<\/p>\n<p>&nbsp;<\/p>\n<p><strong>BAZAR MERLIN<\/strong><br \/>\n<strong>El Lugar M\u00e1s M\u00edstico de Guadalajara<\/strong><br \/>\n<strong>ENVIAMOS A TODO M\u00c9XICO&#8230;<\/strong><\/p>\n<!-- AddThis Advanced Settings generic via filter on the_content --><!-- AddThis Share Buttons generic via filter on the_content -->","protected":false},"excerpt":{"rendered":"<p>LOCION CUARZO NEGRO Protecci\u00f3n Contra Todo 100 ml. Loci\u00f3n esot\u00e9rica de cuarzo negro (cuarzo de absorci\u00f3n ) excelente para romper hechizos y malas vibras plasmadas, adem\u00e1s que atrae la armon\u00eda y buena suerte a nuestra vida. Las Colonias Esot\u00e9ricas tienen el poder de cambiar las vibraciones energ\u00e9ticas del Aura. Se utilizan para limpiar y equilibrar&hellip;<!-- AddThis Advanced Settings generic via filter on get_the_excerpt --><!-- AddThis Share Buttons generic via filter on get_the_excerpt --><\/p>\n","protected":false},"featured_media":8523,"template":"","meta":[],"product_cat":[20],"product_tag":[1802,1803],"_links":{"self":[{"href":"https:\/\/www.bazarmerlin.com\/inicio\/wp-json\/wp\/v2\/product\/8522"}],"collection":[{"href":"https:\/\/www.bazarmerlin.com\/inicio\/wp-json\/wp\/v2\/product"}],"about":[{"href":"https:\/\/www.bazarmerlin.com\/inicio\/wp-json\/wp\/v2\/types\/product"}],"wp:featuredmedia":[{"embeddable":true,"href":"https:\/\/www.bazarmerlin.com\/inicio\/wp-json\/wp\/v2\/media\/8523"}],"wp:attachment":[{"href":"https:\/\/www.bazarmerlin.com\/inicio\/wp-json\/wp\/v2\/media?parent=8522"}],"wp:term":[{"taxonomy":"product_cat","embeddable":true,"href":"https:\/\/www.bazarmerlin.com\/inicio\/wp-json\/wp\/v2\/product_cat?post=8522"},{"taxonomy":"product_tag","embeddable":true,"href":"https:\/\/www.bazarmerlin.com\/inicio\/wp-json\/wp\/v2\/product_tag?post=8522"}],"curies":[{"name":"wp","href":"https:\/\/api.w.org\/{rel}","templated":true}]}}