{"id":8535,"date":"2022-05-13T19:25:59","date_gmt":"2022-05-13T19:25:59","guid":{"rendered":"https:\/\/www.bazarmerlin.com\/inicio\/?post_type=product&#038;p=8535"},"modified":"2022-06-08T23:42:32","modified_gmt":"2022-06-08T23:42:32","slug":"perfume-esoterico-cuarzos-retirar-malas-vibras-y-armoniza","status":"publish","type":"product","link":"https:\/\/www.bazarmerlin.com\/inicio\/producto\/perfume-esoterico-cuarzos-retirar-malas-vibras-y-armoniza\/","title":{"rendered":"Perfume Esot\u00e9rico Cuarzos &#8211; Retirar Malas Vibras Y Armoniza"},"content":{"rendered":"<p><strong>PERFUME ESOT\u00c9RICO CUARZOS<\/strong><br \/>\nPara Retirar las Malas Vibras<\/p>\n<p>&nbsp;<\/p>\n<p>Este Producto es ideal para Fortalecer el Esp\u00edritu y la Mente<br \/>\nque el Cuarzo proporciona con su Energ\u00eda Para activar la energ\u00eda en cada uno de los chakras y sus \u00f3rganos correspondientes.<\/p>\n<p>Los cuarzos y las gemas han sido adoptados por la naturaleza con ciertas cualidades que transmiten una vibraci\u00f3n y un poder espec\u00edfico.<\/p>\n<p>Debido a su fuerza interna, se sintonizan con la vibraci\u00f3n de los chakras, o la frecuencia de la vibraci\u00f3n de los \u00e1tomos.<br \/>\nLos cuarzos son receptores de energ\u00eda, y al detectar alguna anomal\u00eda, de inmediato comienzan a vibrar,<br \/>\ncausando una reacci\u00f3n en cadena a nivel molecular hasta lograr una vibraci\u00f3n de equilibrio y balance interno.<\/p>\n<p>Hoy en d\u00eda, los cuartos son altamente apreciados por tener una habilidad de ser lo m\u00e1s cercano a la vibraci\u00f3n perfecta.<\/p>\n<p>Las esencias cristales de cuarzo se utilizan para activar la energ\u00eda en cada uno de los chakras y sus \u00f3rganos correspondientes.<\/p>\n<p>Al mismo tiempo equilibra los aspectos emocionales de actitudes mentales.<br \/>\nRepresentan un potente Aliado Para apoyar aquellas \u00e1reas que muchas veces no pueden manejar f\u00e1cilmente.<\/p>\n<p>Frote en todo el cuerpo este Perfume y repita con mucha FE<br \/>\nSiete Cuarzos Ay\u00fadenme en toda actividad que realizo hoy y si se presentan problemas estos los resuelva son contratiempos.<\/p>\n<p>&nbsp;<\/p>\n<p>&nbsp;<\/p>\n<p><strong>BAZAR MERLIN\u00ae<\/strong><br \/>\n<strong>El Lugar M\u00e1s M\u00edstico de Guadalajara<\/strong><br \/>\n<strong>ENVIAMOS A TODO M\u00c9XICO&#8230;<\/strong><\/p>\n<!-- AddThis Advanced Settings generic via filter on the_content --><!-- AddThis Share Buttons generic via filter on the_content -->","protected":false},"excerpt":{"rendered":"<p>PERFUME ESOT\u00c9RICO CUARZOS Para Retirar las Malas Vibras &nbsp; Este Producto es ideal para Fortalecer el Esp\u00edritu y la Mente que el Cuarzo proporciona con su Energ\u00eda Para activar la energ\u00eda en cada uno de los chakras y sus \u00f3rganos correspondientes. Los cuarzos y las gemas han sido adoptados por la naturaleza con ciertas cualidades&hellip;<!-- AddThis Advanced Settings generic via filter on get_the_excerpt --><!-- AddThis Share Buttons generic via filter on get_the_excerpt --><\/p>\n","protected":false},"featured_media":8536,"template":"","meta":[],"product_cat":[20],"product_tag":[1813,1814],"_links":{"self":[{"href":"https:\/\/www.bazarmerlin.com\/inicio\/wp-json\/wp\/v2\/product\/8535"}],"collection":[{"href":"https:\/\/www.bazarmerlin.com\/inicio\/wp-json\/wp\/v2\/product"}],"about":[{"href":"https:\/\/www.bazarmerlin.com\/inicio\/wp-json\/wp\/v2\/types\/product"}],"wp:featuredmedia":[{"embeddable":true,"href":"https:\/\/www.bazarmerlin.com\/inicio\/wp-json\/wp\/v2\/media\/8536"}],"wp:attachment":[{"href":"https:\/\/www.bazarmerlin.com\/inicio\/wp-json\/wp\/v2\/media?parent=8535"}],"wp:term":[{"taxonomy":"product_cat","embeddable":true,"href":"https:\/\/www.bazarmerlin.com\/inicio\/wp-json\/wp\/v2\/product_cat?post=8535"},{"taxonomy":"product_tag","embeddable":true,"href":"https:\/\/www.bazarmerlin.com\/inicio\/wp-json\/wp\/v2\/product_tag?post=8535"}],"curies":[{"name":"wp","href":"https:\/\/api.w.org\/{rel}","templated":true}]}}