{"id":8539,"date":"2022-05-13T19:43:53","date_gmt":"2022-05-13T19:43:53","guid":{"rendered":"https:\/\/www.bazarmerlin.com\/inicio\/?post_type=product&#038;p=8539"},"modified":"2022-12-07T00:49:29","modified_gmt":"2022-12-07T00:49:29","slug":"locion-original-contra-embrujo-incluye-talisman","status":"publish","type":"product","link":"https:\/\/www.bazarmerlin.com\/inicio\/producto\/locion-original-contra-embrujo-incluye-talisman\/","title":{"rendered":"Loci\u00f3n Original Contra Embrujo &#8211; Incluye Talism\u00e1n"},"content":{"rendered":"<p><strong>LOCI\u00d3N CONTRA EMBRUJOS<\/strong><br \/>\n<em><strong>( INCLUYE TALISMAN PREPARADO Y CONSAGRADO )<\/strong><\/em><\/p>\n<p>&nbsp;<\/p>\n<p>60 ML.<\/p>\n<p>USALO PARA RETIRAR CUALQUIER TRABAJO NEGRO<\/p>\n<p>Este perfume contiene las esencias B\u00c1SICAS y M\u00c1GICAS para desterrar y eliminar las Malas Vibras, Mala Suerte, Embrujos, Salaciones y cualquier otro trabajo negro por muy dif\u00edcil que sea.<\/p>\n<p>EN ESPECIAL PARA QUIEN SE SIENTE ULTIMAMENTE MAL O DIFERENTE EN SU PERSONA POR QUE LE ESTAN O LE QUIEREN HACER UN TRABAJO DE MAGIA.<\/p>\n<p>PARA ESTO Y PARA QUITAR CUALQUIER TRABAJO<br \/>\n\u00a1TENEMOS LA SOLUCI\u00d3N DEFINITIVA!<\/p>\n<p>Hecho por verdaderos brujos y profesionales de la magia de alto poder.<\/p>\n<p>&nbsp;<\/p>\n<p>&nbsp;<\/p>\n<p><strong>BAZAR MERLIN<\/strong><br \/>\n<strong>El Lugar M\u00e1s M\u00edstico de Guadalajara<\/strong><br \/>\n<strong>ENVIAMOS A TODO M\u00c9XICO&#8230;<\/strong><\/p>\n<!-- AddThis Advanced Settings generic via filter on the_content --><!-- AddThis Share Buttons generic via filter on the_content -->","protected":false},"excerpt":{"rendered":"<p>LOCI\u00d3N CONTRA EMBRUJOS ( INCLUYE TALISMAN PREPARADO Y CONSAGRADO ) &nbsp; 60 ML. USALO PARA RETIRAR CUALQUIER TRABAJO NEGRO Este perfume contiene las esencias B\u00c1SICAS y M\u00c1GICAS para desterrar y eliminar las Malas Vibras, Mala Suerte, Embrujos, Salaciones y cualquier otro trabajo negro por muy dif\u00edcil que sea. EN ESPECIAL PARA QUIEN SE SIENTE ULTIMAMENTE&hellip;<!-- AddThis Advanced Settings generic via filter on get_the_excerpt --><!-- AddThis Share Buttons generic via filter on get_the_excerpt --><\/p>\n","protected":false},"featured_media":10994,"template":"","meta":[],"product_cat":[20],"product_tag":[1819,1818],"_links":{"self":[{"href":"https:\/\/www.bazarmerlin.com\/inicio\/wp-json\/wp\/v2\/product\/8539"}],"collection":[{"href":"https:\/\/www.bazarmerlin.com\/inicio\/wp-json\/wp\/v2\/product"}],"about":[{"href":"https:\/\/www.bazarmerlin.com\/inicio\/wp-json\/wp\/v2\/types\/product"}],"wp:featuredmedia":[{"embeddable":true,"href":"https:\/\/www.bazarmerlin.com\/inicio\/wp-json\/wp\/v2\/media\/10994"}],"wp:attachment":[{"href":"https:\/\/www.bazarmerlin.com\/inicio\/wp-json\/wp\/v2\/media?parent=8539"}],"wp:term":[{"taxonomy":"product_cat","embeddable":true,"href":"https:\/\/www.bazarmerlin.com\/inicio\/wp-json\/wp\/v2\/product_cat?post=8539"},{"taxonomy":"product_tag","embeddable":true,"href":"https:\/\/www.bazarmerlin.com\/inicio\/wp-json\/wp\/v2\/product_tag?post=8539"}],"curies":[{"name":"wp","href":"https:\/\/api.w.org\/{rel}","templated":true}]}}