{"id":8590,"date":"2022-05-18T18:16:08","date_gmt":"2022-05-18T18:16:08","guid":{"rendered":"https:\/\/www.bazarmerlin.com\/inicio\/?post_type=product&#038;p=8590"},"modified":"2022-06-08T23:42:33","modified_gmt":"2022-06-08T23:42:33","slug":"jabon-del-chango-macho-suerte-trabajo-negocios-y-mas","status":"publish","type":"product","link":"https:\/\/www.bazarmerlin.com\/inicio\/producto\/jabon-del-chango-macho-suerte-trabajo-negocios-y-mas\/","title":{"rendered":"Jab\u00f3n Del Chango Macho &#8211; Suerte Trabajo, Negocios Y Mas"},"content":{"rendered":"<p><strong>JAB\u00d3N DEL CHANGO MACHO<\/strong><br \/>\nSuerte en el trabajo y negocio<\/p>\n<p>&nbsp;<\/p>\n<p>Jab\u00f3n de chango macho elaborado con extractos, esencias y hierbas naturales e importadas que ayudan a abrir caminos para tener suerte en el trabajo, negocios, prosperidad, salud, protecci\u00f3n y amor.<\/p>\n<p>Utilice El poderoso jab\u00f3n de chango macho aplic\u00e1ndolo con su por todas tus manos y cuerpo todos los d\u00edas para que llegue el dinero suficiente y el esp\u00edritu de la buena suerte para todas tus necesidades. USALO DIARIAMENTE Y QUEDARAS SORPRENDIDO.<\/p>\n<p>Los Jabones Esot\u00e9ricos son preparados con productos, esencias y extractos especiales. Cuando tienes un problema que crees de dif\u00edcil soluci\u00f3n es bueno recurrir a los rituales de magia, estos siempre nos ayudan a lograr exitosamente los objetivos que queremos conseguir.<\/p>\n<p>Las limpiezas o rituales con jabones sirven para uso diario tanto del cuerpo como de las manos y toda tu energ\u00eda c\u00f3smica y aurica equilibrando tus chakras para as\u00ed cambiar de forma inmediata tu suerte. Su fabricaci\u00f3n y su composici\u00f3n son de forma 100% artesanal por lo que llevan la esencia y extracto natural para equilibrar tu energ\u00eda, en algunos jabones hierbas en su interior.<\/p>\n<p>&nbsp;<\/p>\n<p>&nbsp;<\/p>\n<p><strong>BAZAR MERLIN<\/strong><br \/>\n<strong>El Lugar M\u00e1s M\u00edstico de Guadalajara<\/strong><br \/>\n<strong>ENVIAMOS A TODO M\u00c9XICO&#8230;<\/strong><\/p>\n<!-- AddThis Advanced Settings generic via filter on the_content --><!-- AddThis Share Buttons generic via filter on the_content -->","protected":false},"excerpt":{"rendered":"<p>JAB\u00d3N DEL CHANGO MACHO Suerte en el trabajo y negocio &nbsp; Jab\u00f3n de chango macho elaborado con extractos, esencias y hierbas naturales e importadas que ayudan a abrir caminos para tener suerte en el trabajo, negocios, prosperidad, salud, protecci\u00f3n y amor. Utilice El poderoso jab\u00f3n de chango macho aplic\u00e1ndolo con su por todas tus manos&hellip;<!-- AddThis Advanced Settings generic via filter on get_the_excerpt --><!-- AddThis Share Buttons generic via filter on get_the_excerpt --><\/p>\n","protected":false},"featured_media":8591,"template":"","meta":[],"product_cat":[14],"product_tag":[1850,1852,1851],"_links":{"self":[{"href":"https:\/\/www.bazarmerlin.com\/inicio\/wp-json\/wp\/v2\/product\/8590"}],"collection":[{"href":"https:\/\/www.bazarmerlin.com\/inicio\/wp-json\/wp\/v2\/product"}],"about":[{"href":"https:\/\/www.bazarmerlin.com\/inicio\/wp-json\/wp\/v2\/types\/product"}],"wp:featuredmedia":[{"embeddable":true,"href":"https:\/\/www.bazarmerlin.com\/inicio\/wp-json\/wp\/v2\/media\/8591"}],"wp:attachment":[{"href":"https:\/\/www.bazarmerlin.com\/inicio\/wp-json\/wp\/v2\/media?parent=8590"}],"wp:term":[{"taxonomy":"product_cat","embeddable":true,"href":"https:\/\/www.bazarmerlin.com\/inicio\/wp-json\/wp\/v2\/product_cat?post=8590"},{"taxonomy":"product_tag","embeddable":true,"href":"https:\/\/www.bazarmerlin.com\/inicio\/wp-json\/wp\/v2\/product_tag?post=8590"}],"curies":[{"name":"wp","href":"https:\/\/api.w.org\/{rel}","templated":true}]}}