{"id":8624,"date":"2022-05-18T23:18:21","date_gmt":"2022-05-18T23:18:21","guid":{"rendered":"https:\/\/www.bazarmerlin.com\/inicio\/?post_type=product&#038;p=8624"},"modified":"2022-10-19T23:53:59","modified_gmt":"2022-10-19T23:53:59","slug":"oraculo-cristales-y-angeles-44-cartas-y-libro-doreen-virtue","status":"publish","type":"product","link":"https:\/\/www.bazarmerlin.com\/inicio\/producto\/oraculo-cristales-y-angeles-44-cartas-y-libro-doreen-virtue\/","title":{"rendered":"Or\u00e1culo Cristales Y \u00c1ngeles 44 Cartas Y Libro Doreen Virtue"},"content":{"rendered":"<p><strong>ORACULO CRISTALES Y \u00c1NGELES<\/strong><br \/>\n<strong>LIBRO GUIA Y 44 CARTAS<\/strong><\/p>\n<p>&nbsp;<\/p>\n<p>DOREEN VIRTUE<\/p>\n<p>Los \u00e1ngeles y los cristales son, ambos, regalos que nos hace Dios para ayudarnos a llevar una vida m\u00e1s sana y feliz. Los \u00e1ngeles son poderosos mensajeros de la energ\u00eda pura del amor divino, mientras que los cristales act\u00faan como maravillosos amplificadores energ\u00e9ticos. Cuando los cristales se combinan con los \u00e1ngeles, el amor divino se magnifica para bien de todos nosotros.<\/p>\n<p>Con Cristales y \u00c1ngeles, Doreen Virtue nos acerca la energ\u00eda amorosa y los mensajes positivos de 44 tipos de cristales. Las cartas muestran ilustraciones de inspiraci\u00f3n celestial del artista Marius Michael-George, y el libro gu\u00eda ense\u00f1a a realizar lecturas precisas, adem\u00e1s de ofrecer significados adicionales de cada carta que permiten descubrir revelaciones y contemplaciones m\u00e1s profundas<\/p>\n<p>&nbsp;<\/p>\n<p>&nbsp;<\/p>\n<p><strong>BAZAR MERLIN<\/strong><br \/>\n<strong>El Lugar M\u00e1s M\u00edstico de Guadalajara<\/strong><br \/>\n<strong>ENVIAMOS A TODO M\u00c9XICO<\/strong><\/p>\n<!-- AddThis Advanced Settings generic via filter on the_content --><!-- AddThis Share Buttons generic via filter on the_content -->","protected":false},"excerpt":{"rendered":"<p>ORACULO CRISTALES Y \u00c1NGELES LIBRO GUIA Y 44 CARTAS &nbsp; DOREEN VIRTUE Los \u00e1ngeles y los cristales son, ambos, regalos que nos hace Dios para ayudarnos a llevar una vida m\u00e1s sana y feliz. Los \u00e1ngeles son poderosos mensajeros de la energ\u00eda pura del amor divino, mientras que los cristales act\u00faan como maravillosos amplificadores energ\u00e9ticos.&hellip;<!-- AddThis Advanced Settings generic via filter on get_the_excerpt --><!-- AddThis Share Buttons generic via filter on get_the_excerpt --><\/p>\n","protected":false},"featured_media":10437,"template":"","meta":[],"product_cat":[15],"product_tag":[1872],"_links":{"self":[{"href":"https:\/\/www.bazarmerlin.com\/inicio\/wp-json\/wp\/v2\/product\/8624"}],"collection":[{"href":"https:\/\/www.bazarmerlin.com\/inicio\/wp-json\/wp\/v2\/product"}],"about":[{"href":"https:\/\/www.bazarmerlin.com\/inicio\/wp-json\/wp\/v2\/types\/product"}],"wp:featuredmedia":[{"embeddable":true,"href":"https:\/\/www.bazarmerlin.com\/inicio\/wp-json\/wp\/v2\/media\/10437"}],"wp:attachment":[{"href":"https:\/\/www.bazarmerlin.com\/inicio\/wp-json\/wp\/v2\/media?parent=8624"}],"wp:term":[{"taxonomy":"product_cat","embeddable":true,"href":"https:\/\/www.bazarmerlin.com\/inicio\/wp-json\/wp\/v2\/product_cat?post=8624"},{"taxonomy":"product_tag","embeddable":true,"href":"https:\/\/www.bazarmerlin.com\/inicio\/wp-json\/wp\/v2\/product_tag?post=8624"}],"curies":[{"name":"wp","href":"https:\/\/api.w.org\/{rel}","templated":true}]}}