{"id":8648,"date":"2022-05-19T19:29:13","date_gmt":"2022-05-19T19:29:13","guid":{"rendered":"https:\/\/www.bazarmerlin.com\/inicio\/?post_type=product&#038;p=8648"},"modified":"2022-06-08T23:42:35","modified_gmt":"2022-06-08T23:42:35","slug":"incienso-congo-salud-prosperidad-y-armonia","status":"publish","type":"product","link":"https:\/\/www.bazarmerlin.com\/inicio\/producto\/incienso-congo-salud-prosperidad-y-armonia\/","title":{"rendered":"Incienso Congo &#8211; Salud, Prosperidad Y Armon\u00eda"},"content":{"rendered":"<p><strong>INCIENSO EN POLVO PARA PROTECCI\u00d3N, PROSPERIDAD, ARMON\u00cdA, SALUD.<\/strong><\/p>\n<p>&nbsp;<\/p>\n<p>para curar a personas que padecen de alg\u00fan mal desconocido, con demostraciones de violencia, histeria y excesos de ira, trastornos mentales s\u00edntomas de locura, risa o llanto incontrolable. vicios y posicionamientos diab\u00f3licos<\/p>\n<p>Para usarse en rituales de santer\u00eda y budu, curaciones m\u00e1gicas espirituales,<br \/>\nlimpias y despojos.<\/p>\n<p>&nbsp;<\/p>\n<p>&nbsp;<\/p>\n<p><strong>BAZAR MERLIN<\/strong><br \/>\n<strong>El Lugar M\u00e1s M\u00edstico de Guadalajara<\/strong><br \/>\n<strong>ENVIAMOS A TODO M\u00c9XICO&#8230;<\/strong><\/p>\n<!-- AddThis Advanced Settings generic via filter on the_content --><!-- AddThis Share Buttons generic via filter on the_content -->","protected":false},"excerpt":{"rendered":"<p>INCIENSO EN POLVO PARA PROTECCI\u00d3N, PROSPERIDAD, ARMON\u00cdA, SALUD. &nbsp; para curar a personas que padecen de alg\u00fan mal desconocido, con demostraciones de violencia, histeria y excesos de ira, trastornos mentales s\u00edntomas de locura, risa o llanto incontrolable. vicios y posicionamientos diab\u00f3licos Para usarse en rituales de santer\u00eda y budu, curaciones m\u00e1gicas espirituales, limpias y despojos.&hellip;<!-- AddThis Advanced Settings generic via filter on get_the_excerpt --><!-- AddThis Share Buttons generic via filter on get_the_excerpt --><\/p>\n","protected":false},"featured_media":8649,"template":"","meta":[],"product_cat":[14],"product_tag":[1879,1880,265],"_links":{"self":[{"href":"https:\/\/www.bazarmerlin.com\/inicio\/wp-json\/wp\/v2\/product\/8648"}],"collection":[{"href":"https:\/\/www.bazarmerlin.com\/inicio\/wp-json\/wp\/v2\/product"}],"about":[{"href":"https:\/\/www.bazarmerlin.com\/inicio\/wp-json\/wp\/v2\/types\/product"}],"wp:featuredmedia":[{"embeddable":true,"href":"https:\/\/www.bazarmerlin.com\/inicio\/wp-json\/wp\/v2\/media\/8649"}],"wp:attachment":[{"href":"https:\/\/www.bazarmerlin.com\/inicio\/wp-json\/wp\/v2\/media?parent=8648"}],"wp:term":[{"taxonomy":"product_cat","embeddable":true,"href":"https:\/\/www.bazarmerlin.com\/inicio\/wp-json\/wp\/v2\/product_cat?post=8648"},{"taxonomy":"product_tag","embeddable":true,"href":"https:\/\/www.bazarmerlin.com\/inicio\/wp-json\/wp\/v2\/product_tag?post=8648"}],"curies":[{"name":"wp","href":"https:\/\/api.w.org\/{rel}","templated":true}]}}