{"id":8665,"date":"2022-05-19T22:47:36","date_gmt":"2022-05-19T22:47:36","guid":{"rendered":"https:\/\/www.bazarmerlin.com\/inicio\/?post_type=product&#038;p=8665"},"modified":"2022-10-19T23:36:00","modified_gmt":"2022-10-19T23:36:00","slug":"mudras-para-cuerpo-mente-y-espiritu-libro-y-68-cartas-2","status":"publish","type":"product","link":"https:\/\/www.bazarmerlin.com\/inicio\/producto\/mudras-para-cuerpo-mente-y-espiritu-libro-y-68-cartas-2\/","title":{"rendered":"Mudras Para Cuerpo, Mente Y Esp\u00edritu &#8211; Libro Y 68 Cartas"},"content":{"rendered":"<p><strong>MUDRAS PARA CUERPO MENTE Y ESP\u00cdRITU + 68 CARTAS DE MUDRAS<\/strong><\/p>\n<p>&nbsp;<\/p>\n<p>\u2022 aliviar el dolor f\u00edsico,<br \/>\n\u2022 mitigar el estr\u00e9s,<br \/>\n\u2022 avivar la mente,<br \/>\n\u2022 el equilibrio mental y emocional,<br \/>\n\u2022 el desarrollo espiritual,<\/p>\n<p>Los mudras son ejercicios en los que los dedos y las manos adoptan posturas especiales que transforman nuestras extremidades en verdaderos \u00abcentros energ\u00e9ticos\u00bb.<\/p>\n<p>Se corresponden con los ejercicios de yoga m\u00e1s conocidos y, al igual que ellos, ayudan a fortalecer el flujo de la energ\u00eda vital en cuesti\u00f3n de minutos. De hecho, ejercen un efecto vigorizante a todos los niveles y ayudan a reducir el estr\u00e9s.<\/p>\n<p>&nbsp;<\/p>\n<p><strong>BAZAR MERLIN<\/strong><br \/>\n<strong>El Lugar M\u00e1s M\u00edstico de Guadalajara<\/strong><br \/>\n<strong>ENVIAMOS A TODO M\u00c9XICO&#8230;<\/strong><\/p>\n<!-- AddThis Advanced Settings generic via filter on the_content --><!-- AddThis Share Buttons generic via filter on the_content -->","protected":false},"excerpt":{"rendered":"<p>MUDRAS PARA CUERPO MENTE Y ESP\u00cdRITU + 68 CARTAS DE MUDRAS &nbsp; \u2022 aliviar el dolor f\u00edsico, \u2022 mitigar el estr\u00e9s, \u2022 avivar la mente, \u2022 el equilibrio mental y emocional, \u2022 el desarrollo espiritual, Los mudras son ejercicios en los que los dedos y las manos adoptan posturas especiales que transforman nuestras extremidades en&hellip;<!-- AddThis Advanced Settings generic via filter on get_the_excerpt --><!-- AddThis Share Buttons generic via filter on get_the_excerpt --><\/p>\n","protected":false},"featured_media":10427,"template":"","meta":[],"product_cat":[15],"product_tag":[1887,1886,1885],"_links":{"self":[{"href":"https:\/\/www.bazarmerlin.com\/inicio\/wp-json\/wp\/v2\/product\/8665"}],"collection":[{"href":"https:\/\/www.bazarmerlin.com\/inicio\/wp-json\/wp\/v2\/product"}],"about":[{"href":"https:\/\/www.bazarmerlin.com\/inicio\/wp-json\/wp\/v2\/types\/product"}],"wp:featuredmedia":[{"embeddable":true,"href":"https:\/\/www.bazarmerlin.com\/inicio\/wp-json\/wp\/v2\/media\/10427"}],"wp:attachment":[{"href":"https:\/\/www.bazarmerlin.com\/inicio\/wp-json\/wp\/v2\/media?parent=8665"}],"wp:term":[{"taxonomy":"product_cat","embeddable":true,"href":"https:\/\/www.bazarmerlin.com\/inicio\/wp-json\/wp\/v2\/product_cat?post=8665"},{"taxonomy":"product_tag","embeddable":true,"href":"https:\/\/www.bazarmerlin.com\/inicio\/wp-json\/wp\/v2\/product_tag?post=8665"}],"curies":[{"name":"wp","href":"https:\/\/api.w.org\/{rel}","templated":true}]}}