{"id":8680,"date":"2022-05-20T17:36:43","date_gmt":"2022-05-20T17:36:43","guid":{"rendered":"https:\/\/www.bazarmerlin.com\/inicio\/?post_type=product&#038;p=8680"},"modified":"2022-09-26T23:24:49","modified_gmt":"2022-09-26T23:24:49","slug":"7-banos-espirituales-arrasa-todo-el-mal-brujerias-y-envidias","status":"publish","type":"product","link":"https:\/\/www.bazarmerlin.com\/inicio\/producto\/7-banos-espirituales-arrasa-todo-el-mal-brujerias-y-envidias\/","title":{"rendered":"7 Ba\u00f1os Espirituales Arrasa Todo El Mal Brujer\u00edas Y Envidias"},"content":{"rendered":"<div class=\"ui-pdp-container__row ui-pdp-container__row--description\">\n<div class=\"ui-pdp-description\">\n<p class=\"ui-pdp-description__content\"><strong>7 Ba\u00f1os Espirituales Arrasa Todo<\/strong><\/p>\n<p>&nbsp;<\/p>\n<p>Un Aceite de LIMPIA para cada d\u00eda de la semana<\/p>\n<p>Estos Ba\u00f1os Espirituales Son Para Cientos De Prop\u00f3sito Que Tengas En La Vida, Aqu\u00ed Encontraras Los M\u00e1s Usados Por D\u00e9cadas Por Los Conocedores.<\/p>\n<p>Los Maestros De Lo Esot\u00e9rico Utilizan Estos Ba\u00f1os Para Hacer Limpias, Para Despojar,<br \/>\nPara Energ\u00e9tica, Traer Buenas Vibras, Alejar Esp\u00edritus O Energ\u00edas Obscuras,<br \/>\nObtener \u00c9xitos, Prosperidad, Salud Y Cientos De Prop\u00f3sitos Mas.<\/p>\n<p>Ahora Usted Podr\u00e1 Hacerse Sus Ba\u00f1os Con Dichos Prop\u00f3sito Desde La Privacidad De Su Hogar<\/p>\n<\/div>\n<\/div>\n<p>&nbsp;<\/p>\n<p>&nbsp;<\/p>\n<div class=\"ui-pdp-container__row ui-pdp-container__row--description\">\n<div class=\"ui-pdp-description\">\n<p><strong>BAZAR MERLIN\u00ae<\/strong><br \/>\n<strong>El Lugar M\u00e1s M\u00edstico de Guadalajara<\/strong><br \/>\n<strong>ENVIAMOS A TODO M\u00c9XICO&#8230;<\/strong><\/p>\n<\/div>\n<\/div>\n<!-- AddThis Advanced Settings generic via filter on the_content --><!-- AddThis Share Buttons generic via filter on the_content -->","protected":false},"excerpt":{"rendered":"<p>7 Ba\u00f1os Espirituales Arrasa Todo &nbsp; Un Aceite de LIMPIA para cada d\u00eda de la semana Estos Ba\u00f1os Espirituales Son Para Cientos De Prop\u00f3sito Que Tengas En La Vida, Aqu\u00ed Encontraras Los M\u00e1s Usados Por D\u00e9cadas Por Los Conocedores. Los Maestros De Lo Esot\u00e9rico Utilizan Estos Ba\u00f1os Para Hacer Limpias, Para Despojar, Para Energ\u00e9tica, Traer&hellip;<!-- AddThis Advanced Settings generic via filter on get_the_excerpt --><!-- AddThis Share Buttons generic via filter on get_the_excerpt --><\/p>\n","protected":false},"featured_media":10111,"template":"","meta":[],"product_cat":[14],"product_tag":[1895],"_links":{"self":[{"href":"https:\/\/www.bazarmerlin.com\/inicio\/wp-json\/wp\/v2\/product\/8680"}],"collection":[{"href":"https:\/\/www.bazarmerlin.com\/inicio\/wp-json\/wp\/v2\/product"}],"about":[{"href":"https:\/\/www.bazarmerlin.com\/inicio\/wp-json\/wp\/v2\/types\/product"}],"wp:featuredmedia":[{"embeddable":true,"href":"https:\/\/www.bazarmerlin.com\/inicio\/wp-json\/wp\/v2\/media\/10111"}],"wp:attachment":[{"href":"https:\/\/www.bazarmerlin.com\/inicio\/wp-json\/wp\/v2\/media?parent=8680"}],"wp:term":[{"taxonomy":"product_cat","embeddable":true,"href":"https:\/\/www.bazarmerlin.com\/inicio\/wp-json\/wp\/v2\/product_cat?post=8680"},{"taxonomy":"product_tag","embeddable":true,"href":"https:\/\/www.bazarmerlin.com\/inicio\/wp-json\/wp\/v2\/product_tag?post=8680"}],"curies":[{"name":"wp","href":"https:\/\/api.w.org\/{rel}","templated":true}]}}