{"id":8727,"date":"2022-05-20T22:42:37","date_gmt":"2022-05-20T22:42:37","guid":{"rendered":"https:\/\/www.bazarmerlin.com\/inicio\/?post_type=product&#038;p=8727"},"modified":"2022-06-08T23:42:37","modified_gmt":"2022-06-08T23:42:37","slug":"velon-o-cirio-rojo-para-el-amor-1-kilo","status":"publish","type":"product","link":"https:\/\/www.bazarmerlin.com\/inicio\/producto\/velon-o-cirio-rojo-para-el-amor-1-kilo\/","title":{"rendered":"Velon O Cirio Rojo Para El Amor &#8211; 1 Kilo"},"content":{"rendered":"<p><strong>VEL\u00d3N ROJO PARA EL AMOR<\/strong><br \/>\n<strong>1 KILO<\/strong><\/p>\n<p>&nbsp;<\/p>\n<p>El color rojo ha sido utilizado, tradicionalmente, para todo tipo de ceremonias y rituales relacionados con el amor. El rojo es el color del coraz\u00f3n, del \u00f3rgano que da vida. Una vela de este color apelar\u00e1 a todo lo vinculado con la salud y la fortaleza f\u00edsica.<\/p>\n<p>&nbsp;<\/p>\n<p>&nbsp;<\/p>\n<p><strong>BAZAR MERL\u00cdN<\/strong><br \/>\n<strong>El Lugar M\u00e1s M\u00edstico de Guadalajara<\/strong><br \/>\n<strong>ENVIAMOS A TODO M\u00c9XICO&#8230;<\/strong><\/p>\n<!-- AddThis Advanced Settings generic via filter on the_content --><!-- AddThis Share Buttons generic via filter on the_content -->","protected":false},"excerpt":{"rendered":"<p>VEL\u00d3N ROJO PARA EL AMOR 1 KILO &nbsp; El color rojo ha sido utilizado, tradicionalmente, para todo tipo de ceremonias y rituales relacionados con el amor. El rojo es el color del coraz\u00f3n, del \u00f3rgano que da vida. Una vela de este color apelar\u00e1 a todo lo vinculado con la salud y la fortaleza f\u00edsica.&hellip;<!-- AddThis Advanced Settings generic via filter on get_the_excerpt --><!-- AddThis Share Buttons generic via filter on get_the_excerpt --><\/p>\n","protected":false},"featured_media":8728,"template":"","meta":[],"product_cat":[19],"product_tag":[1919],"_links":{"self":[{"href":"https:\/\/www.bazarmerlin.com\/inicio\/wp-json\/wp\/v2\/product\/8727"}],"collection":[{"href":"https:\/\/www.bazarmerlin.com\/inicio\/wp-json\/wp\/v2\/product"}],"about":[{"href":"https:\/\/www.bazarmerlin.com\/inicio\/wp-json\/wp\/v2\/types\/product"}],"wp:featuredmedia":[{"embeddable":true,"href":"https:\/\/www.bazarmerlin.com\/inicio\/wp-json\/wp\/v2\/media\/8728"}],"wp:attachment":[{"href":"https:\/\/www.bazarmerlin.com\/inicio\/wp-json\/wp\/v2\/media?parent=8727"}],"wp:term":[{"taxonomy":"product_cat","embeddable":true,"href":"https:\/\/www.bazarmerlin.com\/inicio\/wp-json\/wp\/v2\/product_cat?post=8727"},{"taxonomy":"product_tag","embeddable":true,"href":"https:\/\/www.bazarmerlin.com\/inicio\/wp-json\/wp\/v2\/product_tag?post=8727"}],"curies":[{"name":"wp","href":"https:\/\/api.w.org\/{rel}","templated":true}]}}