{"id":8757,"date":"2022-05-23T17:32:11","date_gmt":"2022-05-23T17:32:11","guid":{"rendered":"https:\/\/www.bazarmerlin.com\/inicio\/?post_type=product&#038;p=8757"},"modified":"2022-06-08T23:42:38","modified_gmt":"2022-06-08T23:42:38","slug":"talisman-egipcio-proteccion-y-buena-suerte-en-todo","status":"publish","type":"product","link":"https:\/\/www.bazarmerlin.com\/inicio\/producto\/talisman-egipcio-proteccion-y-buena-suerte-en-todo\/","title":{"rendered":"Talism\u00e1n Egipcio Protecci\u00f3n Y Buena Suerte En Todo"},"content":{"rendered":"<p><strong>TALISM\u00c1N EGIPCIO PROTECCI\u00d3N Y BUENA SUERTE<\/strong><br \/>\n<strong>REFORZADO CON PENTAGRAMA PARA UNA MAYOR PROTECCI\u00d3N<\/strong><\/p>\n<p>&nbsp;<\/p>\n<p>La Cruz Ansada, Junto con el ojo de Udjat. La estrella y el Anubis, componen la trilog\u00eda de amuleto m\u00e1s caracter\u00edsticos del antiguo Egipto.<\/p>\n<p>Su imagen es similar a la cruz cristiana; varia la parte superior, que presenta una forma ovalada a modo de argolla o asa.<\/p>\n<p>Los egipcios consideraban a esta cruz como el s\u00edmbolos de la vida, y era uno de los principales atributos de la diosa Isis, que fue que consigui\u00f3 devolver de la vida a su esposo y hermano Osiris.<\/p>\n<p>Anqu\u00e9 en realidad la mayor\u00eda de los dioses, en su calidad de inmortales, la llevan.<\/p>\n<p>&nbsp;<\/p>\n<p><strong>BAZAR MERLIN<\/strong><br \/>\n<strong>El Lugar M\u00e1s M\u00edstico de Guadalajara<\/strong><br \/>\n<strong>ENVIAMOS A TODO M\u00c9XICO&#8230;<\/strong><\/p>\n<!-- AddThis Advanced Settings generic via filter on the_content --><!-- AddThis Share Buttons generic via filter on the_content -->","protected":false},"excerpt":{"rendered":"<p>TALISM\u00c1N EGIPCIO PROTECCI\u00d3N Y BUENA SUERTE REFORZADO CON PENTAGRAMA PARA UNA MAYOR PROTECCI\u00d3N &nbsp; La Cruz Ansada, Junto con el ojo de Udjat. La estrella y el Anubis, componen la trilog\u00eda de amuleto m\u00e1s caracter\u00edsticos del antiguo Egipto. Su imagen es similar a la cruz cristiana; varia la parte superior, que presenta una forma ovalada&hellip;<!-- AddThis Advanced Settings generic via filter on get_the_excerpt --><!-- AddThis Share Buttons generic via filter on get_the_excerpt --><\/p>\n","protected":false},"featured_media":8758,"template":"","meta":[],"product_cat":[12],"product_tag":[1939],"_links":{"self":[{"href":"https:\/\/www.bazarmerlin.com\/inicio\/wp-json\/wp\/v2\/product\/8757"}],"collection":[{"href":"https:\/\/www.bazarmerlin.com\/inicio\/wp-json\/wp\/v2\/product"}],"about":[{"href":"https:\/\/www.bazarmerlin.com\/inicio\/wp-json\/wp\/v2\/types\/product"}],"wp:featuredmedia":[{"embeddable":true,"href":"https:\/\/www.bazarmerlin.com\/inicio\/wp-json\/wp\/v2\/media\/8758"}],"wp:attachment":[{"href":"https:\/\/www.bazarmerlin.com\/inicio\/wp-json\/wp\/v2\/media?parent=8757"}],"wp:term":[{"taxonomy":"product_cat","embeddable":true,"href":"https:\/\/www.bazarmerlin.com\/inicio\/wp-json\/wp\/v2\/product_cat?post=8757"},{"taxonomy":"product_tag","embeddable":true,"href":"https:\/\/www.bazarmerlin.com\/inicio\/wp-json\/wp\/v2\/product_tag?post=8757"}],"curies":[{"name":"wp","href":"https:\/\/api.w.org\/{rel}","templated":true}]}}