{"id":8779,"date":"2022-05-23T21:58:35","date_gmt":"2022-05-23T21:58:35","guid":{"rendered":"https:\/\/www.bazarmerlin.com\/inicio\/?post_type=product&#038;p=8779"},"modified":"2022-09-26T23:30:46","modified_gmt":"2022-09-26T23:30:46","slug":"aceite-de-odio-para-conseguir-el-enfrentamiento-entre-dos","status":"publish","type":"product","link":"https:\/\/www.bazarmerlin.com\/inicio\/producto\/aceite-de-odio-para-conseguir-el-enfrentamiento-entre-dos\/","title":{"rendered":"Aceite De Odio &#8211; Para Conseguir El Enfrentamiento Entre Dos"},"content":{"rendered":"<p><strong>LEG\u00cdTIMO ACEITE DE ODIO<\/strong><\/p>\n<p>&nbsp;<\/p>\n<p>El ACEITE DE ODIO es un vinagre concentrado utilizado b\u00e1sicamente para enfrentar a dos personas y que no soporten verse o hablarse. Corta la comunicaci\u00f3n y separa fuertemente creando un muro entre ambas.<\/p>\n<p>Utilizar preferiblemente en Luna Decreciente o en Martes, favoreciendo as\u00ed a su regente Marte, Dios de la Guerra y la Lucha nos ampare.<\/p>\n<p>\u00bfC\u00f3mo se usa?<br \/>\nRecordar que el ACEITE DE ODIO, si es para vela o vel\u00f3n, siempre debe untarse desde la mecha hacia la base, de otro modo har\u00eda el efecto contrario.<\/p>\n<p>&nbsp;<\/p>\n<p>&nbsp;<\/p>\n<p><strong>BAZAR MERLIN<\/strong><br \/>\n<strong>El Lugar M\u00e1s M\u00edstico de Guadalajara<\/strong><br \/>\n<strong>ENVIAMOS A TODO M\u00c9XICO&#8230;<\/strong><\/p>\n<!-- AddThis Advanced Settings generic via filter on the_content --><!-- AddThis Share Buttons generic via filter on the_content -->","protected":false},"excerpt":{"rendered":"<p>LEG\u00cdTIMO ACEITE DE ODIO &nbsp; El ACEITE DE ODIO es un vinagre concentrado utilizado b\u00e1sicamente para enfrentar a dos personas y que no soporten verse o hablarse. Corta la comunicaci\u00f3n y separa fuertemente creando un muro entre ambas. Utilizar preferiblemente en Luna Decreciente o en Martes, favoreciendo as\u00ed a su regente Marte, Dios de la&hellip;<!-- AddThis Advanced Settings generic via filter on get_the_excerpt --><!-- AddThis Share Buttons generic via filter on get_the_excerpt --><\/p>\n","protected":false},"featured_media":10115,"template":"","meta":[],"product_cat":[14],"product_tag":[1949,1950],"_links":{"self":[{"href":"https:\/\/www.bazarmerlin.com\/inicio\/wp-json\/wp\/v2\/product\/8779"}],"collection":[{"href":"https:\/\/www.bazarmerlin.com\/inicio\/wp-json\/wp\/v2\/product"}],"about":[{"href":"https:\/\/www.bazarmerlin.com\/inicio\/wp-json\/wp\/v2\/types\/product"}],"wp:featuredmedia":[{"embeddable":true,"href":"https:\/\/www.bazarmerlin.com\/inicio\/wp-json\/wp\/v2\/media\/10115"}],"wp:attachment":[{"href":"https:\/\/www.bazarmerlin.com\/inicio\/wp-json\/wp\/v2\/media?parent=8779"}],"wp:term":[{"taxonomy":"product_cat","embeddable":true,"href":"https:\/\/www.bazarmerlin.com\/inicio\/wp-json\/wp\/v2\/product_cat?post=8779"},{"taxonomy":"product_tag","embeddable":true,"href":"https:\/\/www.bazarmerlin.com\/inicio\/wp-json\/wp\/v2\/product_tag?post=8779"}],"curies":[{"name":"wp","href":"https:\/\/api.w.org\/{rel}","templated":true}]}}