{"id":8800,"date":"2022-05-24T17:47:55","date_gmt":"2022-05-24T17:47:55","guid":{"rendered":"https:\/\/www.bazarmerlin.com\/inicio\/?post_type=product&#038;p=8800"},"modified":"2023-01-04T21:47:55","modified_gmt":"2023-01-04T21:47:55","slug":"kit-de-cuarzos-de-los-7-chakras-unico-en-mercado-libre","status":"publish","type":"product","link":"https:\/\/www.bazarmerlin.com\/inicio\/producto\/kit-de-cuarzos-de-los-7-chakras-unico-en-mercado-libre\/","title":{"rendered":"Kit De Cuarzos De Los 7 Chakras"},"content":{"rendered":"<p><strong>SET CUARZOS O PIEDRAS DE LOS 7 CHAKRAS.<\/strong><\/p>\n<p>&nbsp;<\/p>\n<p>Kit De Siete Chakaras De Cuarzo, Los Chakras Son Centros De Energia Que Giran Con Fuerza Y Distribuyen La Energ\u00cdA Vital Del Universo, Que Fluye Por Los Canales Energeticos Desde Nuestros Cuerpos Sutiles.<\/p>\n<p>Los Chakras Principales Son Siete Y Est\u00c1N Localizados A Lo Largo De Nuestra Columna Vertebral, Esta Energ\u00cdA Nos Da Vitalidad Y Su Equilibrio Puede Regularizar Todas Nuestras Funciones F\u00cdSicas, Mentales Y Espirituales.<\/p>\n<p>&#8211;Este Kit Contiene Lo Siguiente&#8211;<\/p>\n<p>*7 Cuarzos Correspondientes A Cada Chakra.<\/p>\n<p><em><strong>Nota Importante:<\/strong><\/em>La Forma O Colores Pueden Variar Ya Que Son Piedras 100% Naturales.<\/p>\n<p>&nbsp;<\/p>\n<p>&nbsp;<\/p>\n<p><strong>BAZAR MERLIN\u00ae<\/strong><br \/>\n<strong>El Lugar M\u00e1s M\u00edstico de Guadalajara<\/strong><br \/>\n<strong>ENVIAMOS A TODO M\u00c9XICO&#8230;<\/strong><\/p>\n<!-- AddThis Advanced Settings generic via filter on the_content --><!-- AddThis Share Buttons generic via filter on the_content -->","protected":false},"excerpt":{"rendered":"<p>SET CUARZOS O PIEDRAS DE LOS 7 CHAKRAS. &nbsp; Kit De Siete Chakaras De Cuarzo, Los Chakras Son Centros De Energia Que Giran Con Fuerza Y Distribuyen La Energ\u00cdA Vital Del Universo, Que Fluye Por Los Canales Energeticos Desde Nuestros Cuerpos Sutiles. Los Chakras Principales Son Siete Y Est\u00c1N Localizados A Lo Largo De Nuestra&hellip;<!-- AddThis Advanced Settings generic via filter on get_the_excerpt --><!-- AddThis Share Buttons generic via filter on get_the_excerpt --><\/p>\n","protected":false},"featured_media":11343,"template":"","meta":[],"product_cat":[11],"product_tag":[1959],"_links":{"self":[{"href":"https:\/\/www.bazarmerlin.com\/inicio\/wp-json\/wp\/v2\/product\/8800"}],"collection":[{"href":"https:\/\/www.bazarmerlin.com\/inicio\/wp-json\/wp\/v2\/product"}],"about":[{"href":"https:\/\/www.bazarmerlin.com\/inicio\/wp-json\/wp\/v2\/types\/product"}],"wp:featuredmedia":[{"embeddable":true,"href":"https:\/\/www.bazarmerlin.com\/inicio\/wp-json\/wp\/v2\/media\/11343"}],"wp:attachment":[{"href":"https:\/\/www.bazarmerlin.com\/inicio\/wp-json\/wp\/v2\/media?parent=8800"}],"wp:term":[{"taxonomy":"product_cat","embeddable":true,"href":"https:\/\/www.bazarmerlin.com\/inicio\/wp-json\/wp\/v2\/product_cat?post=8800"},{"taxonomy":"product_tag","embeddable":true,"href":"https:\/\/www.bazarmerlin.com\/inicio\/wp-json\/wp\/v2\/product_tag?post=8800"}],"curies":[{"name":"wp","href":"https:\/\/api.w.org\/{rel}","templated":true}]}}