{"id":8933,"date":"2022-05-26T21:45:57","date_gmt":"2022-05-26T21:45:57","guid":{"rendered":"https:\/\/www.bazarmerlin.com\/inicio\/?post_type=product&#038;p=8933"},"modified":"2022-09-28T23:22:05","modified_gmt":"2022-09-28T23:22:05","slug":"aceite-mistico-lluvia-de-dinero","status":"publish","type":"product","link":"https:\/\/www.bazarmerlin.com\/inicio\/producto\/aceite-mistico-lluvia-de-dinero\/","title":{"rendered":"Aceite M\u00edstico Lluvia De Dinero"},"content":{"rendered":"<p><strong>ACEITE LLUVIA DE DINERO<\/strong><\/p>\n<p>&nbsp;<\/p>\n<p>Legitimo aceite lluvia de dinero, \u00fatil para atraer el dinero, fortuna y riqueza y suerte en los negocios as\u00ed como empleos.<\/p>\n<p>Aplicala en tu cuerpo despu\u00e9s del ba\u00f1o diciendo lo siguiente: dinero ven a mi, ven a mi, ven a mi como yo quiero que as\u00ed sea y de mi no te iras jamas.<br \/>\nQue sea que se haga y que se logre por que yo lo mando y h\u00e1gase mi voluntad.<\/p>\n<p>ESPECIAL PARA ATRAER PROSPERIDAD, AMOR, SALUD Y<br \/>\nSUERTE EN TODO&#8230;<\/p>\n<p>ACEITE LLUVIA DE DINERO te ayuda a alcanzar todas tus metas de manera m\u00e1s f\u00e1cil para vez que emprendes cualquier acci\u00f3n para obtener \u00e9xito este jab\u00f3n y la fortuna le ser\u00e1 propicia en todas las actividades de su vida s\u00f3lo tiene que aplicar este ACEITE y decir la oraci\u00f3n de su preferencia para atraer salud, dinero, amor, suerte, felicidad, poder y \u00e9xito.<\/p>\n<p>Frotelo suavemente sobre su cuerpo y repita su oraci\u00f3n o frase favorita<\/p>\n<p>&nbsp;<\/p>\n<p><strong>BAZAR MERL\u00cdN<\/strong><br \/>\n<strong>El Lugar M\u00e1s M\u00edstico de Guadalajara<\/strong><br \/>\n<strong>ENVIAMOS A TODO M\u00c9XICO&#8230;<\/strong><\/p>\n<!-- AddThis Advanced Settings generic via filter on the_content --><!-- AddThis Share Buttons generic via filter on the_content -->","protected":false},"excerpt":{"rendered":"<p>ACEITE LLUVIA DE DINERO &nbsp; Legitimo aceite lluvia de dinero, \u00fatil para atraer el dinero, fortuna y riqueza y suerte en los negocios as\u00ed como empleos. Aplicala en tu cuerpo despu\u00e9s del ba\u00f1o diciendo lo siguiente: dinero ven a mi, ven a mi, ven a mi como yo quiero que as\u00ed sea y de mi&hellip;<!-- AddThis Advanced Settings generic via filter on get_the_excerpt --><!-- AddThis Share Buttons generic via filter on get_the_excerpt --><\/p>\n","protected":false},"featured_media":10158,"template":"","meta":[],"product_cat":[14],"product_tag":[2029],"_links":{"self":[{"href":"https:\/\/www.bazarmerlin.com\/inicio\/wp-json\/wp\/v2\/product\/8933"}],"collection":[{"href":"https:\/\/www.bazarmerlin.com\/inicio\/wp-json\/wp\/v2\/product"}],"about":[{"href":"https:\/\/www.bazarmerlin.com\/inicio\/wp-json\/wp\/v2\/types\/product"}],"wp:featuredmedia":[{"embeddable":true,"href":"https:\/\/www.bazarmerlin.com\/inicio\/wp-json\/wp\/v2\/media\/10158"}],"wp:attachment":[{"href":"https:\/\/www.bazarmerlin.com\/inicio\/wp-json\/wp\/v2\/media?parent=8933"}],"wp:term":[{"taxonomy":"product_cat","embeddable":true,"href":"https:\/\/www.bazarmerlin.com\/inicio\/wp-json\/wp\/v2\/product_cat?post=8933"},{"taxonomy":"product_tag","embeddable":true,"href":"https:\/\/www.bazarmerlin.com\/inicio\/wp-json\/wp\/v2\/product_tag?post=8933"}],"curies":[{"name":"wp","href":"https:\/\/api.w.org\/{rel}","templated":true}]}}