{"id":8943,"date":"2022-05-26T22:27:45","date_gmt":"2022-05-26T22:27:45","guid":{"rendered":"https:\/\/www.bazarmerlin.com\/inicio\/?post_type=product&#038;p=8943"},"modified":"2022-06-08T23:42:42","modified_gmt":"2022-06-08T23:42:42","slug":"perfume-nido-del-pajaro-macua-proteccion","status":"publish","type":"product","link":"https:\/\/www.bazarmerlin.com\/inicio\/producto\/perfume-nido-del-pajaro-macua-proteccion\/","title":{"rendered":"Perfume Nido Del P\u00e1jaro Macua &#8211; Protecci\u00f3n"},"content":{"rendered":"<p><strong>PERFUME NATURAL &#8211; P\u00c1JARO MACUA<\/strong><\/p>\n<p>Excelente combinaci\u00f3n de Aceites esenciales y Flores especiales creando un producto que lo protege de las personas que lo envidian y poder librarse de brujer\u00edas y hechizos.<\/p>\n<p>Los poderosos extractos son utilizados desde la antig\u00fcedad para acercar el amor, el dinero, para abrir caminos, para protegerse, rechazar envidias, conquistar a la persona amada\u2026<\/p>\n<p>Se utiliza de forma regular siendo su objetivo es atraer a nuestras vidas las buenas vibraciones del amor, la fortuna y la suerte.<\/p>\n<p>&nbsp;<\/p>\n<p>&nbsp;<\/p>\n<p><strong>BAZAR MERLIN<\/strong><br \/>\n<strong>El Lugar M\u00e1s M\u00edstico de Guadalajara<\/strong><br \/>\n<strong>ENVIAMOS A TODO M\u00c9XICO&#8230;<\/strong><\/p>\n<!-- AddThis Advanced Settings generic via filter on the_content --><!-- AddThis Share Buttons generic via filter on the_content -->","protected":false},"excerpt":{"rendered":"<p>PERFUME NATURAL &#8211; P\u00c1JARO MACUA Excelente combinaci\u00f3n de Aceites esenciales y Flores especiales creando un producto que lo protege de las personas que lo envidian y poder librarse de brujer\u00edas y hechizos. Los poderosos extractos son utilizados desde la antig\u00fcedad para acercar el amor, el dinero, para abrir caminos, para protegerse, rechazar envidias, conquistar a&hellip;<!-- AddThis Advanced Settings generic via filter on get_the_excerpt --><!-- AddThis Share Buttons generic via filter on get_the_excerpt --><\/p>\n","protected":false},"featured_media":8944,"template":"","meta":[],"product_cat":[14],"product_tag":[2033,57],"_links":{"self":[{"href":"https:\/\/www.bazarmerlin.com\/inicio\/wp-json\/wp\/v2\/product\/8943"}],"collection":[{"href":"https:\/\/www.bazarmerlin.com\/inicio\/wp-json\/wp\/v2\/product"}],"about":[{"href":"https:\/\/www.bazarmerlin.com\/inicio\/wp-json\/wp\/v2\/types\/product"}],"wp:featuredmedia":[{"embeddable":true,"href":"https:\/\/www.bazarmerlin.com\/inicio\/wp-json\/wp\/v2\/media\/8944"}],"wp:attachment":[{"href":"https:\/\/www.bazarmerlin.com\/inicio\/wp-json\/wp\/v2\/media?parent=8943"}],"wp:term":[{"taxonomy":"product_cat","embeddable":true,"href":"https:\/\/www.bazarmerlin.com\/inicio\/wp-json\/wp\/v2\/product_cat?post=8943"},{"taxonomy":"product_tag","embeddable":true,"href":"https:\/\/www.bazarmerlin.com\/inicio\/wp-json\/wp\/v2\/product_tag?post=8943"}],"curies":[{"name":"wp","href":"https:\/\/api.w.org\/{rel}","templated":true}]}}