{"id":8991,"date":"2022-05-27T21:33:47","date_gmt":"2022-05-27T21:33:47","guid":{"rendered":"https:\/\/www.bazarmerlin.com\/inicio\/?post_type=product&#038;p=8991"},"modified":"2022-10-18T20:40:17","modified_gmt":"2022-10-18T20:40:17","slug":"baraja-gitana-48-cartas-para-adivinacion","status":"publish","type":"product","link":"https:\/\/www.bazarmerlin.com\/inicio\/producto\/baraja-gitana-48-cartas-para-adivinacion\/","title":{"rendered":"Baraja Gitana 48 Cartas Para Adivinaci\u00f3n"},"content":{"rendered":"<p><strong>BARAJA GITANA DE 48 CARTAS\u00a0<\/strong><\/p>\n<p>Especial Para Adivinaci\u00f3n<\/p>\n<p>Baraja Gitana: IDEAL PARA ADIVINACI\u00d3N por sus 48 cartas, aprender\u00e1s de manera f\u00e1cil y r\u00e1pida a interpretar una tirada de baraja a\u00fan si eres principiante, esta baraja te guiara con el significado de cada carta, facilitando su interpretaci\u00f3n cada carta.<br \/>\nCONVI\u00c9RTETE EN UN EXPERTO EN LAS LECTURAS DE CARTAS.<\/p>\n<p>&#8211;CALIDAD DE EXPORTACI\u00d3N&#8211;<\/p>\n<p>NOTA IMPORTANTE: EL COLOR Y TERMINADO PUEDE VARIAR UN POCO, PRODUCTO NACIONAL Y ORIGINAL<\/p>\n<p>&nbsp;<\/p>\n<p>&nbsp;<\/p>\n<p><strong>BAZAR MERLIN<\/strong><br \/>\n<strong>El Lugar M\u00e1s M\u00edstico de Guadalajara<\/strong><br \/>\n<strong>ENVIAMOS A TODO M\u00c9XICO&#8230;<\/strong><\/p>\n<!-- AddThis Advanced Settings generic via filter on the_content --><!-- AddThis Share Buttons generic via filter on the_content -->","protected":false},"excerpt":{"rendered":"<p>BARAJA GITANA DE 48 CARTAS\u00a0 Especial Para Adivinaci\u00f3n Baraja Gitana: IDEAL PARA ADIVINACI\u00d3N por sus 48 cartas, aprender\u00e1s de manera f\u00e1cil y r\u00e1pida a interpretar una tirada de baraja a\u00fan si eres principiante, esta baraja te guiara con el significado de cada carta, facilitando su interpretaci\u00f3n cada carta. CONVI\u00c9RTETE EN UN EXPERTO EN LAS LECTURAS&hellip;<!-- AddThis Advanced Settings generic via filter on get_the_excerpt --><!-- AddThis Share Buttons generic via filter on get_the_excerpt --><\/p>\n","protected":false},"featured_media":10389,"template":"","meta":[],"product_cat":[15],"product_tag":[2063],"_links":{"self":[{"href":"https:\/\/www.bazarmerlin.com\/inicio\/wp-json\/wp\/v2\/product\/8991"}],"collection":[{"href":"https:\/\/www.bazarmerlin.com\/inicio\/wp-json\/wp\/v2\/product"}],"about":[{"href":"https:\/\/www.bazarmerlin.com\/inicio\/wp-json\/wp\/v2\/types\/product"}],"wp:featuredmedia":[{"embeddable":true,"href":"https:\/\/www.bazarmerlin.com\/inicio\/wp-json\/wp\/v2\/media\/10389"}],"wp:attachment":[{"href":"https:\/\/www.bazarmerlin.com\/inicio\/wp-json\/wp\/v2\/media?parent=8991"}],"wp:term":[{"taxonomy":"product_cat","embeddable":true,"href":"https:\/\/www.bazarmerlin.com\/inicio\/wp-json\/wp\/v2\/product_cat?post=8991"},{"taxonomy":"product_tag","embeddable":true,"href":"https:\/\/www.bazarmerlin.com\/inicio\/wp-json\/wp\/v2\/product_tag?post=8991"}],"curies":[{"name":"wp","href":"https:\/\/api.w.org\/{rel}","templated":true}]}}